| Back to Multiple platform build/check report for BioC 3.18: simplified long |
|
This page was generated on 2024-04-17 11:36:24 -0400 (Wed, 17 Apr 2024).
| Hostname | OS | Arch (*) | R version | Installed pkgs |
|---|---|---|---|---|
| nebbiolo2 | Linux (Ubuntu 22.04.3 LTS) | x86_64 | 4.3.3 (2024-02-29) -- "Angel Food Cake" | 4676 |
| palomino4 | Windows Server 2022 Datacenter | x64 | 4.3.3 (2024-02-29 ucrt) -- "Angel Food Cake" | 4414 |
| merida1 | macOS 12.7.1 Monterey | x86_64 | 4.3.3 (2024-02-29) -- "Angel Food Cake" | 4437 |
| Click on any hostname to see more info about the system (e.g. compilers) (*) as reported by 'uname -p', except on Windows and Mac OS X | ||||
| Package 1988/2266 | Hostname | OS / Arch | INSTALL | BUILD | CHECK | BUILD BIN | ||||||||
John Marioni
| nebbiolo2 | Linux (Ubuntu 22.04.3 LTS) / x86_64 | OK | OK | WARNINGS | |||||||||
| palomino4 | Windows Server 2022 Datacenter / x64 | OK | OK | WARNINGS | OK | |||||||||
| merida1 | macOS 12.7.1 Monterey / x86_64 | OK | OK | WARNINGS | OK | |||||||||
| kjohnson1 | macOS 13.6.1 Ventura / arm64 | see weekly results here | ||||||||||||
|
To the developers/maintainers of the snapCGH package: - Allow up to 24 hours (and sometimes 48 hours) for your latest push to git@git.bioconductor.org:packages/snapCGH.git to reflect on this report. See Troubleshooting Build Report for more information. - Use the following Renviron settings to reproduce errors and warnings. - If 'R CMD check' started to fail recently on the Linux builder(s) over a missing dependency, add the missing dependency to 'Suggests:' in your DESCRIPTION file. See Renviron.bioc for more information. |
| Package: snapCGH |
| Version: 1.72.0 |
| Command: /home/biocbuild/bbs-3.18-bioc/R/bin/R CMD check --install=check:snapCGH.install-out.txt --library=/home/biocbuild/bbs-3.18-bioc/R/site-library --timings snapCGH_1.72.0.tar.gz |
| StartedAt: 2024-04-16 04:07:11 -0400 (Tue, 16 Apr 2024) |
| EndedAt: 2024-04-16 04:10:11 -0400 (Tue, 16 Apr 2024) |
| EllapsedTime: 179.6 seconds |
| RetCode: 0 |
| Status: WARNINGS |
| CheckDir: snapCGH.Rcheck |
| Warnings: 1 |
##############################################################################
##############################################################################
###
### Running command:
###
### /home/biocbuild/bbs-3.18-bioc/R/bin/R CMD check --install=check:snapCGH.install-out.txt --library=/home/biocbuild/bbs-3.18-bioc/R/site-library --timings snapCGH_1.72.0.tar.gz
###
##############################################################################
##############################################################################
* using log directory ‘/home/biocbuild/bbs-3.18-bioc/meat/snapCGH.Rcheck’
* using R version 4.3.3 (2024-02-29)
* using platform: x86_64-pc-linux-gnu (64-bit)
* R was compiled by
gcc (Ubuntu 11.4.0-1ubuntu1~22.04) 11.4.0
GNU Fortran (Ubuntu 11.4.0-1ubuntu1~22.04) 11.4.0
* running under: Ubuntu 22.04.4 LTS
* using session charset: UTF-8
* checking for file ‘snapCGH/DESCRIPTION’ ... OK
* this is package ‘snapCGH’ version ‘1.72.0’
* checking package namespace information ... OK
* checking package dependencies ... OK
* checking if this is a source package ... OK
* checking if there is a namespace ... OK
* checking for hidden files and directories ... OK
* checking for portable file names ... OK
* checking for sufficient/correct file permissions ... OK
* checking whether package ‘snapCGH’ can be installed ... WARNING
Found the following significant warnings:
Warning: Package 'snapCGH' is deprecated and will be removed from Bioconductor
See ‘/home/biocbuild/bbs-3.18-bioc/meat/snapCGH.Rcheck/00install.out’ for details.
* used C compiler: ‘gcc (Ubuntu 11.4.0-1ubuntu1~22.04) 11.4.0’
* checking installed package size ... OK
* checking package directory ... OK
* checking ‘build’ directory ... OK
* checking DESCRIPTION meta-information ... OK
* checking top-level files ... OK
* checking for left-over files ... OK
* checking index information ... OK
* checking package subdirectories ... OK
* checking R files for non-ASCII characters ... OK
* checking R files for syntax errors ... OK
* checking whether the package can be loaded ... OK
* checking whether the package can be loaded with stated dependencies ... OK
* checking whether the package can be unloaded cleanly ... OK
* checking whether the namespace can be loaded with stated dependencies ... OK
* checking whether the namespace can be unloaded cleanly ... OK
* checking loading without being on the library search path ... OK
* checking startup messages can be suppressed ... OK
* checking dependencies in R code ... OK
* checking S3 generic/method consistency ... OK
* checking replacement functions ... OK
* checking foreign function calls ... OK
* checking R code for possible problems ... NOTE
heatmapGenome: no visible binding for global variable ‘floor.func’
readPositionalInfo: no visible binding for global variable ‘RGList’
Undefined global functions or variables:
RGList floor.func
* checking Rd files ... NOTE
checkRd: (-1) compareSegmentations.Rd:25: Escaped LaTeX specials: \$
checkRd: (-1) compareSegmentations.Rd:26: Escaped LaTeX specials: \$
checkRd: (-1) plotSegmentedGenome.Rd:37: Escaped LaTeX specials: \$
checkRd: (-1) read.clonesinfo.Rd:15: Escaped LaTeX specials: \$
checkRd: (-1) readPositionalInfo.Rd:7: Escaped LaTeX specials: \$
* checking Rd metadata ... OK
* checking Rd cross-references ... OK
* checking for missing documentation entries ... OK
* checking for code/documentation mismatches ... OK
* checking Rd \usage sections ... OK
* checking Rd contents ... OK
* checking for unstated dependencies in examples ... OK
* checking line endings in C/C++/Fortran sources/headers ... OK
* checking compiled code ... NOTE
Note: information on .o files is not available
* checking files in ‘vignettes’ ... OK
* checking examples ... OK
* checking for unstated dependencies in vignettes ... OK
* checking package vignettes in ‘inst/doc’ ... OK
* checking running R code from vignettes ...
‘snapCGHguide.Rnw’... OK
OK
* checking re-building of vignette outputs ... OK
* checking PDF version of manual ... OK
* DONE
Status: 1 WARNING, 3 NOTEs
See
‘/home/biocbuild/bbs-3.18-bioc/meat/snapCGH.Rcheck/00check.log’
for details.
snapCGH.Rcheck/00install.out
##############################################################################
##############################################################################
###
### Running command:
###
### /home/biocbuild/bbs-3.18-bioc/R/bin/R CMD INSTALL snapCGH
###
##############################################################################
##############################################################################
* installing to library ‘/home/biocbuild/bbs-3.18-bioc/R/site-library’
* installing *source* package ‘snapCGH’ ...
** using staged installation
** libs
using C compiler: ‘gcc (Ubuntu 11.4.0-1ubuntu1~22.04) 11.4.0’
gcc -I"/home/biocbuild/bbs-3.18-bioc/R/include" -DNDEBUG -I/usr/local/include -fpic -g -O2 -Wall -c optimizer.c -o optimizer.o
optimizer.c: In function ‘fr_two’:
optimizer.c:26:30: warning: unused variable ‘temp3’ [-Wunused-variable]
26 | double denom, temp, temp2, temp3;
| ^~~~~
optimizer.c:26:23: warning: unused variable ‘temp2’ [-Wunused-variable]
26 | double denom, temp, temp2, temp3;
| ^~~~~
optimizer.c:26:10: warning: unused variable ‘denom’ [-Wunused-variable]
26 | double denom, temp, temp2, temp3;
| ^~~~~
optimizer.c: In function ‘fr_three’:
optimizer.c:195:30: warning: unused variable ‘temp3’ [-Wunused-variable]
195 | double denom, temp, temp2, temp3;
| ^~~~~
optimizer.c:195:23: warning: unused variable ‘temp2’ [-Wunused-variable]
195 | double denom, temp, temp2, temp3;
| ^~~~~
optimizer.c:195:10: warning: unused variable ‘denom’ [-Wunused-variable]
195 | double denom, temp, temp2, temp3;
| ^~~~~
optimizer.c:194:69: warning: unused variable ‘alphahat’ [-Wunused-variable]
194 | double gammaA[3][3], gammaB[3][3], gammaC[3][3], alpha[3][nrow1], alphahat[3][nrow1], emis_prob[3][nrow1];
| ^~~~~~~~
optimizer.c: In function ‘fr_four’:
optimizer.c:413:30: warning: unused variable ‘temp3’ [-Wunused-variable]
413 | double denom, temp, temp2, temp3;
| ^~~~~
optimizer.c:413:23: warning: unused variable ‘temp2’ [-Wunused-variable]
413 | double denom, temp, temp2, temp3;
| ^~~~~
optimizer.c:413:10: warning: unused variable ‘denom’ [-Wunused-variable]
413 | double denom, temp, temp2, temp3;
| ^~~~~
optimizer.c:412:69: warning: unused variable ‘alphahat’ [-Wunused-variable]
412 | double gammaA[4][4], gammaB[4][4], gammaC[4][4], alpha[4][nrow1], alphahat[4][nrow1], emis_prob[4][nrow1];
| ^~~~~~~~
optimizer.c: In function ‘fr_five’:
optimizer.c:687:30: warning: unused variable ‘temp3’ [-Wunused-variable]
687 | double denom, temp, temp2, temp3;
| ^~~~~
optimizer.c:687:23: warning: unused variable ‘temp2’ [-Wunused-variable]
687 | double denom, temp, temp2, temp3;
| ^~~~~
optimizer.c:687:10: warning: unused variable ‘denom’ [-Wunused-variable]
687 | double denom, temp, temp2, temp3;
| ^~~~~
optimizer.c:686:69: warning: unused variable ‘alphahat’ [-Wunused-variable]
686 | double gammaA[5][5], gammaB[5][5], gammaC[5][5], alpha[5][nrow1], alphahat[5][nrow1], emis_prob[5][nrow1];
| ^~~~~~~~
gcc -shared -L/home/biocbuild/bbs-3.18-bioc/R/lib -L/usr/local/lib -o snapCGH.so optimizer.o -L/home/biocbuild/bbs-3.18-bioc/R/lib -lR
installing to /home/biocbuild/bbs-3.18-bioc/R/site-library/00LOCK-snapCGH/00new/snapCGH/libs
** R
** inst
** byte-compile and prepare package for lazy loading
** help
*** installing help indices
** building package indices
** installing vignettes
** testing if installed package can be loaded from temporary location
Warning: Package 'snapCGH' is deprecated and will be removed from Bioconductor
version 3.19
** checking absolute paths in shared objects and dynamic libraries
** testing if installed package can be loaded from final location
Warning: Package 'snapCGH' is deprecated and will be removed from Bioconductor
version 3.19
** testing if installed package keeps a record of temporary installation path
* DONE (snapCGH)
snapCGH.Rcheck/snapCGH-Ex.timings
| name | user | system | elapsed | |
| LargeDataObject | 0 | 0 | 0 | |
| convert.output | 0.001 | 0.000 | 0.001 | |
| dim | 0.002 | 0.000 | 0.003 | |