| Back to Multiple platform build/check report for BioC 3.18: simplified long |
|
This page was generated on 2024-04-17 11:38:12 -0400 (Wed, 17 Apr 2024).
| Hostname | OS | Arch (*) | R version | Installed pkgs |
|---|---|---|---|---|
| nebbiolo2 | Linux (Ubuntu 22.04.3 LTS) | x86_64 | 4.3.3 (2024-02-29) -- "Angel Food Cake" | 4676 |
| palomino4 | Windows Server 2022 Datacenter | x64 | 4.3.3 (2024-02-29 ucrt) -- "Angel Food Cake" | 4414 |
| merida1 | macOS 12.7.1 Monterey | x86_64 | 4.3.3 (2024-02-29) -- "Angel Food Cake" | 4437 |
| Click on any hostname to see more info about the system (e.g. compilers) (*) as reported by 'uname -p', except on Windows and Mac OS X | ||||
| Package 1851/2266 | Hostname | OS / Arch | INSTALL | BUILD | CHECK | BUILD BIN | ||||||||
| scanMiRApp 1.8.0 (landing page) Pierre-Luc Germain
| nebbiolo2 | Linux (Ubuntu 22.04.3 LTS) / x86_64 | OK | OK | WARNINGS | |||||||||
| palomino4 | Windows Server 2022 Datacenter / x64 | OK | OK | WARNINGS | OK | |||||||||
| merida1 | macOS 12.7.1 Monterey / x86_64 | OK | OK | WARNINGS | OK | |||||||||
| kjohnson1 | macOS 13.6.1 Ventura / arm64 | see weekly results here | ||||||||||||
|
To the developers/maintainers of the scanMiRApp package: - Allow up to 24 hours (and sometimes 48 hours) for your latest push to git@git.bioconductor.org:packages/scanMiRApp.git to reflect on this report. See Troubleshooting Build Report for more information. - Use the following Renviron settings to reproduce errors and warnings. - If 'R CMD check' started to fail recently on the Linux builder(s) over a missing dependency, add the missing dependency to 'Suggests:' in your DESCRIPTION file. See Renviron.bioc for more information. |
| Package: scanMiRApp |
| Version: 1.8.0 |
| Command: /Library/Frameworks/R.framework/Resources/bin/R CMD check --install=check:scanMiRApp.install-out.txt --library=/Library/Frameworks/R.framework/Resources/library --no-vignettes --timings scanMiRApp_1.8.0.tar.gz |
| StartedAt: 2024-04-16 08:19:58 -0400 (Tue, 16 Apr 2024) |
| EndedAt: 2024-04-16 08:30:04 -0400 (Tue, 16 Apr 2024) |
| EllapsedTime: 605.6 seconds |
| RetCode: 0 |
| Status: WARNINGS |
| CheckDir: scanMiRApp.Rcheck |
| Warnings: 1 |
##############################################################################
##############################################################################
###
### Running command:
###
### /Library/Frameworks/R.framework/Resources/bin/R CMD check --install=check:scanMiRApp.install-out.txt --library=/Library/Frameworks/R.framework/Resources/library --no-vignettes --timings scanMiRApp_1.8.0.tar.gz
###
##############################################################################
##############################################################################
* using log directory ‘/Users/biocbuild/bbs-3.18-bioc/meat/scanMiRApp.Rcheck’
* using R version 4.3.3 (2024-02-29)
* using platform: x86_64-apple-darwin20 (64-bit)
* R was compiled by
Apple clang version 14.0.0 (clang-1400.0.29.202)
GNU Fortran (GCC) 12.2.0
* running under: macOS Monterey 12.7.1
* using session charset: UTF-8
* using option ‘--no-vignettes’
* checking for file ‘scanMiRApp/DESCRIPTION’ ... OK
* checking extension type ... Package
* this is package ‘scanMiRApp’ version ‘1.8.0’
* checking package namespace information ... OK
* checking package dependencies ... OK
* checking if this is a source package ... OK
* checking if there is a namespace ... OK
* checking for hidden files and directories ... OK
* checking for portable file names ... OK
* checking for sufficient/correct file permissions ... OK
* checking whether package ‘scanMiRApp’ can be installed ... OK
* checking installed package size ... OK
* checking package directory ... OK
* checking ‘build’ directory ... OK
* checking DESCRIPTION meta-information ... OK
* checking top-level files ... OK
* checking for left-over files ... OK
* checking index information ... OK
* checking package subdirectories ... OK
* checking R files for non-ASCII characters ... OK
* checking R files for syntax errors ... OK
* checking whether the package can be loaded ... OK
* checking whether the package can be loaded with stated dependencies ... OK
* checking whether the package can be unloaded cleanly ... OK
* checking whether the namespace can be loaded with stated dependencies ... OK
* checking whether the namespace can be unloaded cleanly ... OK
* checking dependencies in R code ... WARNING
'::' or ':::' import not declared from: 'BSgenome.Mmusculus.UCSC.mm39'
':::' calls which should be '::':
'BSgenome.Hsapiens.UCSC.hg38:::BSgenome.Hsapiens.UCSC.hg38'
'BSgenome.Mmusculus.UCSC.mm10:::BSgenome.Mmusculus.UCSC.mm10'
'BSgenome.Rnorvegicus.UCSC.rn6:::BSgenome.Rnorvegicus.UCSC.rn6'
See the note in ?`:::` about the use of this operator.
Unavailable namespace imported from by a ':::' call: 'BSgenome.Mmusculus.UCSC.mm39'
See the note in ?`:::` about the use of this operator.
* checking S3 generic/method consistency ... OK
* checking replacement functions ... OK
* checking foreign function calls ... OK
* checking R code for possible problems ... NOTE
.fakeAnno: no visible binding for global variable 'SampleTranscript'
.fakeAnno: no visible binding for global variable 'SampleKdModel'
plotSitesOnUTR: no visible binding for global variable 'logKd'
plotSitesOnUTR: no visible binding for global variable 'note'
Undefined global functions or variables:
SampleKdModel SampleTranscript logKd note
* checking Rd files ... OK
* checking Rd metadata ... OK
* checking Rd cross-references ... OK
* checking for missing documentation entries ... OK
* checking for code/documentation mismatches ... OK
* checking Rd \usage sections ... OK
* checking Rd contents ... OK
* checking for unstated dependencies in examples ... OK
* checking files in ‘vignettes’ ... OK
* checking examples ... OK
Examples with CPU (user + system) or elapsed time > 5s
user system elapsed
plotSitesOnUTR 5.063 0.111 5.394
* checking for unstated dependencies in ‘tests’ ... OK
* checking tests ...
Running ‘testthat.R’
OK
* checking for unstated dependencies in vignettes ... OK
* checking package vignettes in ‘inst/doc’ ... OK
* checking running R code from vignettes ... SKIPPED
* checking re-building of vignette outputs ... SKIPPED
* checking PDF version of manual ... OK
* DONE
Status: 1 WARNING, 1 NOTE
See
‘/Users/biocbuild/bbs-3.18-bioc/meat/scanMiRApp.Rcheck/00check.log’
for details.
scanMiRApp.Rcheck/00install.out
############################################################################## ############################################################################## ### ### Running command: ### ### /Library/Frameworks/R.framework/Resources/bin/R CMD INSTALL scanMiRApp ### ############################################################################## ############################################################################## * installing to library ‘/Library/Frameworks/R.framework/Versions/4.3-x86_64/Resources/library’ * installing *source* package ‘scanMiRApp’ ... ** using staged installation ** R ** inst ** byte-compile and prepare package for lazy loading ** help *** installing help indices ** building package indices ** installing vignettes ** testing if installed package can be loaded from temporary location ** testing if installed package can be loaded from final location ** testing if installed package keeps a record of temporary installation path * DONE (scanMiRApp)
scanMiRApp.Rcheck/tests/testthat.Rout
R version 4.3.3 (2024-02-29) -- "Angel Food Cake"
Copyright (C) 2024 The R Foundation for Statistical Computing
Platform: x86_64-apple-darwin20 (64-bit)
R is free software and comes with ABSOLUTELY NO WARRANTY.
You are welcome to redistribute it under certain conditions.
Type 'license()' or 'licence()' for distribution details.
R is a collaborative project with many contributors.
Type 'contributors()' for more information and
'citation()' on how to cite R or R packages in publications.
Type 'demo()' for some demos, 'help()' for on-line help, or
'help.start()' for an HTML browser interface to help.
Type 'q()' to quit R.
> library(testthat)
> library(scanMiRApp)
>
> test_check("scanMiRApp")
Loading annotation
Extracting transcripts
Scanning with 1 thread(s)
Error in x$.self$finalize() : attempt to apply non-function
Loading annotation
Extracting transcripts
Scanning with 1 thread(s)
Prepare miRNA model
Get Transcript Sequence
Scan
Prepare miRNA model
Get Transcript Sequence
Scan
[ FAIL 0 | WARN 1 | SKIP 2 | PASS 13 ]
══ Skipped tests (2) ═══════════════════════════════════════════════════════════
• On CRAN (1): 'test-shiny.R:10:3'
• empty test (1): 'test-utils.R:46:1'
[ FAIL 0 | WARN 1 | SKIP 2 | PASS 13 ]
Warning message:
call dbDisconnect() when finished working with a connection
>
> proc.time()
user system elapsed
40.227 1.895 44.898
scanMiRApp.Rcheck/scanMiRApp-Ex.timings
| name | user | system | elapsed | |
| IndexedFst-class | 0.074 | 0.008 | 0.085 | |
| ScanMiRAnno | 1.889 | 0.115 | 2.087 | |
| enrichedMirTxPairs | 1.252 | 0.012 | 1.312 | |
| getTranscriptSequence | 3.250 | 0.173 | 3.572 | |
| plotSitesOnUTR | 5.063 | 0.111 | 5.394 | |
| runFullScan | 2.125 | 0.016 | 2.221 | |
| save-load-IndexedFst | 0.022 | 0.003 | 0.026 | |
| scanMiRApp | 0.001 | 0.000 | 0.001 | |
| scanMiRserver | 1.032 | 0.008 | 1.078 | |
| scanMiRui | 0.307 | 0.027 | 0.351 | |