| Back to Multiple platform build/check report for BioC 3.18: simplified long |
|
This page was generated on 2024-03-04 11:37:49 -0500 (Mon, 04 Mar 2024).
| Hostname | OS | Arch (*) | R version | Installed pkgs |
|---|---|---|---|---|
| nebbiolo2 | Linux (Ubuntu 22.04.3 LTS) | x86_64 | 4.3.2 Patched (2023-11-13 r85521) -- "Eye Holes" | 4692 |
| palomino4 | Windows Server 2022 Datacenter | x64 | 4.3.2 (2023-10-31 ucrt) -- "Eye Holes" | 4445 |
| lconway | macOS 12.7.1 Monterey | x86_64 | 4.3.2 Patched (2023-11-01 r85457) -- "Eye Holes" | 4466 |
| Click on any hostname to see more info about the system (e.g. compilers) (*) as reported by 'uname -p', except on Windows and Mac OS X | ||||
| Package 1874/2266 | Hostname | OS / Arch | INSTALL | BUILD | CHECK | BUILD BIN | ||||||||
| scFeatures 1.3.2 (landing page) Yue Cao
| nebbiolo2 | Linux (Ubuntu 22.04.3 LTS) / x86_64 | OK | OK | WARNINGS | |||||||||
| palomino4 | Windows Server 2022 Datacenter / x64 | OK | OK | WARNINGS | OK | |||||||||
| lconway | macOS 12.7.1 Monterey / x86_64 | OK | OK | WARNINGS | OK | |||||||||
| kjohnson1 | macOS 13.6.1 Ventura / arm64 | see weekly results here | ||||||||||||
|
To the developers/maintainers of the scFeatures package: - Allow up to 24 hours (and sometimes 48 hours) for your latest push to git@git.bioconductor.org:packages/scFeatures.git to reflect on this report. See Troubleshooting Build Report for more information. - Use the following Renviron settings to reproduce errors and warnings. - If 'R CMD check' started to fail recently on the Linux builder(s) over a missing dependency, add the missing dependency to 'Suggests:' in your DESCRIPTION file. See Renviron.bioc for more information. |
| Package: scFeatures |
| Version: 1.3.2 |
| Command: /Library/Frameworks/R.framework/Resources/bin/R CMD check --install=check:scFeatures.install-out.txt --library=/Library/Frameworks/R.framework/Resources/library --no-vignettes --timings scFeatures_1.3.2.tar.gz |
| StartedAt: 2024-03-03 23:16:36 -0500 (Sun, 03 Mar 2024) |
| EndedAt: 2024-03-03 23:24:32 -0500 (Sun, 03 Mar 2024) |
| EllapsedTime: 475.9 seconds |
| RetCode: 0 |
| Status: WARNINGS |
| CheckDir: scFeatures.Rcheck |
| Warnings: 1 |
##############################################################################
##############################################################################
###
### Running command:
###
### /Library/Frameworks/R.framework/Resources/bin/R CMD check --install=check:scFeatures.install-out.txt --library=/Library/Frameworks/R.framework/Resources/library --no-vignettes --timings scFeatures_1.3.2.tar.gz
###
##############################################################################
##############################################################################
* using log directory ‘/Users/biocbuild/bbs-3.18-bioc/meat/scFeatures.Rcheck’
* using R version 4.3.2 Patched (2023-11-01 r85457)
* using platform: x86_64-apple-darwin20 (64-bit)
* R was compiled by
Apple clang version 14.0.3 (clang-1403.0.22.14.1)
GNU Fortran (GCC) 12.2.0
* running under: macOS Monterey 12.7.1
* using session charset: UTF-8
* using option ‘--no-vignettes’
* checking for file ‘scFeatures/DESCRIPTION’ ... OK
* this is package ‘scFeatures’ version ‘1.3.2’
* package encoding: UTF-8
* checking package namespace information ... OK
* checking package dependencies ... OK
* checking if this is a source package ... OK
* checking if there is a namespace ... OK
* checking for hidden files and directories ... OK
* checking for portable file names ... OK
* checking for sufficient/correct file permissions ... OK
* checking whether package ‘scFeatures’ can be installed ... OK
* checking installed package size ... OK
* checking package directory ... OK
* checking ‘build’ directory ... OK
* checking DESCRIPTION meta-information ... OK
* checking top-level files ... OK
* checking for left-over files ... OK
* checking index information ... OK
* checking package subdirectories ... OK
* checking R files for non-ASCII characters ... OK
* checking R files for syntax errors ... OK
* checking whether the package can be loaded ... OK
* checking whether the package can be loaded with stated dependencies ... OK
* checking whether the package can be unloaded cleanly ... OK
* checking whether the namespace can be loaded with stated dependencies ... OK
* checking whether the namespace can be unloaded cleanly ... OK
* checking dependencies in R code ... NOTE
Namespaces in Imports field not imported from:
'DT' 'Seurat'
All declared Imports should be used.
* checking S3 generic/method consistency ... OK
* checking replacement functions ... OK
* checking foreign function calls ... OK
* checking R code for possible problems ... NOTE
helper_CCI: no visible global function definition for 'data'
helper_CCI: no visible binding for global variable 'LRdb'
helper_CCI: no visible global function definition for 'capture.output'
helper_pathway_gsva: no visible global function definition for
'capture.output'
run_pathway_gsva: no visible global function definition for
'capture.output'
Undefined global functions or variables:
LRdb capture.output data
Consider adding
importFrom("utils", "capture.output", "data")
to your NAMESPACE file.
* checking Rd files ... OK
* checking Rd metadata ... OK
* checking Rd cross-references ... OK
* checking for missing documentation entries ... OK
* checking for code/documentation mismatches ... OK
* checking Rd \usage sections ... WARNING
Undocumented arguments in documentation object 'remove_mito_ribo'
‘alldata’
Documented arguments not in \usage in documentation object 'remove_mito_ribo':
‘data’
Functions with \usage entries need to have the appropriate \alias
entries, and all their arguments documented.
The \usage entries must correspond to syntactically valid R code.
See chapter ‘Writing R documentation files’ in the ‘Writing R
Extensions’ manual.
* checking Rd contents ... OK
* checking for unstated dependencies in examples ... OK
* checking contents of ‘data’ directory ... OK
* checking data for non-ASCII characters ... OK
* checking data for ASCII and uncompressed saves ... OK
* checking files in ‘vignettes’ ... OK
* checking examples ... OK
Examples with CPU (user + system) or elapsed time > 5s
user system elapsed
run_association_study_report 5.109 0.691 6.197
run_pathway_gsva 5.158 0.252 5.456
* checking for unstated dependencies in vignettes ... OK
* checking package vignettes in ‘inst/doc’ ... OK
* checking running R code from vignettes ... SKIPPED
* checking re-building of vignette outputs ... SKIPPED
* checking PDF version of manual ... OK
* DONE
Status: 1 WARNING, 2 NOTEs
See
‘/Users/biocbuild/bbs-3.18-bioc/meat/scFeatures.Rcheck/00check.log’
for details.
scFeatures.Rcheck/00install.out
############################################################################## ############################################################################## ### ### Running command: ### ### /Library/Frameworks/R.framework/Resources/bin/R CMD INSTALL scFeatures ### ############################################################################## ############################################################################## * installing to library ‘/Library/Frameworks/R.framework/Versions/4.3-x86_64/Resources/library’ * installing *source* package ‘scFeatures’ ... ** using staged installation ** R ** data ** inst ** byte-compile and prepare package for lazy loading ** help *** installing help indices ** building package indices ** installing vignettes ** testing if installed package can be loaded from temporary location ** testing if installed package can be loaded from final location ** testing if installed package keeps a record of temporary installation path * DONE (scFeatures)
scFeatures.Rcheck/scFeatures-Ex.timings
| name | user | system | elapsed | |
| get_num_cell_per_spot | 0.209 | 0.017 | 0.228 | |
| remove_mito_ribo | 2.318 | 0.355 | 1.736 | |
| run_CCI | 3.157 | 0.250 | 3.433 | |
| run_L_function | 0.429 | 0.041 | 0.475 | |
| run_Morans_I | 0.407 | 0.021 | 0.430 | |
| run_association_study_report | 5.109 | 0.691 | 6.197 | |
| run_celltype_interaction | 0.301 | 0.016 | 0.319 | |
| run_gene_cor | 0.453 | 1.169 | 0.397 | |
| run_gene_cor_celltype | 0.422 | 0.273 | 0.427 | |
| run_gene_mean | 0.385 | 0.011 | 0.398 | |
| run_gene_mean_celltype | 2.018 | 0.050 | 2.081 | |
| run_gene_prop | 0.321 | 0.006 | 0.328 | |
| run_gene_prop_celltype | 0.356 | 0.012 | 0.375 | |
| run_nn_correlation | 0.305 | 0.009 | 0.315 | |
| run_pathway_gsva | 5.158 | 0.252 | 5.456 | |
| run_pathway_mean | 1.999 | 0.104 | 2.123 | |
| run_pathway_prop | 3.923 | 0.195 | 4.155 | |
| run_proportion_logit | 0.220 | 0.005 | 0.227 | |
| run_proportion_ratio | 0.298 | 0.008 | 0.308 | |
| run_proportion_raw | 0.242 | 0.009 | 0.253 | |
| scFeatures | 1.066 | 0.246 | 0.519 | |