| Back to Multiple platform build/check report for BioC 3.18: simplified long |
|
This page was generated on 2023-11-02 11:41:11 -0400 (Thu, 02 Nov 2023).
| Hostname | OS | Arch (*) | R version | Installed pkgs |
|---|---|---|---|---|
| nebbiolo2 | Linux (Ubuntu 22.04.2 LTS) | x86_64 | 4.3.1 (2023-06-16) -- "Beagle Scouts" | 4729 |
| palomino4 | Windows Server 2022 Datacenter | x64 | 4.3.1 (2023-06-16 ucrt) -- "Beagle Scouts" | 4463 |
| lconway | macOS 12.6.5 Monterey | x86_64 | 4.3.1 Patched (2023-06-17 r84564) -- "Beagle Scouts" | 4478 |
| kunpeng2 | Linux (openEuler 22.03 LTS-SP1) | aarch64 | 4.3.1 (2023-06-16) -- "Beagle Scouts" | 4464 |
| Click on any hostname to see more info about the system (e.g. compilers) (*) as reported by 'uname -p', except on Windows and Mac OS X | ||||
| Package 1771/2266 | Hostname | OS / Arch | INSTALL | BUILD | CHECK | BUILD BIN | ||||||||
| rnaEditr 1.12.0 (landing page) Lanyu Zhang
| nebbiolo2 | Linux (Ubuntu 22.04.2 LTS) / x86_64 | OK | OK | WARNINGS | |||||||||
| palomino4 | Windows Server 2022 Datacenter / x64 | OK | OK | WARNINGS | OK | |||||||||
| lconway | macOS 12.6.5 Monterey / x86_64 | OK | OK | WARNINGS | OK | |||||||||
| kjohnson1 | macOS 13.6.1 Ventura / arm64 | see weekly results here | ||||||||||||
| kunpeng2 | Linux (openEuler 22.03 LTS-SP1) / aarch64 | OK | OK | WARNINGS | ||||||||||
|
To the developers/maintainers of the rnaEditr package: - Allow up to 24 hours (and sometimes 48 hours) for your latest push to git@git.bioconductor.org:packages/rnaEditr.git to reflect on this report. See Troubleshooting Build Report for more information. - Use the following Renviron settings to reproduce errors and warnings. - If 'R CMD check' started to fail recently on the Linux builder(s) over a missing dependency, add the missing dependency to 'Suggests:' in your DESCRIPTION file. See Renviron.bioc for more information. - See Martin Grigorov's blog post for how to debug Linux ARM64 related issues on a x86_64 host. |
| Package: rnaEditr |
| Version: 1.12.0 |
| Command: /home/biocbuild/R/R-4.3.1/bin/R CMD check --install=check:rnaEditr.install-out.txt --library=/home/biocbuild/R/R-4.3.1/site-library --no-vignettes --timings rnaEditr_1.12.0.tar.gz |
| StartedAt: 2023-11-02 13:48:26 -0000 (Thu, 02 Nov 2023) |
| EndedAt: 2023-11-02 13:54:49 -0000 (Thu, 02 Nov 2023) |
| EllapsedTime: 383.4 seconds |
| RetCode: 0 |
| Status: WARNINGS |
| CheckDir: rnaEditr.Rcheck |
| Warnings: 1 |
##############################################################################
##############################################################################
###
### Running command:
###
### /home/biocbuild/R/R-4.3.1/bin/R CMD check --install=check:rnaEditr.install-out.txt --library=/home/biocbuild/R/R-4.3.1/site-library --no-vignettes --timings rnaEditr_1.12.0.tar.gz
###
##############################################################################
##############################################################################
* using log directory ‘/home/biocbuild/bbs-3.18-bioc/meat/rnaEditr.Rcheck’
* using R version 4.3.1 (2023-06-16)
* using platform: aarch64-unknown-linux-gnu (64-bit)
* R was compiled by
gcc (GCC) 10.3.1
GNU Fortran (GCC) 10.3.1
* running under: openEuler 22.03 (LTS-SP1)
* using session charset: UTF-8
* using option ‘--no-vignettes’
* checking for file ‘rnaEditr/DESCRIPTION’ ... OK
* this is package ‘rnaEditr’ version ‘1.12.0’
* package encoding: UTF-8
* checking package namespace information ... OK
* checking package dependencies ... OK
* checking if this is a source package ... OK
* checking if there is a namespace ... OK
* checking for hidden files and directories ... OK
* checking for portable file names ... OK
* checking for sufficient/correct file permissions ... OK
* checking whether package ‘rnaEditr’ can be installed ... OK
* checking installed package size ... OK
* checking package directory ... OK
* checking ‘build’ directory ... OK
* checking DESCRIPTION meta-information ... OK
* checking top-level files ... OK
* checking for left-over files ... OK
* checking index information ... OK
* checking package subdirectories ... OK
* checking R files for non-ASCII characters ... OK
* checking R files for syntax errors ... OK
* checking whether the package can be loaded ... OK
* checking whether the package can be loaded with stated dependencies ... OK
* checking whether the package can be unloaded cleanly ... OK
* checking whether the namespace can be loaded with stated dependencies ... OK
* checking whether the namespace can be unloaded cleanly ... OK
* checking loading without being on the library search path ... OK
* checking dependencies in R code ... OK
* checking S3 generic/method consistency ... OK
* checking replacement functions ... OK
* checking foreign function calls ... OK
* checking R code for possible problems ... OK
* checking Rd files ... WARNING
checkRd: (7) TestSingleRegion.Rd:38: Invalid URL: "https://www.jstor.org/stable/2336755"
* checking Rd metadata ... OK
* checking Rd cross-references ... OK
* checking for missing documentation entries ... OK
* checking for code/documentation mismatches ... OK
* checking Rd \usage sections ... OK
* checking Rd contents ... OK
* checking for unstated dependencies in examples ... OK
* checking contents of ‘data’ directory ... OK
* checking data for non-ASCII characters ... OK
* checking data for ASCII and uncompressed saves ... OK
* checking files in ‘vignettes’ ... OK
* checking examples ... OK
* checking for unstated dependencies in ‘tests’ ... OK
* checking tests ...
Running ‘testthat.R’
OK
* checking for unstated dependencies in vignettes ... OK
* checking package vignettes in ‘inst/doc’ ... OK
* checking running R code from vignettes ... SKIPPED
* checking re-building of vignette outputs ... SKIPPED
* checking PDF version of manual ... OK
* DONE
Status: 1 WARNING
See
‘/home/biocbuild/bbs-3.18-bioc/meat/rnaEditr.Rcheck/00check.log’
for details.
rnaEditr.Rcheck/00install.out
############################################################################## ############################################################################## ### ### Running command: ### ### /home/biocbuild/R/R-4.3.1/bin/R CMD INSTALL rnaEditr ### ############################################################################## ############################################################################## * installing to library ‘/home/biocbuild/R/R-4.3.1/site-library’ * installing *source* package ‘rnaEditr’ ... ** using staged installation ** R ** data ** inst ** byte-compile and prepare package for lazy loading ** help *** installing help indices ** building package indices ** installing vignettes ** testing if installed package can be loaded from temporary location ** testing if installed package can be loaded from final location ** testing if installed package keeps a record of temporary installation path * DONE (rnaEditr)
rnaEditr.Rcheck/tests/testthat.Rout
R version 4.3.1 (2023-06-16) -- "Beagle Scouts"
Copyright (C) 2023 The R Foundation for Statistical Computing
Platform: aarch64-unknown-linux-gnu (64-bit)
R is free software and comes with ABSOLUTELY NO WARRANTY.
You are welcome to redistribute it under certain conditions.
Type 'license()' or 'licence()' for distribution details.
R is a collaborative project with many contributors.
Type 'contributors()' for more information and
'citation()' on how to cite R or R packages in publications.
Type 'demo()' for some demos, 'help()' for on-line help, or
'help.start()' for an HTML browser interface to help.
Type 'q()' to quit R.
> library(testthat)
> library(rnaEditr)
>
> test_check("rnaEditr")
| | 0%
|================= |33.33333% ~0 s remaining
|================================== |66.66667% ~0 s remaining
|====================================================|100% ~0 s remaining
|====================================================|100% Completed after 0 s
| | 0%
|================= |33.33333% ~1 s remaining
|================================== |66.66667% ~0 s remaining
|====================================================|100% ~0 s remaining
|====================================================|100% Completed after 1 s
| | 0%
|================= |33.33333% ~0 s remaining
|================================== |66.66667% ~0 s remaining
|====================================================|100% ~0 s remaining
|====================================================|100% Completed after 0 s
| | 0%
|====== |12.5% ~1 s remaining
|============= | 25% ~1 s remaining
|=================== |37.5% ~1 s remaining
|========================== | 50% ~1 s remaining
|================================ |62.5% ~0 s remaining
|======================================= | 75% ~0 s remaining
|============================================= |87.5% ~0 s remaining
|====================================================|100% ~0 s remaining
|====================================================|100% Completed after 1 s
| | 0%
|=== |7.142857% ~1 s remaining
|======= |14.28571% ~1 s remaining
|=========== |21.42857% ~1 s remaining
|============== |28.57143% ~1 s remaining
|================== |35.71429% ~1 s remaining
|====================== |42.85714% ~1 s remaining
|========================== | 50% ~1 s remaining
|============================= |57.14286% ~0 s remaining
|================================= |64.28571% ~0 s remaining
|===================================== |71.42857% ~0 s remaining
|======================================== |78.57143% ~0 s remaining
|============================================ |85.71429% ~0 s remaining
|================================================ |92.85714% ~0 s remaining
|====================================================|100% ~0 s remaining
|====================================================|100% Completed after 1 s
| | 0%
|=== |7.142857% ~0 s remaining
|======= |14.28571% ~0 s remaining
|=========== |21.42857% ~0 s remaining
|============== |28.57143% ~0 s remaining
|================== |35.71429% ~0 s remaining
|====================== |42.85714% ~0 s remaining
|========================== | 50% ~0 s remaining
|============================= |57.14286% ~0 s remaining
|================================= |64.28571% ~0 s remaining
|===================================== |71.42857% ~0 s remaining
|======================================== |78.57143% ~0 s remaining
|============================================ |85.71429% ~0 s remaining
|================================================ |92.85714% ~0 s remaining
|====================================================|100% ~0 s remaining
|====================================================|100% Completed after 0 s
| | 0%
|================= |33.33333% ~1 s remaining
|================================== |66.66667% ~0 s remaining
|====================================================|100% ~0 s remaining
|====================================================|100% Completed after 1 s
| | 0%
|==== |7.692308% ~1 s remaining
|======== |15.38462% ~1 s remaining
|============ |23.07692% ~1 s remaining
|================ |30.76923% ~1 s remaining
|==================== |38.46154% ~1 s remaining
|======================== |46.15385% ~1 s remaining
|============================ |53.84615% ~1 s remaining
|================================ |61.53846% ~0 s remaining
|==================================== |69.23077% ~0 s remaining
|======================================== |76.92308% ~0 s remaining
|============================================ |84.61538% ~0 s remaining
|================================================ |92.30769% ~0 s remaining
|====================================================|100% ~0 s remaining
|====================================================|100% Completed after 1 s
| | 0%
|================= |33.33333% ~1 s remaining
|================================== |66.66667% ~0 s remaining
|====================================================|100% ~0 s remaining
|====================================================|100% Completed after 1 s
| | 0%
|==== |7.692308% ~1 s remaining
|======== |15.38462% ~1 s remaining
|============ |23.07692% ~1 s remaining
|================ |30.76923% ~1 s remaining
|==================== |38.46154% ~1 s remaining
|======================== |46.15385% ~1 s remaining
|============================ |53.84615% ~0 s remaining
|================================ |61.53846% ~0 s remaining
|==================================== |69.23077% ~0 s remaining
|======================================== |76.92308% ~0 s remaining
|============================================ |84.61538% ~0 s remaining
|================================================ |92.30769% ~0 s remaining
|====================================================|100% ~0 s remaining
|====================================================|100% Completed after 1 s
| | 0%
|==== |7.692308% ~0 s remaining
|======== |15.38462% ~0 s remaining
|============ |23.07692% ~0 s remaining
|================ |30.76923% ~0 s remaining
|==================== |38.46154% ~0 s remaining
|======================== |46.15385% ~0 s remaining
|============================ |53.84615% ~0 s remaining
|================================ |61.53846% ~0 s remaining
|==================================== |69.23077% ~0 s remaining
|======================================== |76.92308% ~0 s remaining
|============================================ |84.61538% ~0 s remaining
|================================================ |92.30769% ~0 s remaining
|====================================================|100% ~0 s remaining
|====================================================|100% Completed after 1 s
[ FAIL 0 | WARN 0 | SKIP 0 | PASS 8 ]
>
> proc.time()
user system elapsed
26.636 1.262 27.956
rnaEditr.Rcheck/rnaEditr-Ex.timings
| name | user | system | elapsed | |
| AddMetaData | 1.845 | 0.004 | 1.855 | |
| AllCloseByRegions | 0.495 | 0.004 | 0.499 | |
| AllCoeditedRegions | 0.815 | 0.012 | 0.828 | |
| AnnotateResults | 3.122 | 0.064 | 3.193 | |
| CountSamplesPerGroup | 0.003 | 0.000 | 0.002 | |
| CreateEditingTable | 0.040 | 0.000 | 0.041 | |
| CreateOutputDF | 0.018 | 0.012 | 0.030 | |
| CreateRdrop | 0.013 | 0.004 | 0.016 | |
| FindCorrelatedRegions | 0.019 | 0.000 | 0.019 | |
| GetMinPairwiseCor | 0.002 | 0.004 | 0.006 | |
| GetSitesLocations | 0.102 | 0.000 | 0.103 | |
| MakeModelFormula | 0 | 0 | 0 | |
| MarkCoeditedSites | 0.017 | 0.000 | 0.017 | |
| OrderSitesByLocation | 0.002 | 0.000 | 0.002 | |
| PlotEditingCorrelations | 0.910 | 0.032 | 0.946 | |
| RegionSummaryMethod | 0.064 | 0.000 | 0.065 | |
| SingleCloseByRegion | 0.126 | 0.000 | 0.126 | |
| SingleCoeditedRegion | 0.258 | 0.004 | 0.263 | |
| SitesToRegion | 0.042 | 0.000 | 0.043 | |
| SummarizeAllRegions | 2.022 | 0.004 | 2.031 | |
| SummarizeSingleRegion | 0.127 | 0.000 | 0.126 | |
| TestAssociations | 2.044 | 0.004 | 2.054 | |
| TestSingleRegion | 0.046 | 0.004 | 0.050 | |
| TransformToGR | 0.075 | 0.000 | 0.075 | |