| Back to Multiple platform build/check report for BioC 3.18: simplified long |
|
This page was generated on 2024-03-04 11:37:43 -0500 (Mon, 04 Mar 2024).
| Hostname | OS | Arch (*) | R version | Installed pkgs |
|---|---|---|---|---|
| nebbiolo2 | Linux (Ubuntu 22.04.3 LTS) | x86_64 | 4.3.2 Patched (2023-11-13 r85521) -- "Eye Holes" | 4692 |
| palomino4 | Windows Server 2022 Datacenter | x64 | 4.3.2 (2023-10-31 ucrt) -- "Eye Holes" | 4445 |
| lconway | macOS 12.7.1 Monterey | x86_64 | 4.3.2 Patched (2023-11-01 r85457) -- "Eye Holes" | 4466 |
| Click on any hostname to see more info about the system (e.g. compilers) (*) as reported by 'uname -p', except on Windows and Mac OS X | ||||
| Package 1618/2266 | Hostname | OS / Arch | INSTALL | BUILD | CHECK | BUILD BIN | ||||||||
| pwOmics 1.34.0 (landing page) Torsten Schoeps
| nebbiolo2 | Linux (Ubuntu 22.04.3 LTS) / x86_64 | OK | OK | WARNINGS | |||||||||
| palomino4 | Windows Server 2022 Datacenter / x64 | OK | OK | WARNINGS | OK | |||||||||
| lconway | macOS 12.7.1 Monterey / x86_64 | OK | OK | WARNINGS | OK | |||||||||
| kjohnson1 | macOS 13.6.1 Ventura / arm64 | see weekly results here | ||||||||||||
|
To the developers/maintainers of the pwOmics package: - Allow up to 24 hours (and sometimes 48 hours) for your latest push to git@git.bioconductor.org:packages/pwOmics.git to reflect on this report. See Troubleshooting Build Report for more information. - Use the following Renviron settings to reproduce errors and warnings. - If 'R CMD check' started to fail recently on the Linux builder(s) over a missing dependency, add the missing dependency to 'Suggests:' in your DESCRIPTION file. See Renviron.bioc for more information. |
| Package: pwOmics |
| Version: 1.34.0 |
| Command: /Library/Frameworks/R.framework/Resources/bin/R CMD check --install=check:pwOmics.install-out.txt --library=/Library/Frameworks/R.framework/Resources/library --no-vignettes --timings pwOmics_1.34.0.tar.gz |
| StartedAt: 2024-03-03 22:43:07 -0500 (Sun, 03 Mar 2024) |
| EndedAt: 2024-03-03 22:48:37 -0500 (Sun, 03 Mar 2024) |
| EllapsedTime: 329.8 seconds |
| RetCode: 0 |
| Status: WARNINGS |
| CheckDir: pwOmics.Rcheck |
| Warnings: 1 |
##############################################################################
##############################################################################
###
### Running command:
###
### /Library/Frameworks/R.framework/Resources/bin/R CMD check --install=check:pwOmics.install-out.txt --library=/Library/Frameworks/R.framework/Resources/library --no-vignettes --timings pwOmics_1.34.0.tar.gz
###
##############################################################################
##############################################################################
* using log directory ‘/Users/biocbuild/bbs-3.18-bioc/meat/pwOmics.Rcheck’
* using R version 4.3.2 Patched (2023-11-01 r85457)
* using platform: x86_64-apple-darwin20 (64-bit)
* R was compiled by
Apple clang version 14.0.3 (clang-1403.0.22.14.1)
GNU Fortran (GCC) 12.2.0
* running under: macOS Monterey 12.7.1
* using session charset: UTF-8
* using option ‘--no-vignettes’
* checking for file ‘pwOmics/DESCRIPTION’ ... OK
* checking extension type ... Package
* this is package ‘pwOmics’ version ‘1.34.0’
* checking package namespace information ... OK
* checking package dependencies ... OK
* checking if this is a source package ... OK
* checking if there is a namespace ... OK
* checking for hidden files and directories ... OK
* checking for portable file names ... OK
* checking for sufficient/correct file permissions ... OK
* checking whether package ‘pwOmics’ can be installed ... OK
* checking installed package size ... OK
* checking package directory ... OK
* checking DESCRIPTION meta-information ... OK
* checking top-level files ... OK
* checking for left-over files ... OK
* checking index information ... OK
* checking package subdirectories ... OK
* checking R files for non-ASCII characters ... OK
* checking R files for syntax errors ... OK
* checking whether the package can be loaded ... OK
* checking whether the package can be loaded with stated dependencies ... OK
* checking whether the package can be unloaded cleanly ... OK
* checking whether the namespace can be loaded with stated dependencies ... OK
* checking whether the namespace can be unloaded cleanly ... OK
* checking dependencies in R code ... OK
* checking S3 generic/method consistency ... OK
* checking replacement functions ... OK
* checking foreign function calls ... OK
* checking R code for possible problems ... NOTE
identifyPWTFTGs: no visible binding for global variable ‘upreg’
identifyPWTFTGs: no visible binding for global variable ‘phosphoeffect’
infoConsensusGraph: no visible global function definition for ‘from’
Undefined global functions or variables:
from phosphoeffect upreg
* checking Rd files ... OK
* checking Rd metadata ... OK
* checking Rd cross-references ... OK
* checking for missing documentation entries ... OK
* checking for code/documentation mismatches ... OK
* checking Rd \usage sections ... WARNING
Documented arguments not in \usage in documentation object 'plotTimeProfileClusters':
‘...’
Documented arguments not in \usage in documentation object 'temp_correlations':
‘...’
Functions with \usage entries need to have the appropriate \alias
entries, and all their arguments documented.
The \usage entries must correspond to syntactically valid R code.
See chapter ‘Writing R documentation files’ in the ‘Writing R
Extensions’ manual.
* checking Rd contents ... OK
* checking for unstated dependencies in examples ... OK
* checking contents of ‘data’ directory ... OK
* checking data for non-ASCII characters ... OK
* checking data for ASCII and uncompressed saves ... OK
* checking examples ... OK
Examples with CPU (user + system) or elapsed time > 5s
user system elapsed
temp_correlations 154.954 2.228 162.432
* checking for unstated dependencies in ‘tests’ ... OK
* checking tests ...
Running ‘runTests.R’
OK
* checking PDF version of manual ... OK
* DONE
Status: 1 WARNING, 1 NOTE
See
‘/Users/biocbuild/bbs-3.18-bioc/meat/pwOmics.Rcheck/00check.log’
for details.
pwOmics.Rcheck/00install.out
############################################################################## ############################################################################## ### ### Running command: ### ### /Library/Frameworks/R.framework/Resources/bin/R CMD INSTALL pwOmics ### ############################################################################## ############################################################################## * installing to library ‘/Library/Frameworks/R.framework/Versions/4.3-x86_64/Resources/library’ * installing *source* package ‘pwOmics’ ... ** using staged installation ** R ** data ** inst ** byte-compile and prepare package for lazy loading ** help *** installing help indices ** building package indices ** testing if installed package can be loaded from temporary location ** testing if installed package can be loaded from final location ** testing if installed package keeps a record of temporary installation path * DONE (pwOmics)
pwOmics.Rcheck/tests/runTests.Rout
R version 4.3.2 Patched (2023-11-01 r85457) -- "Eye Holes"
Copyright (C) 2023 The R Foundation for Statistical Computing
Platform: x86_64-apple-darwin20 (64-bit)
R is free software and comes with ABSOLUTELY NO WARRANTY.
You are welcome to redistribute it under certain conditions.
Type 'license()' or 'licence()' for distribution details.
R is a collaborative project with many contributors.
Type 'contributors()' for more information and
'citation()' on how to cite R or R packages in publications.
Type 'demo()' for some demos, 'help()' for on-line help, or
'help.start()' for an HTML browser interface to help.
Type 'q()' to quit R.
> BiocGenerics:::testPackage("pwOmics")
RUNIT TEST PROTOCOL -- Sun Mar 3 22:48:26 2024
***********************************************
Number of test functions: 0
Number of errors: 0
Number of failures: 0
1 Test Suite :
pwOmics RUnit Tests - 0 test functions, 0 errors, 0 failures
Number of test functions: 0
Number of errors: 0
Number of failures: 0
>
> proc.time()
user system elapsed
7.139 0.456 7.636
pwOmics.Rcheck/pwOmics-Ex.timings
| name | user | system | elapsed | |
| clusterTimeProfiles | 0.000 | 0.001 | 0.001 | |
| consDynamicNet | 0.000 | 0.001 | 0.000 | |
| findSignalingAxes | 0.001 | 0.001 | 0.000 | |
| generate_DSSignalingBase | 0 | 0 | 0 | |
| getBiopaxModel | 0.001 | 0.001 | 0.000 | |
| getDS_PWs | 0.000 | 0.000 | 0.001 | |
| getDS_TFs | 0 | 0 | 0 | |
| getDS_TGs | 0.000 | 0.000 | 0.001 | |
| getGenesIntersection | 0.000 | 0.001 | 0.000 | |
| getOmicsDataset | 0 | 0 | 0 | |
| getOmicsTimepoints | 0 | 0 | 0 | |
| getOmicsallGeneIDs | 0 | 0 | 0 | |
| getOmicsallProteinIDs | 0 | 0 | 0 | |
| getProteinIntersection | 0 | 0 | 0 | |
| getTFIntersection | 0.000 | 0.001 | 0.000 | |
| getUS_PWs | 0 | 0 | 0 | |
| getUS_TFs | 0 | 0 | 0 | |
| getUS_regulators | 0 | 0 | 0 | |
| get_matching_transcripts | 0 | 0 | 0 | |
| gettpIntersection | 0.000 | 0.001 | 0.000 | |
| identifyPR | 0.000 | 0.000 | 0.001 | |
| identifyPWTFTGs | 0 | 0 | 0 | |
| identifyPWs | 0 | 0 | 0 | |
| identifyRsofTFs | 0.000 | 0.001 | 0.001 | |
| identifyTFs | 0 | 0 | 0 | |
| infoConsensusGraph | 0 | 0 | 0 | |
| plotConsDynNet | 0.000 | 0.001 | 0.001 | |
| plotConsensusGraph | 0.000 | 0.000 | 0.001 | |
| plotConsensusProfiles | 0 | 0 | 0 | |
| plotTimeProfileClusters | 0 | 0 | 0 | |
| readOmics | 0.001 | 0.000 | 0.001 | |
| readPWdata | 0 | 0 | 0 | |
| readPhosphodata | 0 | 0 | 0 | |
| readTFdata | 0 | 0 | 0 | |
| staticConsensusNet | 0 | 0 | 0 | |
| temp_correlations | 154.954 | 2.228 | 162.432 | |