This page was generated on 2023-04-20 12:50:33 -0400 (Thu, 20 Apr 2023).
##############################################################################
##############################################################################
###
### Running command:
###
### /home/biocbuild/bbs-3.18-bioc/R/bin/R CMD build --keep-empty-dirs --no-resave-data pkgDepTools
###
##############################################################################
##############################################################################
* checking for file ‘pkgDepTools/DESCRIPTION’ ... OK
* preparing ‘pkgDepTools’:
* checking DESCRIPTION meta-information ... OK
* installing the package to build vignettes
* creating vignettes ... ERROR
--- re-building ‘pkgDepTools.Rnw’ using Sweave
Loading required package: graph
Loading required package: BiocGenerics
Attaching package: ‘BiocGenerics’
The following objects are masked from ‘package:stats’:
IQR, mad, sd, var, xtabs
The following objects are masked from ‘package:base’:
Filter, Find, Map, Position, Reduce, anyDuplicated, aperm,
append, as.data.frame, basename, cbind, colnames, dirname,
do.call, duplicated, eval, evalq, get, grep, grepl,
intersect, is.unsorted, lapply, mapply, match, mget, order,
paste, pmax, pmax.int, pmin, pmin.int, rank, rbind,
rownames, sapply, setdiff, sort, table, tapply, union,
unique, unsplit, which.max, which.min
Loading required package: RBGL
Warning: Package 'pkgDepTools' is deprecated and will be removed from
Bioconductor version 3.18
Welcome to Bioconductor
Vignettes contain introductory material; view with
'browseVignettes()'. To cite Bioconductor, see
'citation("Biobase")', and for packages
'citation("pkgname")'.
Loading required package: grid
Bioconductor does not yet build and check packages for R version 4.4;
see https://bioconductor.org/install
Error: processing vignette 'pkgDepTools.Rnw' failed with diagnostics:
chunk 3 (label = testMakeDepGraph0)
Error : Bioconductor does not yet build and check packages for R version 4.4;
see https://bioconductor.org/install
--- failed re-building ‘pkgDepTools.Rnw’
SUMMARY: processing the following file failed:
‘pkgDepTools.Rnw’
Error: Vignette re-building failed.
Execution halted