Back to Multiple platform build/check report for BioC 3.18:   simplified   long
ABCDEFGHIJKLMN[O]PQRSTUVWXYZ

This page was generated on 2023-11-02 11:41:02 -0400 (Thu, 02 Nov 2023).

HostnameOSArch (*)R versionInstalled pkgs
nebbiolo2Linux (Ubuntu 22.04.2 LTS)x86_644.3.1 (2023-06-16) -- "Beagle Scouts" 4729
palomino4Windows Server 2022 Datacenterx644.3.1 (2023-06-16 ucrt) -- "Beagle Scouts" 4463
lconwaymacOS 12.6.5 Montereyx86_644.3.1 Patched (2023-06-17 r84564) -- "Beagle Scouts" 4478
kunpeng2Linux (openEuler 22.03 LTS-SP1)aarch644.3.1 (2023-06-16) -- "Beagle Scouts" 4464
Click on any hostname to see more info about the system (e.g. compilers)      (*) as reported by 'uname -p', except on Windows and Mac OS X

Package 1466/2266HostnameOS / ArchINSTALLBUILDCHECKBUILD BIN
oppar 1.30.0  (landing page)
Soroor Hediyeh zadeh
Snapshot Date: 2023-11-01 14:05:06 -0400 (Wed, 01 Nov 2023)
git_url: https://git.bioconductor.org/packages/oppar
git_branch: RELEASE_3_18
git_last_commit: 3acac4f
git_last_commit_date: 2023-10-24 10:49:34 -0400 (Tue, 24 Oct 2023)
nebbiolo2Linux (Ubuntu 22.04.2 LTS) / x86_64  OK    OK    WARNINGS  UNNEEDED, same version is already published
palomino4Windows Server 2022 Datacenter / x64  OK    OK    WARNINGS    OK  UNNEEDED, same version is already published
lconwaymacOS 12.6.5 Monterey / x86_64  OK    OK    WARNINGS    OK  UNNEEDED, same version is already published
kjohnson1macOS 13.6.1 Ventura / arm64see weekly results here
kunpeng2Linux (openEuler 22.03 LTS-SP1) / aarch64  OK    OK    ERROR  

CHECK results for oppar on kunpeng2


To the developers/maintainers of the oppar package:
- Allow up to 24 hours (and sometimes 48 hours) for your latest push to git@git.bioconductor.org:packages/oppar.git to reflect on this report. See Troubleshooting Build Report for more information.
- Use the following Renviron settings to reproduce errors and warnings.
- If 'R CMD check' started to fail recently on the Linux builder(s) over a missing dependency, add the missing dependency to 'Suggests:' in your DESCRIPTION file. See Renviron.bioc for more information.
- See Martin Grigorov's blog post for how to debug Linux ARM64 related issues on a x86_64 host.

raw results


Summary

Package: oppar
Version: 1.30.0
Command: /home/biocbuild/R/R-4.3.1/bin/R CMD check --install=check:oppar.install-out.txt --library=/home/biocbuild/R/R-4.3.1/site-library --no-vignettes --timings oppar_1.30.0.tar.gz
StartedAt: 2023-11-02 12:50:31 -0000 (Thu, 02 Nov 2023)
EndedAt: 2023-11-02 12:56:56 -0000 (Thu, 02 Nov 2023)
EllapsedTime: 385.6 seconds
RetCode: 1
Status:   ERROR  
CheckDir: oppar.Rcheck
Warnings: NA

Command output

##############################################################################
##############################################################################
###
### Running command:
###
###   /home/biocbuild/R/R-4.3.1/bin/R CMD check --install=check:oppar.install-out.txt --library=/home/biocbuild/R/R-4.3.1/site-library --no-vignettes --timings oppar_1.30.0.tar.gz
###
##############################################################################
##############################################################################


* using log directory ‘/home/biocbuild/bbs-3.18-bioc/meat/oppar.Rcheck’
* using R version 4.3.1 (2023-06-16)
* using platform: aarch64-unknown-linux-gnu (64-bit)
* R was compiled by
    gcc (GCC) 10.3.1
    GNU Fortran (GCC) 10.3.1
* running under: openEuler 22.03 (LTS-SP1)
* using session charset: UTF-8
* using option ‘--no-vignettes’
* checking for file ‘oppar/DESCRIPTION’ ... OK
* checking extension type ... Package
* this is package ‘oppar’ version ‘1.30.0’
* checking package namespace information ... OK
* checking package dependencies ... OK
* checking if this is a source package ... OK
* checking if there is a namespace ... OK
* checking for hidden files and directories ... OK
* checking for portable file names ... OK
* checking for sufficient/correct file permissions ... OK
* checking whether package ‘oppar’ can be installed ... OK
* used C compiler: ‘gcc (GCC) 10.3.1’
* checking installed package size ... NOTE
  installed size is  5.7Mb
  sub-directories of 1Mb or more:
    data   5.1Mb
* checking package directory ... OK
* checking ‘build’ directory ... OK
* checking DESCRIPTION meta-information ... OK
* checking top-level files ... OK
* checking for left-over files ... OK
* checking index information ... OK
* checking package subdirectories ... NOTE
Problems with news in ‘NEWS’:
  Cannot process chunk/lines:
    Initial release
* checking R files for non-ASCII characters ... OK
* checking R files for syntax errors ... OK
* checking whether the package can be loaded ... OK
* checking whether the package can be loaded with stated dependencies ... OK
* checking whether the package can be unloaded cleanly ... OK
* checking whether the namespace can be loaded with stated dependencies ... OK
* checking whether the namespace can be unloaded cleanly ... OK
* checking loading without being on the library search path ... OK
* checking startup messages can be suppressed ... OK
* checking dependencies in R code ... OK
* checking S3 generic/method consistency ... OK
* checking replacement functions ... OK
* checking foreign function calls ... OK
* checking R code for possible problems ... NOTE
compute.gene.density : <anonymous>: no visible global function
  definition for ‘ecdf’
compute.geneset.es: no visible global function definition for
  ‘txtProgressBar’
compute.geneset.es: no visible global function definition for
  ‘setTxtProgressBar’
ks_test_m: no visible global function definition for
  ‘setTxtProgressBar’
plage: no visible global function definition for ‘txtProgressBar’
plage : <anonymous>: no visible global function definition for ‘sd’
plage : <anonymous>: no visible global function definition for
  ‘setTxtProgressBar’
plage: no visible global function definition for ‘setTxtProgressBar’
ssgsea: no visible global function definition for ‘txtProgressBar’
ssgsea : <anonymous>: no visible global function definition for
  ‘setTxtProgressBar’
ssgsea: no visible global function definition for ‘setTxtProgressBar’
zscore: no visible global function definition for ‘txtProgressBar’
zscore : <anonymous>: no visible global function definition for ‘sd’
zscore : <anonymous>: no visible global function definition for
  ‘setTxtProgressBar’
zscore: no visible global function definition for ‘setTxtProgressBar’
computeGeneSetsOverlap,list-ExpressionSet : <anonymous>: no visible
  global function definition for ‘na.omit’
computeGeneSetsOverlap,list-character : <anonymous>: no visible global
  function definition for ‘na.omit’
gsva,ExpressionSet-GeneSetCollection: no visible binding for global
  variable ‘sd’
gsva,ExpressionSet-GeneSetCollection : <anonymous>: no visible global
  function definition for ‘na.omit’
gsva,ExpressionSet-list: no visible binding for global variable ‘sd’
gsva,ExpressionSet-list : <anonymous>: no visible global function
  definition for ‘na.omit’
gsva,matrix-GeneSetCollection: no visible binding for global variable
  ‘sd’
gsva,matrix-GeneSetCollection : <anonymous>: no visible global function
  definition for ‘na.omit’
gsva,matrix-list: no visible binding for global variable ‘sd’
gsva,matrix-list : <anonymous>: no visible global function definition
  for ‘na.omit’
opa,matrix: no visible global function definition for ‘relevel’
opa,matrix : <anonymous>: no visible global function definition for
  ‘mad’
opa,matrix : <anonymous>: no visible global function definition for
  ‘median’
opa,matrix : <anonymous>: no visible binding for global variable
  ‘quantile’
opa,matrix : <anonymous>: no visible global function definition for
  ‘IQR’
show,OPPARList: no visible global function definition for ‘head’
Undefined global functions or variables:
  IQR ecdf head mad median na.omit quantile relevel sd
  setTxtProgressBar txtProgressBar
Consider adding
  importFrom("stats", "IQR", "ecdf", "mad", "median", "na.omit",
             "quantile", "relevel", "sd")
  importFrom("utils", "head", "setTxtProgressBar", "txtProgressBar")
to your NAMESPACE file.
* checking Rd files ... OK
* checking Rd metadata ... OK
* checking Rd cross-references ... OK
* checking for missing documentation entries ... OK
* checking for code/documentation mismatches ... OK
* checking Rd \usage sections ... OK
* checking Rd contents ... OK
* checking for unstated dependencies in examples ... OK
* checking contents of ‘data’ directory ... OK
* checking data for non-ASCII characters ... OK
* checking LazyData ... WARNING
  LazyData DB of 5.1 MB without LazyDataCompression set
  See §1.1.6 of 'Writing R Extensions'
* checking data for ASCII and uncompressed saves ... OK
* checking line endings in C/C++/Fortran sources/headers ... OK
* checking compiled code ... NOTE
Note: information on .o files is not available
* checking files in ‘vignettes’ ... OK
* checking examples ... ERROR
Running examples in ‘oppar-Ex.R’ failed
The error most likely occurred in:

> base::assign(".ptime", proc.time(), pos = "CheckExEnv")
> ### Name: getSampleOutlier
> ### Title: Retrieving outlier genes in samples
> ### Aliases: getSampleOutlier getSampleOutlier,OPPARList,nuchar-method
> ###   getSampleOutlier,matrix,nuchar-method
> 
> ### ** Examples
> 
> data(GSE46141)
> library(Biobase)
Loading required package: BiocGenerics

Attaching package: ‘BiocGenerics’

The following objects are masked from ‘package:stats’:

    IQR, mad, sd, var, xtabs

The following objects are masked from ‘package:base’:

    Filter, Find, Map, Position, Reduce, anyDuplicated, aperm, append,
    as.data.frame, basename, cbind, colnames, dirname, do.call,
    duplicated, eval, evalq, get, grep, grepl, intersect, is.unsorted,
    lapply, mapply, match, mget, order, paste, pmax, pmax.int, pmin,
    pmin.int, rank, rbind, rownames, sapply, setdiff, sort, table,
    tapply, union, unique, unsplit, which.max, which.min

Welcome to Bioconductor

    Vignettes contain introductory material; view with
    'browseVignettes()'. To cite Bioconductor, see
    'citation("Biobase")', and for packages 'citation("pkgname")'.

> group <- sapply(pData(bcm)$source_name_ch1, function(x){ ifelse(x == "breast",0,1)})
> group <- factor(group)
> bcm.opa <- opa(bcm,group=group)
* checking for unstated dependencies in vignettes ... OK
* checking package vignettes in ‘inst/doc’ ... OK
* checking running R code from vignettes ... SKIPPED
* checking re-building of vignette outputs ... SKIPPED
* checking PDF version of manual ... OK
* DONE

Status: 1 ERROR, 1 WARNING, 4 NOTEs
See
  ‘/home/biocbuild/bbs-3.18-bioc/meat/oppar.Rcheck/00check.log’
for details.


Installation output

oppar.Rcheck/00install.out

##############################################################################
##############################################################################
###
### Running command:
###
###   /home/biocbuild/R/R-4.3.1/bin/R CMD INSTALL oppar
###
##############################################################################
##############################################################################


* installing to library ‘/home/biocbuild/R/R-4.3.1/site-library’
* installing *source* package ‘oppar’ ...
** using staged installation
** libs
using C compiler: ‘gcc (GCC) 10.3.1’
gcc -I"/home/biocbuild/R/R-4.3.1/include" -DNDEBUG   -I/usr/local/include    -fPIC  -g -O2  -Wall -c R_init_oppar.c -o R_init_oppar.o
gcc -I"/home/biocbuild/R/R-4.3.1/include" -DNDEBUG   -I/usr/local/include    -fPIC  -g -O2  -Wall -c kernel_estimation.c -o kernel_estimation.o
gcc -I"/home/biocbuild/R/R-4.3.1/include" -DNDEBUG   -I/usr/local/include    -fPIC  -g -O2  -Wall -c ks_test.c -o ks_test.o
ks_test.c: In function ‘ks_sample’:
ks_test.c:22:9: warning: unused variable ‘mx_value’ [-Wunused-variable]
   22 |  double mx_value = 0.0;
      |         ^~~~~~~~
gcc -shared -L/home/biocbuild/R/R-4.3.1/lib -L/usr/local/lib -o oppar.so R_init_oppar.o kernel_estimation.o ks_test.o -L/home/biocbuild/R/R-4.3.1/lib -lR
installing to /home/biocbuild/R/R-4.3.1/site-library/00LOCK-oppar/00new/oppar/libs
** R
** data
*** moving datasets to lazyload DB
** inst
** byte-compile and prepare package for lazy loading
** help
*** installing help indices
** building package indices
** installing vignettes
** testing if installed package can be loaded from temporary location
** checking absolute paths in shared objects and dynamic libraries
** testing if installed package can be loaded from final location
** testing if installed package keeps a record of temporary installation path
* DONE (oppar)

Tests output


Example timings

oppar.Rcheck/oppar-Ex.timings

nameusersystemelapsed