| Back to Multiple platform build/check report for BioC 3.18: simplified long |
|
This page was generated on 2023-11-02 11:41:00 -0400 (Thu, 02 Nov 2023).
| Hostname | OS | Arch (*) | R version | Installed pkgs |
|---|---|---|---|---|
| nebbiolo2 | Linux (Ubuntu 22.04.2 LTS) | x86_64 | 4.3.1 (2023-06-16) -- "Beagle Scouts" | 4729 |
| palomino4 | Windows Server 2022 Datacenter | x64 | 4.3.1 (2023-06-16 ucrt) -- "Beagle Scouts" | 4463 |
| lconway | macOS 12.6.5 Monterey | x86_64 | 4.3.1 Patched (2023-06-17 r84564) -- "Beagle Scouts" | 4478 |
| kunpeng2 | Linux (openEuler 22.03 LTS-SP1) | aarch64 | 4.3.1 (2023-06-16) -- "Beagle Scouts" | 4464 |
| Click on any hostname to see more info about the system (e.g. compilers) (*) as reported by 'uname -p', except on Windows and Mac OS X | ||||
| Package 1390/2266 | Hostname | OS / Arch | INSTALL | BUILD | CHECK | BUILD BIN | ||||||||
| ncdfFlow 2.48.0 (landing page) Mike Jiang
| nebbiolo2 | Linux (Ubuntu 22.04.2 LTS) / x86_64 | OK | OK | WARNINGS | |||||||||
| palomino4 | Windows Server 2022 Datacenter / x64 | OK | OK | WARNINGS | OK | |||||||||
| lconway | macOS 12.6.5 Monterey / x86_64 | OK | OK | WARNINGS | OK | |||||||||
| kjohnson1 | macOS 13.6.1 Ventura / arm64 | see weekly results here | ||||||||||||
| kunpeng2 | Linux (openEuler 22.03 LTS-SP1) / aarch64 | OK | OK | WARNINGS | ||||||||||
|
To the developers/maintainers of the ncdfFlow package: - Allow up to 24 hours (and sometimes 48 hours) for your latest push to git@git.bioconductor.org:packages/ncdfFlow.git to reflect on this report. See Troubleshooting Build Report for more information. - Use the following Renviron settings to reproduce errors and warnings. - If 'R CMD check' started to fail recently on the Linux builder(s) over a missing dependency, add the missing dependency to 'Suggests:' in your DESCRIPTION file. See Renviron.bioc for more information. - See Martin Grigorov's blog post for how to debug Linux ARM64 related issues on a x86_64 host. |
| Package: ncdfFlow |
| Version: 2.48.0 |
| Command: /home/biocbuild/R/R-4.3.1/bin/R CMD check --install=check:ncdfFlow.install-out.txt --library=/home/biocbuild/R/R-4.3.1/site-library --no-vignettes --timings ncdfFlow_2.48.0.tar.gz |
| StartedAt: 2023-11-02 12:37:11 -0000 (Thu, 02 Nov 2023) |
| EndedAt: 2023-11-02 12:38:57 -0000 (Thu, 02 Nov 2023) |
| EllapsedTime: 105.4 seconds |
| RetCode: 0 |
| Status: WARNINGS |
| CheckDir: ncdfFlow.Rcheck |
| Warnings: 3 |
##############################################################################
##############################################################################
###
### Running command:
###
### /home/biocbuild/R/R-4.3.1/bin/R CMD check --install=check:ncdfFlow.install-out.txt --library=/home/biocbuild/R/R-4.3.1/site-library --no-vignettes --timings ncdfFlow_2.48.0.tar.gz
###
##############################################################################
##############################################################################
* using log directory ‘/home/biocbuild/bbs-3.18-bioc/meat/ncdfFlow.Rcheck’
* using R version 4.3.1 (2023-06-16)
* using platform: aarch64-unknown-linux-gnu (64-bit)
* R was compiled by
gcc (GCC) 10.3.1
GNU Fortran (GCC) 10.3.1
* running under: openEuler 22.03 (LTS-SP1)
* using session charset: UTF-8
* using option ‘--no-vignettes’
* checking for file ‘ncdfFlow/DESCRIPTION’ ... OK
* this is package ‘ncdfFlow’ version ‘2.48.0’
* checking package namespace information ... OK
* checking package dependencies ... OK
* checking if this is a source package ... OK
* checking if there is a namespace ... OK
* checking for hidden files and directories ... OK
* checking for portable file names ... OK
* checking for sufficient/correct file permissions ... OK
* checking whether package ‘ncdfFlow’ can be installed ... OK
* used C++ compiler: ‘g++ (GCC) 10.3.1’
* checking C++ specification ... NOTE
Specified C++11: please drop specification unless essential
* checking installed package size ... NOTE
installed size is 18.3Mb
sub-directories of 1Mb or more:
lib 1.1Mb
libs 16.4Mb
* checking package directory ... OK
* checking ‘build’ directory ... OK
* checking DESCRIPTION meta-information ... NOTE
Malformed Title field: should not end in a period.
Non-standard license specification:
AGPL-3.0-only
Standardizable: FALSE
Package listed in more than one of Depends, Imports, Suggests, Enhances:
‘flowCore’
A package should be listed in only one of these fields.
* checking top-level files ... NOTE
File
LICENSE
is not mentioned in the DESCRIPTION file.
* checking for left-over files ... OK
* checking index information ... OK
* checking package subdirectories ... OK
* checking R files for non-ASCII characters ... OK
* checking R files for syntax errors ... OK
* checking whether the package can be loaded ... OK
* checking whether the package can be loaded with stated dependencies ... OK
* checking whether the package can be unloaded cleanly ... OK
* checking whether the namespace can be loaded with stated dependencies ... OK
* checking whether the namespace can be unloaded cleanly ... OK
* checking loading without being on the library search path ... OK
* checking dependencies in R code ... NOTE
'library' or 'require' call to ‘parallel’ in package code.
Please use :: or requireNamespace() instead.
See section 'Suggested packages' in the 'Writing R Extensions' manual.
Package in Depends field not imported from: ‘BH’
These packages need to be imported from (in the NAMESPACE file)
for when this namespace is loaded but not attached.
* checking S3 generic/method consistency ... OK
* checking replacement functions ... OK
* checking foreign function calls ... OK
* checking R code for possible problems ... NOTE
ncdfFlowSet,flowSet: warning in assign(guid, new("flowFrame", exprs =
matrix(numeric(0), nrow = 0, ncol = 0), parameters(x[[guid]]),
keyword(x[[guid]])), env = e1): partial argument match of 'env' to
'envir'
rbind2,ncdfFlowList-ANY : <anonymous> : <anonymous>: warning in
assign(curSample, NA, env = indiceEnv): partial argument match of
'env' to 'envir'
read.ncdfFlowSet: no visible global function definition for ‘mclapply’
Undefined global functions or variables:
mclapply
* checking Rd files ... OK
* checking Rd metadata ... OK
* checking Rd cross-references ... OK
* checking for missing documentation entries ... OK
* checking for code/documentation mismatches ... WARNING
Codoc mismatches from documentation object '[[,ncdfFlowSet,ANY-method':
\S4method{[[}{ncdfFlowSet,ANY}
Code: function(x, i, j, ...)
Docs: function(x, i, j, use.exprs = TRUE, ...)
Argument names in docs not in code:
use.exprs
Mismatches in argument names:
Position: 4 Code: ... Docs: use.exprs
* checking Rd \usage sections ... OK
* checking Rd contents ... OK
* checking for unstated dependencies in examples ... OK
* checking line endings in C/C++/Fortran sources/headers ... OK
* checking line endings in Makefiles ... OK
* checking compilation flags in Makevars ... OK
* checking for GNU extensions in Makefiles ... WARNING
Found the following file(s) containing GNU extensions:
src/Makevars
Portable Makefiles do not use GNU extensions such as +=, :=, $(shell),
$(wildcard), ifeq ... endif, .NOTPARALLEL See section ‘Writing portable
packages’ in the ‘Writing R Extensions’ manual.
* checking for portable use of $(BLAS_LIBS) and $(LAPACK_LIBS) ... OK
* checking use of PKG_*FLAGS in Makefiles ... OK
* checking compiled code ... WARNING
Note: information on .o files is not available
File ‘/home/biocbuild/R/R-4.3.1/site-library/ncdfFlow/libs/ncdfFlow.so’:
Found ‘abort’, possibly from ‘abort’ (C)
Found ‘rand_r’, possibly from ‘rand_r’ (C)
Found ‘sprintf’, possibly from ‘sprintf’ (C)
Found ‘stderr’, possibly from ‘stderr’ (C)
Found ‘stdout’, possibly from ‘stdout’ (C)
Compiled code should not call entry points which might terminate R nor
write to stdout/stderr instead of to the console, nor use Fortran I/O
nor system RNGs nor [v]sprintf. The detected symbols are linked into
the code but might come from libraries and not actually be called.
See ‘Writing portable packages’ in the ‘Writing R Extensions’ manual.
* checking files in ‘vignettes’ ... OK
* checking examples ... OK
Examples with CPU (user + system) or elapsed time > 5s
user system elapsed
Indices 6.881 0.224 7.28
* checking for unstated dependencies in ‘tests’ ... OK
* checking tests ...
Running ‘testthat.R’
OK
* checking for unstated dependencies in vignettes ... OK
* checking package vignettes in ‘inst/doc’ ... OK
* checking running R code from vignettes ... SKIPPED
* checking re-building of vignette outputs ... SKIPPED
* checking PDF version of manual ... OK
* DONE
Status: 3 WARNINGs, 6 NOTEs
See
‘/home/biocbuild/bbs-3.18-bioc/meat/ncdfFlow.Rcheck/00check.log’
for details.
ncdfFlow.Rcheck/00install.out
##############################################################################
##############################################################################
###
### Running command:
###
### /home/biocbuild/R/R-4.3.1/bin/R CMD INSTALL ncdfFlow
###
##############################################################################
##############################################################################
* installing to library ‘/home/biocbuild/R/R-4.3.1/site-library’
* installing *source* package ‘ncdfFlow’ ...
** using staged installation
** libs
using C++ compiler: ‘g++ (GCC) 10.3.1’
using C++11
g++ -std=gnu++11 -I"/home/biocbuild/R/R-4.3.1/include" -DNDEBUG -I'/home/biocbuild/R/R-4.3.1/site-library/cpp11/include' -I'/home/biocbuild/R/R-4.3.1/site-library/BH/include' -I'/home/biocbuild/R/R-4.3.1/site-library/Rhdf5lib/include' -I/usr/local/include -fPIC -g -O2 -Wall -c cpp11.cpp -o cpp11.o
g++ -std=gnu++11 -I"/home/biocbuild/R/R-4.3.1/include" -DNDEBUG -I'/home/biocbuild/R/R-4.3.1/site-library/cpp11/include' -I'/home/biocbuild/R/R-4.3.1/site-library/BH/include' -I'/home/biocbuild/R/R-4.3.1/site-library/Rhdf5lib/include' -I/usr/local/include -fPIC -g -O2 -Wall -c hdfFlow.cpp -o hdfFlow.o
In file included from /home/biocbuild/R/R-4.3.1/site-library/BH/include/boost/mpl/aux_/na_assert.hpp:23,
from /home/biocbuild/R/R-4.3.1/site-library/BH/include/boost/mpl/arg.hpp:25,
from /home/biocbuild/R/R-4.3.1/site-library/BH/include/boost/mpl/placeholders.hpp:24,
from /home/biocbuild/R/R-4.3.1/site-library/BH/include/boost/iterator/iterator_categories.hpp:16,
from /home/biocbuild/R/R-4.3.1/site-library/BH/include/boost/iterator/iterator_facade.hpp:13,
from /home/biocbuild/R/R-4.3.1/site-library/BH/include/boost/range/iterator_range_core.hpp:27,
from /home/biocbuild/R/R-4.3.1/site-library/BH/include/boost/lexical_cast.hpp:30,
from hdfFlow.cpp:13:
/home/biocbuild/R/R-4.3.1/site-library/BH/include/boost/mpl/assert.hpp:194:21: warning: unnecessary parentheses in declaration of ‘assert_arg’ [-Wparentheses]
194 | failed ************ (Pred::************
| ^
/home/biocbuild/R/R-4.3.1/site-library/BH/include/boost/mpl/assert.hpp:199:21: warning: unnecessary parentheses in declaration of ‘assert_not_arg’ [-Wparentheses]
199 | failed ************ (boost::mpl::not_<Pred>::************
| ^
hdfFlow.cpp: In function ‘void readSlice_cpp(hid_t, hid_t, hid_t, std::vector<int>, int, int, double*, bool)’:
hdfFlow.cpp:508:17: warning: comparison of integer expressions of different signedness: ‘int’ and ‘unsigned int’ [-Wsign-compare]
508 | if(sampleIndx >= nSample)
| ~~~~~~~~~~~^~~~~~~~~~
hdfFlow.cpp:493:14: warning: variable ‘status’ set but not used [-Wunused-but-set-variable]
493 | herr_t status;
| ^~~~~~
mkdir -p "/home/biocbuild/R/R-4.3.1/site-library/00LOCK-ncdfFlow/00new/ncdfFlow/lib"
ar rs "/home/biocbuild/R/R-4.3.1/site-library/00LOCK-ncdfFlow/00new/ncdfFlow/lib/libncdfFlow.a" cpp11.o hdfFlow.o
ar: creating /home/biocbuild/R/R-4.3.1/site-library/00LOCK-ncdfFlow/00new/ncdfFlow/lib/libncdfFlow.a
g++ -std=gnu++11 -shared -L/home/biocbuild/R/R-4.3.1/lib -L/usr/local/lib -o ncdfFlow.so cpp11.o hdfFlow.o /home/biocbuild/R/R-4.3.1/site-library/Rhdf5lib/lib/libhdf5_cpp.a /home/biocbuild/R/R-4.3.1/site-library/Rhdf5lib/lib/libhdf5.a -lcrypto -lcurl -lsz -laec -lz -ldl -lm -L/home/biocbuild/R/R-4.3.1/lib -lR
installing to /home/biocbuild/R/R-4.3.1/site-library/00LOCK-ncdfFlow/00new/ncdfFlow/libs
** R
** inst
** byte-compile and prepare package for lazy loading
** help
*** installing help indices
** building package indices
** installing vignettes
** testing if installed package can be loaded from temporary location
** checking absolute paths in shared objects and dynamic libraries
** testing if installed package can be loaded from final location
** testing if installed package keeps a record of temporary installation path
* DONE (ncdfFlow)
ncdfFlow.Rcheck/tests/testthat.Rout
R version 4.3.1 (2023-06-16) -- "Beagle Scouts"
Copyright (C) 2023 The R Foundation for Statistical Computing
Platform: aarch64-unknown-linux-gnu (64-bit)
R is free software and comes with ABSOLUTELY NO WARRANTY.
You are welcome to redistribute it under certain conditions.
Type 'license()' or 'licence()' for distribution details.
R is a collaborative project with many contributors.
Type 'contributors()' for more information and
'citation()' on how to cite R or R packages in publications.
Type 'demo()' for some demos, 'help()' for on-line help, or
'help.start()' for an HTML browser interface to help.
Type 'q()' to quit R.
> library(testthat)
> library(ncdfFlow)
Loading required package: flowCore
Loading required package: BH
>
> test_check("ncdfFlow")
[ FAIL 0 | WARN 1 | SKIP 3 | PASS 335 ]
══ Skipped tests (3) ═══════════════════════════════════════════════════════════
• ###this will cause crashing error see #50 (2):
'test_ncdfFlowSet_accessor.R:51:5', 'test_ncdfFlowSet_accessor.R:267:3'
• file.exists(filename) is not TRUE (1): 'test_IO.R:6:3'
[ FAIL 0 | WARN 1 | SKIP 3 | PASS 335 ]
Warning message:
In for (i in seq_len(n)) { :
closing unused connection 4 (/home/biocbuild/tmp/RtmpGrmJrR/file1a782513f869d9)
> #devtools::test("~/rglab/workspace/ncdfFlow")
> #test_file("~/rglab/workspace/ncdfFlow/inst/tests/test_ncdfFlowSet_accessor.R")
> #test_file("~/rglab/workspace/ncdfFlow/inst/tests/test_ncdfFlowList.R")
>
>
> proc.time()
user system elapsed
16.493 0.379 16.900
ncdfFlow.Rcheck/ncdfFlow-Ex.timings
| name | user | system | elapsed | |
| Indices | 6.881 | 0.224 | 7.280 | |
| as.flowSet | 2.984 | 0.064 | 3.054 | |
| clone.ncdfFlowSet | 0.317 | 0.012 | 0.339 | |
| extractFlowFrame | 1.967 | 0.024 | 1.994 | |
| ncdfFlowList-class | 2.097 | 0.016 | 2.118 | |
| ncdfFlowSet-constructor | 2.302 | 0.044 | 2.352 | |
| ncfsApply-ncdfFlowSet-method | 1.894 | 0.016 | 1.914 | |
| rbind2-method | 1.950 | 0.031 | 1.985 | |
| read.ncdfFlowSet | 0.321 | 0.000 | 0.321 | |
| replacement-method-for-ncdfFlowSet | 2.008 | 0.008 | 2.020 | |
| save_ncfs | 0.000 | 0.000 | 0.001 | |
| subset-methods | 1.877 | 0.008 | 1.889 | |
| unlink-ncdfFlowSet-method | 2.343 | 0.044 | 2.393 | |