Back to Multiple platform build/check report for BioC 3.18: simplified long |
|
This page was generated on 2023-11-02 11:40:59 -0400 (Thu, 02 Nov 2023).
Hostname | OS | Arch (*) | R version | Installed pkgs |
---|---|---|---|---|
nebbiolo2 | Linux (Ubuntu 22.04.2 LTS) | x86_64 | 4.3.1 (2023-06-16) -- "Beagle Scouts" | 4729 |
palomino4 | Windows Server 2022 Datacenter | x64 | 4.3.1 (2023-06-16 ucrt) -- "Beagle Scouts" | 4463 |
lconway | macOS 12.6.5 Monterey | x86_64 | 4.3.1 Patched (2023-06-17 r84564) -- "Beagle Scouts" | 4478 |
kunpeng2 | Linux (openEuler 22.03 LTS-SP1) | aarch64 | 4.3.1 (2023-06-16) -- "Beagle Scouts" | 4464 |
Click on any hostname to see more info about the system (e.g. compilers) (*) as reported by 'uname -p', except on Windows and Mac OS X |
Package 1370/2266 | Hostname | OS / Arch | INSTALL | BUILD | CHECK | BUILD BIN | ||||||||
multtest 2.58.0 (landing page) Katherine S. Pollard
| nebbiolo2 | Linux (Ubuntu 22.04.2 LTS) / x86_64 | OK | OK | WARNINGS | |||||||||
palomino4 | Windows Server 2022 Datacenter / x64 | OK | OK | WARNINGS | OK | |||||||||
lconway | macOS 12.6.5 Monterey / x86_64 | OK | OK | WARNINGS | OK | |||||||||
kjohnson1 | macOS 13.6.1 Ventura / arm64 | see weekly results here | ||||||||||||
kunpeng2 | Linux (openEuler 22.03 LTS-SP1) / aarch64 | OK | OK | WARNINGS | ||||||||||
To the developers/maintainers of the multtest package: - Allow up to 24 hours (and sometimes 48 hours) for your latest push to git@git.bioconductor.org:packages/multtest.git to reflect on this report. See Troubleshooting Build Report for more information. - Use the following Renviron settings to reproduce errors and warnings. - If 'R CMD check' started to fail recently on the Linux builder(s) over a missing dependency, add the missing dependency to 'Suggests:' in your DESCRIPTION file. See Renviron.bioc for more information. - See Martin Grigorov's blog post for how to debug Linux ARM64 related issues on a x86_64 host. |
Package: multtest |
Version: 2.58.0 |
Command: /home/biocbuild/R/R-4.3.1/bin/R CMD check --install=check:multtest.install-out.txt --library=/home/biocbuild/R/R-4.3.1/site-library --no-vignettes --timings multtest_2.58.0.tar.gz |
StartedAt: 2023-11-02 12:34:38 -0000 (Thu, 02 Nov 2023) |
EndedAt: 2023-11-02 12:36:05 -0000 (Thu, 02 Nov 2023) |
EllapsedTime: 86.3 seconds |
RetCode: 0 |
Status: WARNINGS |
CheckDir: multtest.Rcheck |
Warnings: 3 |
############################################################################## ############################################################################## ### ### Running command: ### ### /home/biocbuild/R/R-4.3.1/bin/R CMD check --install=check:multtest.install-out.txt --library=/home/biocbuild/R/R-4.3.1/site-library --no-vignettes --timings multtest_2.58.0.tar.gz ### ############################################################################## ############################################################################## * using log directory ‘/home/biocbuild/bbs-3.18-bioc/meat/multtest.Rcheck’ * using R version 4.3.1 (2023-06-16) * using platform: aarch64-unknown-linux-gnu (64-bit) * R was compiled by gcc (GCC) 10.3.1 GNU Fortran (GCC) 10.3.1 * running under: openEuler 22.03 (LTS-SP1) * using session charset: UTF-8 * using option ‘--no-vignettes’ * checking for file ‘multtest/DESCRIPTION’ ... OK * this is package ‘multtest’ version ‘2.58.0’ * checking package namespace information ... OK * checking package dependencies ... OK * checking if this is a source package ... OK * checking if there is a namespace ... OK * checking for hidden files and directories ... OK * checking for portable file names ... OK * checking for sufficient/correct file permissions ... OK * checking whether package ‘multtest’ can be installed ... OK * used C compiler: ‘gcc (GCC) 10.3.1’ * checking installed package size ... OK * checking package directory ... OK * checking DESCRIPTION meta-information ... OK * checking top-level files ... OK * checking for left-over files ... OK * checking index information ... OK * checking package subdirectories ... OK * checking R files for non-ASCII characters ... OK * checking R files for syntax errors ... OK * checking whether the package can be loaded ... OK * checking whether the package can be loaded with stated dependencies ... OK * checking whether the package can be unloaded cleanly ... OK * checking whether the namespace can be loaded with stated dependencies ... OK * checking whether the namespace can be unloaded cleanly ... OK * checking loading without being on the library search path ... OK * checking startup messages can be suppressed ... OK * checking dependencies in R code ... NOTE 'library' or 'require' call to ‘methods’ which was already attached by Depends. Please remove these calls from your code. * checking S3 generic/method consistency ... OK * checking replacement functions ... OK * checking foreign function calls ... OK * checking R code for possible problems ... NOTE File ‘multtest/R/zzz.R’: .onLoad calls: require(methods) Package startup functions should not change the search path. See section ‘Good practice’ in '?.onAttach'. EBMTP: no visible global function definition for ‘makeCluster’ EBMTP: no visible global function definition for ‘clusterEvalQ’ EBMTP: no visible global function definition for ‘stopCluster’ MTP: no visible global function definition for ‘makeCluster’ MTP: no visible global function definition for ‘clusterEvalQ’ MTP: no visible global function definition for ‘stopCluster’ boot.null: no visible global function definition for ‘clusterApply’ boot.null: no visible global function definition for ‘clusterApplyLB’ EBupdate,EBMTP: no visible binding for global variable ‘y’ update,MTP: no visible binding for global variable ‘y’ Undefined global functions or variables: clusterApply clusterApplyLB clusterEvalQ makeCluster stopCluster y * checking Rd files ... NOTE checkRd: (-1) mt.maxT.Rd:88: Escaped LaTeX specials: \# checkRd: (-1) mt.maxT.Rd:91: Escaped LaTeX specials: \& checkRd: (-1) mt.plot.Rd:37: Escaped LaTeX specials: \# * checking Rd metadata ... OK * checking Rd cross-references ... OK * checking for missing documentation entries ... WARNING Undocumented S4 methods: generic '[' and siglist 'EBMTP,ANY,ANY,ANY' generic '[' and siglist 'MTP,ANY,ANY,ANY' All user-level objects in a package (including S4 classes and methods) should have documentation entries. See chapter ‘Writing R documentation files’ in the ‘Writing R Extensions’ manual. * checking for code/documentation mismatches ... OK * checking Rd \usage sections ... OK * checking Rd contents ... OK * checking for unstated dependencies in examples ... OK * checking contents of ‘data’ directory ... OK * checking data for non-ASCII characters ... OK * checking data for ASCII and uncompressed saves ... OK * checking line endings in C/C++/Fortran sources/headers ... OK * checking line endings in Makefiles ... OK * checking compilation flags in Makevars ... OK * checking for GNU extensions in Makefiles ... OK * checking for portable use of $(BLAS_LIBS) and $(LAPACK_LIBS) ... OK * checking use of PKG_*FLAGS in Makefiles ... OK * checking compiled code ... WARNING Note: information on .o files is not available File ‘/home/biocbuild/R/R-4.3.1/site-library/multtest/libs/multtest.so’: Found ‘sprintf’, possibly from ‘sprintf’ (C) Found ‘stderr’, possibly from ‘stderr’ (C) Compiled code should not call entry points which might terminate R nor write to stdout/stderr instead of to the console, nor use Fortran I/O nor system RNGs nor [v]sprintf. The detected symbols are linked into the code but might come from libraries and not actually be called. See ‘Writing portable packages’ in the ‘Writing R Extensions’ manual. * checking files in ‘vignettes’ ... WARNING Files in the 'vignettes' directory but no files in 'inst/doc': ‘MTP.pdf’ ‘MTP.tex’ ‘MTPALL.pdf’ ‘golub.R’ ‘multtest.bib’ ‘multtest.pdf’ Package has no Sweave vignette sources and no VignetteBuilder field. * checking examples ... OK * checking PDF version of manual ... OK * DONE Status: 3 WARNINGs, 3 NOTEs See ‘/home/biocbuild/bbs-3.18-bioc/meat/multtest.Rcheck/00check.log’ for details.
multtest.Rcheck/00install.out
############################################################################## ############################################################################## ### ### Running command: ### ### /home/biocbuild/R/R-4.3.1/bin/R CMD INSTALL multtest ### ############################################################################## ############################################################################## * installing to library ‘/home/biocbuild/R/R-4.3.1/site-library’ * installing *source* package ‘multtest’ ... ** using staged installation ** libs using C compiler: ‘gcc (GCC) 10.3.1’ gcc -I"/home/biocbuild/R/R-4.3.1/include" -DNDEBUG -I/usr/local/include -DUSEDOUBLE -fPIC -g -O2 -Wall -c Rpack.c -o Rpack.o gcc -I"/home/biocbuild/R/R-4.3.1/include" -DNDEBUG -I/usr/local/include -DUSEDOUBLE -fPIC -g -O2 -Wall -c VScount.c -o VScount.o gcc -I"/home/biocbuild/R/R-4.3.1/include" -DNDEBUG -I/usr/local/include -DUSEDOUBLE -fPIC -g -O2 -Wall -c block_sampling_fixed.c -o block_sampling_fixed.o gcc -I"/home/biocbuild/R/R-4.3.1/include" -DNDEBUG -I/usr/local/include -DUSEDOUBLE -fPIC -g -O2 -Wall -c bootloop.c -o bootloop.o gcc -I"/home/biocbuild/R/R-4.3.1/include" -DNDEBUG -I/usr/local/include -DUSEDOUBLE -fPIC -g -O2 -Wall -c mt.c -o mt.o gcc -I"/home/biocbuild/R/R-4.3.1/include" -DNDEBUG -I/usr/local/include -DUSEDOUBLE -fPIC -g -O2 -Wall -c pairt_sampling.c -o pairt_sampling.o gcc -I"/home/biocbuild/R/R-4.3.1/include" -DNDEBUG -I/usr/local/include -DUSEDOUBLE -fPIC -g -O2 -Wall -c pairt_sampling_fixed.c -o pairt_sampling_fixed.o gcc -I"/home/biocbuild/R/R-4.3.1/include" -DNDEBUG -I/usr/local/include -DUSEDOUBLE -fPIC -g -O2 -Wall -c random.c -o random.o gcc -I"/home/biocbuild/R/R-4.3.1/include" -DNDEBUG -I/usr/local/include -DUSEDOUBLE -fPIC -g -O2 -Wall -c sampling.c -o sampling.o gcc -I"/home/biocbuild/R/R-4.3.1/include" -DNDEBUG -I/usr/local/include -DUSEDOUBLE -fPIC -g -O2 -Wall -c sampling_fixed.c -o sampling_fixed.o gcc -I"/home/biocbuild/R/R-4.3.1/include" -DNDEBUG -I/usr/local/include -DUSEDOUBLE -fPIC -g -O2 -Wall -c stat_func.c -o stat_func.o gcc -I"/home/biocbuild/R/R-4.3.1/include" -DNDEBUG -I/usr/local/include -DUSEDOUBLE -fPIC -g -O2 -Wall -c stat_order.c -o stat_order.o gcc -shared -L/home/biocbuild/R/R-4.3.1/lib -L/usr/local/lib -o multtest.so Rpack.o VScount.o block_sampling_fixed.o bootloop.o mt.o pairt_sampling.o pairt_sampling_fixed.o random.o sampling.o sampling_fixed.o stat_func.o stat_order.o -lm -L/home/biocbuild/R/R-4.3.1/lib -lR installing to /home/biocbuild/R/R-4.3.1/site-library/00LOCK-multtest/00new/multtest/libs ** R ** data ** inst ** byte-compile and prepare package for lazy loading ** help *** installing help indices ** building package indices ** installing vignettes ** testing if installed package can be loaded from temporary location ** checking absolute paths in shared objects and dynamic libraries ** testing if installed package can be loaded from final location ** testing if installed package keeps a record of temporary installation path * DONE (multtest)
multtest.Rcheck/multtest-Ex.timings
name | user | system | elapsed | |
EBMTP-class | 0 | 0 | 0 | |
EBMTP | 0.223 | 0.000 | 0.224 | |
Hsets | 0.245 | 0.000 | 0.246 | |
MTP-class | 0 | 0 | 0 | |
MTP | 0.690 | 0.000 | 0.692 | |
boot.null | 0.041 | 0.000 | 0.041 | |
corr.null | 0.022 | 0.000 | 0.023 | |
fwer2gfwer | 3.119 | 0.000 | 3.125 | |
get.index | 0.399 | 0.000 | 0.400 | |
meanX | 0.011 | 0.000 | 0.011 | |
mt.maxT | 3.824 | 0.008 | 3.835 | |
mt.plot | 0.445 | 0.000 | 0.446 | |
mt.rawp2adjp | 0.411 | 0.000 | 0.412 | |
mt.reject | 0.411 | 0.000 | 0.412 | |
mt.sample.teststat | 0.1 | 0.0 | 0.1 | |
mt.teststat | 0.177 | 0.012 | 0.190 | |
ss.maxT | 0 | 0 | 0 | |
wapply | 0.001 | 0.000 | 0.001 | |