| Back to Multiple platform build/check report for BioC 3.18: simplified long |
|
This page was generated on 2024-04-17 11:36:07 -0400 (Wed, 17 Apr 2024).
| Hostname | OS | Arch (*) | R version | Installed pkgs |
|---|---|---|---|---|
| nebbiolo2 | Linux (Ubuntu 22.04.3 LTS) | x86_64 | 4.3.3 (2024-02-29) -- "Angel Food Cake" | 4676 |
| palomino4 | Windows Server 2022 Datacenter | x64 | 4.3.3 (2024-02-29 ucrt) -- "Angel Food Cake" | 4414 |
| merida1 | macOS 12.7.1 Monterey | x86_64 | 4.3.3 (2024-02-29) -- "Angel Food Cake" | 4437 |
| Click on any hostname to see more info about the system (e.g. compilers) (*) as reported by 'uname -p', except on Windows and Mac OS X | ||||
| Package 1259/2266 | Hostname | OS / Arch | INSTALL | BUILD | CHECK | BUILD BIN | ||||||||
| mina 1.10.0 (landing page) Rui Guan
| nebbiolo2 | Linux (Ubuntu 22.04.3 LTS) / x86_64 | OK | OK | WARNINGS | |||||||||
| palomino4 | Windows Server 2022 Datacenter / x64 | OK | OK | WARNINGS | OK | |||||||||
| merida1 | macOS 12.7.1 Monterey / x86_64 | OK | OK | WARNINGS | OK | |||||||||
| kjohnson1 | macOS 13.6.1 Ventura / arm64 | see weekly results here | ||||||||||||
|
To the developers/maintainers of the mina package: - Allow up to 24 hours (and sometimes 48 hours) for your latest push to git@git.bioconductor.org:packages/mina.git to reflect on this report. See Troubleshooting Build Report for more information. - Use the following Renviron settings to reproduce errors and warnings. - If 'R CMD check' started to fail recently on the Linux builder(s) over a missing dependency, add the missing dependency to 'Suggests:' in your DESCRIPTION file. See Renviron.bioc for more information. |
| Package: mina |
| Version: 1.10.0 |
| Command: /home/biocbuild/bbs-3.18-bioc/R/bin/R CMD check --install=check:mina.install-out.txt --library=/home/biocbuild/bbs-3.18-bioc/R/site-library --timings mina_1.10.0.tar.gz |
| StartedAt: 2024-04-16 00:54:51 -0400 (Tue, 16 Apr 2024) |
| EndedAt: 2024-04-16 01:00:38 -0400 (Tue, 16 Apr 2024) |
| EllapsedTime: 346.9 seconds |
| RetCode: 0 |
| Status: WARNINGS |
| CheckDir: mina.Rcheck |
| Warnings: 1 |
##############################################################################
##############################################################################
###
### Running command:
###
### /home/biocbuild/bbs-3.18-bioc/R/bin/R CMD check --install=check:mina.install-out.txt --library=/home/biocbuild/bbs-3.18-bioc/R/site-library --timings mina_1.10.0.tar.gz
###
##############################################################################
##############################################################################
* using log directory ‘/home/biocbuild/bbs-3.18-bioc/meat/mina.Rcheck’
* using R version 4.3.3 (2024-02-29)
* using platform: x86_64-pc-linux-gnu (64-bit)
* R was compiled by
gcc (Ubuntu 11.4.0-1ubuntu1~22.04) 11.4.0
GNU Fortran (Ubuntu 11.4.0-1ubuntu1~22.04) 11.4.0
* running under: Ubuntu 22.04.4 LTS
* using session charset: UTF-8
* checking for file ‘mina/DESCRIPTION’ ... OK
* this is package ‘mina’ version ‘1.10.0’
* package encoding: UTF-8
* checking package namespace information ... OK
* checking package dependencies ... OK
* checking if this is a source package ... OK
* checking if there is a namespace ... OK
* checking for hidden files and directories ... OK
* checking for portable file names ... OK
* checking for sufficient/correct file permissions ... OK
* checking whether package ‘mina’ can be installed ... OK
* used C++ compiler: ‘g++ (Ubuntu 11.4.0-1ubuntu1~22.04) 11.4.0’
* checking installed package size ... NOTE
installed size is 9.1Mb
sub-directories of 1Mb or more:
data 7.4Mb
libs 1.2Mb
* checking package directory ... OK
* checking ‘build’ directory ... OK
* checking DESCRIPTION meta-information ... OK
* checking top-level files ... OK
* checking for left-over files ... OK
* checking index information ... OK
* checking package subdirectories ... OK
* checking R files for non-ASCII characters ... OK
* checking R files for syntax errors ... OK
* checking whether the package can be loaded ... OK
* checking whether the package can be loaded with stated dependencies ... OK
* checking whether the package can be unloaded cleanly ... OK
* checking whether the namespace can be loaded with stated dependencies ... OK
* checking whether the namespace can be unloaded cleanly ... OK
* checking loading without being on the library search path ... OK
* checking dependencies in R code ... OK
* checking S3 generic/method consistency ... OK
* checking replacement functions ... OK
* checking foreign function calls ... OK
* checking R code for possible problems ... NOTE
sparcc: no visible binding for global variable ‘i’
net_dis_pcoa,character: no visible binding for global variable ‘y’
net_dis_pcoa,character: no visible binding for global variable ‘Group’
net_dis_plot,mina: no visible binding for global variable ‘Group1’
net_dis_plot,mina: no visible binding for global variable ‘Group2’
net_dis_plot,mina: no visible binding for global variable ‘Distance’
net_dis_plot,mina: no visible binding for global variable ‘Sig’
Undefined global functions or variables:
Distance Group Group1 Group2 Sig i y
* checking Rd files ... OK
* checking Rd metadata ... OK
* checking Rd cross-references ... OK
* checking for missing documentation entries ... OK
* checking for code/documentation mismatches ... OK
* checking Rd \usage sections ... OK
* checking Rd contents ... OK
* checking for unstated dependencies in examples ... OK
* checking contents of ‘data’ directory ... OK
* checking data for non-ASCII characters ... OK
* checking LazyData ... WARNING
LazyData DB of 7.4 MB without LazyDataCompression set
See §1.1.6 of 'Writing R Extensions'
* checking data for ASCII and uncompressed saves ... OK
* checking line endings in C/C++/Fortran sources/headers ... OK
* checking compiled code ... NOTE
Note: information on .o files is not available
* checking files in ‘vignettes’ ... OK
* checking examples ... OK
Examples with CPU (user + system) or elapsed time > 5s
user system elapsed
net_dis_plot 42.527 4.253 28.430
net_dis-mina 23.162 1.810 14.795
dis_stat_accessor 17.314 1.614 11.270
com_plot-mina 16.906 0.000 1.434
bs_pm-mina 12.700 1.217 5.861
net_cls-mina 9.740 0.189 9.514
net_cls-matrix 6.626 0.053 6.131
net_cls 6.548 0.020 6.060
* checking for unstated dependencies in vignettes ... OK
* checking package vignettes in ‘inst/doc’ ... OK
* checking running R code from vignettes ...
‘mina.Rmd’ using ‘UTF-8’... OK
OK
* checking re-building of vignette outputs ... OK
* checking PDF version of manual ... OK
* DONE
Status: 1 WARNING, 3 NOTEs
See
‘/home/biocbuild/bbs-3.18-bioc/meat/mina.Rcheck/00check.log’
for details.
mina.Rcheck/00install.out
############################################################################## ############################################################################## ### ### Running command: ### ### /home/biocbuild/bbs-3.18-bioc/R/bin/R CMD INSTALL mina ### ############################################################################## ############################################################################## * installing to library ‘/home/biocbuild/bbs-3.18-bioc/R/site-library’ * installing *source* package ‘mina’ ... ** using staged installation ** libs using C++ compiler: ‘g++ (Ubuntu 11.4.0-1ubuntu1~22.04) 11.4.0’ g++ -std=gnu++17 -I"/home/biocbuild/bbs-3.18-bioc/R/include" -DNDEBUG -I'/home/biocbuild/bbs-3.18-bioc/R/site-library/Rcpp/include' -I'/home/biocbuild/bbs-3.18-bioc/R/site-library/RcppParallel/include' -I'/home/biocbuild/bbs-3.18-bioc/R/site-library/RcppArmadillo/include' -I/usr/local/include -fpic -g -O2 -Wall -c RcppExports.cpp -o RcppExports.o g++ -std=gnu++17 -I"/home/biocbuild/bbs-3.18-bioc/R/include" -DNDEBUG -I'/home/biocbuild/bbs-3.18-bioc/R/site-library/Rcpp/include' -I'/home/biocbuild/bbs-3.18-bioc/R/site-library/RcppParallel/include' -I'/home/biocbuild/bbs-3.18-bioc/R/site-library/RcppArmadillo/include' -I/usr/local/include -fpic -g -O2 -Wall -c cp_cor.cpp -o cp_cor.o g++ -std=gnu++17 -shared -L/home/biocbuild/bbs-3.18-bioc/R/lib -L/usr/local/lib -o mina.so RcppExports.o cp_cor.o -L/home/biocbuild/bbs-3.18-bioc/R/lib -lR installing to /home/biocbuild/bbs-3.18-bioc/R/site-library/00LOCK-mina/00new/mina/libs ** R ** data *** moving datasets to lazyload DB ** byte-compile and prepare package for lazy loading Creating a new generic function for ‘norm’ in package ‘mina’ ** help *** installing help indices ** building package indices ** installing vignettes ** testing if installed package can be loaded from temporary location ** checking absolute paths in shared objects and dynamic libraries ** testing if installed package can be loaded from final location ** testing if installed package keeps a record of temporary installation path * DONE (mina)
mina.Rcheck/mina-Ex.timings
| name | user | system | elapsed | |
| adj-matrix | 0.940 | 0.567 | 0.338 | |
| adj-mina | 0.845 | 0.039 | 0.413 | |
| adj | 1.251 | 0.037 | 0.782 | |
| adj_method_list | 0.057 | 0.007 | 0.067 | |
| bs_pm-mina | 12.700 | 1.217 | 5.861 | |
| bs_pm | 3.872 | 0.398 | 1.762 | |
| check_mina | 0.075 | 0.012 | 0.086 | |
| check_mina_de | 0.076 | 0.000 | 0.075 | |
| check_mina_qu | 0.072 | 0.012 | 0.083 | |
| cls_tab | 0.076 | 0.000 | 0.077 | |
| com_dis-matrix | 0.727 | 0.028 | 0.261 | |
| com_dis-mina | 0.544 | 0.008 | 0.058 | |
| com_dis | 0.739 | 0.000 | 0.260 | |
| com_dis_list | 0.091 | 0.000 | 0.092 | |
| com_plot-mina | 16.906 | 0.000 | 1.434 | |
| com_plot | 0.181 | 0.000 | 0.156 | |
| com_r2-mina | 0.796 | 0.025 | 0.481 | |
| com_r2 | 1.221 | 0.048 | 0.805 | |
| data-hmp | 0.001 | 0.000 | 0.001 | |
| data-maize | 0 | 0 | 0 | |
| des_accessor | 0.002 | 0.000 | 0.002 | |
| dis_accessor | 0.393 | 0.004 | 0.045 | |
| dis_stat_accessor | 17.314 | 1.614 | 11.270 | |
| dmr-matrix | 0.717 | 0.023 | 0.354 | |
| dmr-mina | 0.723 | 0.011 | 0.338 | |
| dmr | 0.763 | 0.011 | 0.342 | |
| dmr_accessor | 0.741 | 0.002 | 0.346 | |
| fit_tabs-mina | 0.554 | 0.089 | 0.644 | |
| fit_tabs | 0.901 | 0.064 | 0.965 | |
| get_net_cls_tab-matrix-data.frame-method | 1.530 | 0.006 | 1.046 | |
| get_net_cls_tab | 1.724 | 0.028 | 1.194 | |
| get_r2-mat | 0.861 | 0.011 | 0.443 | |
| get_r2 | 0.918 | 0.004 | 0.475 | |
| get_rep-matrix | 0.288 | 0.003 | 0.292 | |
| get_rep-mima | 0.712 | 0.007 | 0.719 | |
| hmp_des | 0.001 | 0.000 | 0.000 | |
| hmp_otu | 0 | 0 | 0 | |
| maize_asv | 0 | 0 | 0 | |
| maize_asv2 | 0 | 0 | 0 | |
| maize_des | 0.001 | 0.000 | 0.000 | |
| maize_des2 | 0.001 | 0.000 | 0.000 | |
| mina-class | 0.001 | 0.000 | 0.001 | |
| net_cls-matrix | 6.626 | 0.053 | 6.131 | |
| net_cls-mina | 9.740 | 0.189 | 9.514 | |
| net_cls | 6.548 | 0.020 | 6.060 | |
| net_cls_tab-mina-method | 1.801 | 0.022 | 1.373 | |
| net_cls_tab | 1.516 | 0.008 | 1.033 | |
| net_dis-mina | 23.162 | 1.810 | 14.795 | |
| net_dis | 3.819 | 0.472 | 1.849 | |
| net_dis_indi | 0.000 | 0.000 | 0.001 | |
| net_dis_pcoa | 0 | 0 | 0 | |
| net_dis_plot | 42.527 | 4.253 | 28.430 | |
| net_grp_cmp | 0 | 0 | 0 | |
| net_node_cmp | 0 | 0 | 0 | |
| norm_accessor | 0.030 | 0.000 | 0.029 | |
| norm_tab-matrix | 0.782 | 0.011 | 0.792 | |
| norm_tab-mina | 0.749 | 0.000 | 0.749 | |
| norm_tab | 0.023 | 0.003 | 0.026 | |
| norm_tab_method_list | 0.053 | 0.003 | 0.056 | |
| pcoa_plot | 1.577 | 0.000 | 0.762 | |
| sim_par | 0 | 0 | 0 | |
| sparcc | 0 | 0 | 0 | |
| tab_accessor | 0 | 0 | 0 | |
| tina-matrix-method | 0 | 0 | 0 | |
| tina | 0 | 0 | 0 | |