| Back to Multiple platform build/check report for BioC 3.18: simplified long |
|
This page was generated on 2024-03-04 11:37:33 -0500 (Mon, 04 Mar 2024).
| Hostname | OS | Arch (*) | R version | Installed pkgs |
|---|---|---|---|---|
| nebbiolo2 | Linux (Ubuntu 22.04.3 LTS) | x86_64 | 4.3.2 Patched (2023-11-13 r85521) -- "Eye Holes" | 4692 |
| palomino4 | Windows Server 2022 Datacenter | x64 | 4.3.2 (2023-10-31 ucrt) -- "Eye Holes" | 4445 |
| lconway | macOS 12.7.1 Monterey | x86_64 | 4.3.2 Patched (2023-11-01 r85457) -- "Eye Holes" | 4466 |
| Click on any hostname to see more info about the system (e.g. compilers) (*) as reported by 'uname -p', except on Windows and Mac OS X | ||||
| Package 1257/2266 | Hostname | OS / Arch | INSTALL | BUILD | CHECK | BUILD BIN | ||||||||
| miloR 1.10.0 (landing page) Mike Morgan
| nebbiolo2 | Linux (Ubuntu 22.04.3 LTS) / x86_64 | OK | OK | OK | |||||||||
| palomino4 | Windows Server 2022 Datacenter / x64 | OK | OK | OK | OK | |||||||||
| lconway | macOS 12.7.1 Monterey / x86_64 | OK | ERROR | skipped | skipped | |||||||||
| kjohnson1 | macOS 13.6.1 Ventura / arm64 | see weekly results here | ||||||||||||
|
To the developers/maintainers of the miloR package: - Allow up to 24 hours (and sometimes 48 hours) for your latest push to git@git.bioconductor.org:packages/miloR.git to reflect on this report. See Troubleshooting Build Report for more information. - Use the following Renviron settings to reproduce errors and warnings. - If 'R CMD check' started to fail recently on the Linux builder(s) over a missing dependency, add the missing dependency to 'Suggests:' in your DESCRIPTION file. See Renviron.bioc for more information. |
| Package: miloR |
| Version: 1.10.0 |
| Command: /Library/Frameworks/R.framework/Resources/bin/R CMD build --keep-empty-dirs --no-resave-data miloR |
| StartedAt: 2024-03-03 17:22:48 -0500 (Sun, 03 Mar 2024) |
| EndedAt: 2024-03-03 17:30:06 -0500 (Sun, 03 Mar 2024) |
| EllapsedTime: 438.7 seconds |
| RetCode: 1 |
| Status: ERROR |
| PackageFile: None |
| PackageFileSize: NA |
############################################################################## ############################################################################## ### ### Running command: ### ### /Library/Frameworks/R.framework/Resources/bin/R CMD build --keep-empty-dirs --no-resave-data miloR ### ############################################################################## ############################################################################## * checking for file ‘miloR/DESCRIPTION’ ... OK * preparing ‘miloR’: * checking DESCRIPTION meta-information ... OK * installing the package to build vignettes * creating vignettes ... ERROR --- re-building ‘milo_contrasts.Rmd’ using rmarkdown --- finished re-building ‘milo_contrasts.Rmd’ --- re-building ‘milo_demo.Rmd’ using rmarkdown --- finished re-building ‘milo_demo.Rmd’ --- re-building ‘milo_gastrulation.Rmd’ using rmarkdown Warning: ggrepel: 1 unlabeled data points (too many overlaps). Consider increasing max.overlaps Quitting from lines 413-418 [unnamed-chunk-36] (milo_gastrulation.Rmd) Error: processing vignette 'milo_gastrulation.Rmd' failed with diagnostics: features is empty --- failed re-building ‘milo_gastrulation.Rmd’ SUMMARY: processing the following file failed: ‘milo_gastrulation.Rmd’ Error: Vignette re-building failed. Execution halted