| Back to Multiple platform build/check report for BioC 3.18: simplified long |
|
This page was generated on 2024-04-17 11:36:05 -0400 (Wed, 17 Apr 2024).
| Hostname | OS | Arch (*) | R version | Installed pkgs |
|---|---|---|---|---|
| nebbiolo2 | Linux (Ubuntu 22.04.3 LTS) | x86_64 | 4.3.3 (2024-02-29) -- "Angel Food Cake" | 4676 |
| palomino4 | Windows Server 2022 Datacenter | x64 | 4.3.3 (2024-02-29 ucrt) -- "Angel Food Cake" | 4414 |
| merida1 | macOS 12.7.1 Monterey | x86_64 | 4.3.3 (2024-02-29) -- "Angel Food Cake" | 4437 |
| Click on any hostname to see more info about the system (e.g. compilers) (*) as reported by 'uname -p', except on Windows and Mac OS X | ||||
| Package 1168/2266 | Hostname | OS / Arch | INSTALL | BUILD | CHECK | BUILD BIN | ||||||||
Congcong Gong
| nebbiolo2 | Linux (Ubuntu 22.04.3 LTS) / x86_64 | OK | OK | ERROR | |||||||||
| palomino4 | Windows Server 2022 Datacenter / x64 | OK | OK | ERROR | OK | |||||||||
| merida1 | macOS 12.7.1 Monterey / x86_64 | OK | OK | ERROR | OK | |||||||||
| kjohnson1 | macOS 13.6.1 Ventura / arm64 | see weekly results here | ||||||||||||
|
To the developers/maintainers of the mbOmic package: - Allow up to 24 hours (and sometimes 48 hours) for your latest push to git@git.bioconductor.org:packages/mbOmic.git to reflect on this report. See Troubleshooting Build Report for more information. - Use the following Renviron settings to reproduce errors and warnings. - If 'R CMD check' started to fail recently on the Linux builder(s) over a missing dependency, add the missing dependency to 'Suggests:' in your DESCRIPTION file. See Renviron.bioc for more information. |
| Package: mbOmic |
| Version: 1.6.0 |
| Command: /home/biocbuild/bbs-3.18-bioc/R/bin/R CMD check --install=check:mbOmic.install-out.txt --library=/home/biocbuild/bbs-3.18-bioc/R/site-library --timings mbOmic_1.6.0.tar.gz |
| StartedAt: 2024-04-16 00:30:51 -0400 (Tue, 16 Apr 2024) |
| EndedAt: 2024-04-16 00:34:04 -0400 (Tue, 16 Apr 2024) |
| EllapsedTime: 192.9 seconds |
| RetCode: 1 |
| Status: ERROR |
| CheckDir: mbOmic.Rcheck |
| Warnings: NA |
##############################################################################
##############################################################################
###
### Running command:
###
### /home/biocbuild/bbs-3.18-bioc/R/bin/R CMD check --install=check:mbOmic.install-out.txt --library=/home/biocbuild/bbs-3.18-bioc/R/site-library --timings mbOmic_1.6.0.tar.gz
###
##############################################################################
##############################################################################
* using log directory ‘/home/biocbuild/bbs-3.18-bioc/meat/mbOmic.Rcheck’
* using R version 4.3.3 (2024-02-29)
* using platform: x86_64-pc-linux-gnu (64-bit)
* R was compiled by
gcc (Ubuntu 11.4.0-1ubuntu1~22.04) 11.4.0
GNU Fortran (Ubuntu 11.4.0-1ubuntu1~22.04) 11.4.0
* running under: Ubuntu 22.04.4 LTS
* using session charset: UTF-8
* checking for file ‘mbOmic/DESCRIPTION’ ... OK
* checking extension type ... Package
* this is package ‘mbOmic’ version ‘1.6.0’
* package encoding: UTF-8
* checking package namespace information ... OK
* checking package dependencies ... OK
* checking if this is a source package ... OK
* checking if there is a namespace ... OK
* checking for hidden files and directories ... OK
* checking for portable file names ... OK
* checking for sufficient/correct file permissions ... OK
* checking whether package ‘mbOmic’ can be installed ... WARNING
Found the following significant warnings:
Warning: Package 'mbOmic' is deprecated and will be removed from Bioconductor
See ‘/home/biocbuild/bbs-3.18-bioc/meat/mbOmic.Rcheck/00install.out’ for details.
* checking installed package size ... OK
* checking package directory ... OK
* checking ‘build’ directory ... OK
* checking DESCRIPTION meta-information ... OK
* checking top-level files ... OK
* checking for left-over files ... OK
* checking index information ... OK
* checking package subdirectories ... OK
* checking R files for non-ASCII characters ... OK
* checking R files for syntax errors ... OK
* checking whether the package can be loaded ... OK
* checking whether the package can be loaded with stated dependencies ... OK
* checking whether the package can be unloaded cleanly ... OK
* checking whether the namespace can be loaded with stated dependencies ... OK
* checking whether the namespace can be unloaded cleanly ... OK
* checking loading without being on the library search path ... OK
* checking startup messages can be suppressed ... OK
* checking dependencies in R code ... OK
* checking S3 generic/method consistency ... OK
* checking replacement functions ... OK
* checking foreign function calls ... OK
* checking R code for possible problems ... OK
* checking Rd files ... OK
* checking Rd metadata ... OK
* checking Rd cross-references ... OK
* checking for missing documentation entries ... OK
* checking for code/documentation mismatches ... OK
* checking Rd \usage sections ... OK
* checking Rd contents ... OK
* checking for unstated dependencies in examples ... OK
* checking files in ‘vignettes’ ... OK
* checking examples ... ERROR
Running examples in ‘mbOmic-Ex.R’ failed
The error most likely occurred in:
> base::assign(".ptime", proc.time(), pos = "CheckExEnv")
> ### Name: enterotyping
> ### Title: enterotyping
> ### Aliases: enterotyping
>
> ### ** Examples
>
> dat <- read.delim('http://enterotypes.org/ref_samples_abundance_MetaHIT.txt')
Warning in file(file, "rt") :
cannot open URL 'http://enterotypes.org/ref_samples_abundance_MetaHIT.txt': HTTP status was '404 Not Found'
Error in file(file, "rt") :
cannot open the connection to 'http://enterotypes.org/ref_samples_abundance_MetaHIT.txt'
Calls: read.delim -> read.table -> file
Execution halted
* checking for unstated dependencies in ‘tests’ ... OK
* checking tests ...
Running ‘testthat.R’
OK
* checking for unstated dependencies in vignettes ... OK
* checking package vignettes in ‘inst/doc’ ... OK
* checking running R code from vignettes ...
‘Integrative_analysis_of_metabolome_and_microbiome.Rmd’ using ‘UTF-8’... OK
‘enterotyping.Rmd’ using ‘UTF-8’... OK
OK
* checking re-building of vignette outputs ... OK
* checking PDF version of manual ... OK
* DONE
Status: 1 ERROR, 1 WARNING
See
‘/home/biocbuild/bbs-3.18-bioc/meat/mbOmic.Rcheck/00check.log’
for details.
mbOmic.Rcheck/00install.out
############################################################################## ############################################################################## ### ### Running command: ### ### /home/biocbuild/bbs-3.18-bioc/R/bin/R CMD INSTALL mbOmic ### ############################################################################## ############################################################################## * installing to library ‘/home/biocbuild/bbs-3.18-bioc/R/site-library’ * installing *source* package ‘mbOmic’ ... ** using staged installation ** R ** inst ** byte-compile and prepare package for lazy loading Creating a generic function for ‘nrow’ from package ‘base’ in package ‘mbOmic’ Creating a generic function for ‘ncol’ from package ‘base’ in package ‘mbOmic’ ** help *** installing help indices ** building package indices ** installing vignettes ** testing if installed package can be loaded from temporary location Warning: Package 'mbOmic' is deprecated and will be removed from Bioconductor version 3.19 ** testing if installed package can be loaded from final location Warning: Package 'mbOmic' is deprecated and will be removed from Bioconductor version 3.19 ** testing if installed package keeps a record of temporary installation path * DONE (mbOmic)
mbOmic.Rcheck/tests/testthat.Rout
R version 4.3.3 (2024-02-29) -- "Angel Food Cake"
Copyright (C) 2024 The R Foundation for Statistical Computing
Platform: x86_64-pc-linux-gnu (64-bit)
R is free software and comes with ABSOLUTELY NO WARRANTY.
You are welcome to redistribute it under certain conditions.
Type 'license()' or 'licence()' for distribution details.
R is a collaborative project with many contributors.
Type 'contributors()' for more information and
'citation()' on how to cite R or R packages in publications.
Type 'demo()' for some demos, 'help()' for on-line help, or
'help.start()' for an HTML browser interface to help.
Type 'q()' to quit R.
> library(testthat)
> library(mbOmic)
Warning message:
Package 'mbOmic' is deprecated and will be removed from Bioconductor
version 3.19
>
> test_check("mbOmic")
[ FAIL 0 | WARN 1 | SKIP 0 | PASS 1 ]
[ FAIL 0 | WARN 1 | SKIP 0 | PASS 1 ]
>
> proc.time()
user system elapsed
5.769 0.375 6.133
mbOmic.Rcheck/mbOmic-Ex.timings
| name | user | system | elapsed | |
| Set-class | 0.000 | 0.000 | 0.001 | |
| bSet-class | 0.011 | 0.004 | 0.015 | |
| bSet | 0.003 | 0.000 | 0.003 | |
| clean_analytes | 0.017 | 0.001 | 0.017 | |
| cluster_jsd | 0.009 | 0.000 | 0.009 | |
| coExpress | 9.555 | 0.204 | 9.750 | |
| corr | 2.293 | 0.023 | 2.310 | |
| dist_jsd | 0.003 | 0.001 | 0.003 | |