| Back to Multiple platform build/check report for BioC 3.18: simplified long |
|
This page was generated on 2024-03-04 11:37:20 -0500 (Mon, 04 Mar 2024).
| Hostname | OS | Arch (*) | R version | Installed pkgs |
|---|---|---|---|---|
| nebbiolo2 | Linux (Ubuntu 22.04.3 LTS) | x86_64 | 4.3.2 Patched (2023-11-13 r85521) -- "Eye Holes" | 4692 |
| palomino4 | Windows Server 2022 Datacenter | x64 | 4.3.2 (2023-10-31 ucrt) -- "Eye Holes" | 4445 |
| lconway | macOS 12.7.1 Monterey | x86_64 | 4.3.2 Patched (2023-11-01 r85457) -- "Eye Holes" | 4466 |
| Click on any hostname to see more info about the system (e.g. compilers) (*) as reported by 'uname -p', except on Windows and Mac OS X | ||||
| Package 715/2266 | Hostname | OS / Arch | INSTALL | BUILD | CHECK | BUILD BIN | ||||||||
| flagme 1.58.0 (landing page) Mark Robinson
| nebbiolo2 | Linux (Ubuntu 22.04.3 LTS) / x86_64 | OK | OK | WARNINGS | |||||||||
| palomino4 | Windows Server 2022 Datacenter / x64 | OK | OK | WARNINGS | OK | |||||||||
| lconway | macOS 12.7.1 Monterey / x86_64 | OK | OK | WARNINGS | OK | |||||||||
| kjohnson1 | macOS 13.6.1 Ventura / arm64 | see weekly results here | ||||||||||||
|
To the developers/maintainers of the flagme package: - Allow up to 24 hours (and sometimes 48 hours) for your latest push to git@git.bioconductor.org:packages/flagme.git to reflect on this report. See Troubleshooting Build Report for more information. - Use the following Renviron settings to reproduce errors and warnings. - If 'R CMD check' started to fail recently on the Linux builder(s) over a missing dependency, add the missing dependency to 'Suggests:' in your DESCRIPTION file. See Renviron.bioc for more information. |
| Package: flagme |
| Version: 1.58.0 |
| Command: /Library/Frameworks/R.framework/Resources/bin/R CMD check --install=check:flagme.install-out.txt --library=/Library/Frameworks/R.framework/Resources/library --no-vignettes --timings flagme_1.58.0.tar.gz |
| StartedAt: 2024-03-03 20:37:52 -0500 (Sun, 03 Mar 2024) |
| EndedAt: 2024-03-03 20:52:51 -0500 (Sun, 03 Mar 2024) |
| EllapsedTime: 899.2 seconds |
| RetCode: 0 |
| Status: WARNINGS |
| CheckDir: flagme.Rcheck |
| Warnings: 2 |
##############################################################################
##############################################################################
###
### Running command:
###
### /Library/Frameworks/R.framework/Resources/bin/R CMD check --install=check:flagme.install-out.txt --library=/Library/Frameworks/R.framework/Resources/library --no-vignettes --timings flagme_1.58.0.tar.gz
###
##############################################################################
##############################################################################
* using log directory ‘/Users/biocbuild/bbs-3.18-bioc/meat/flagme.Rcheck’
* using R version 4.3.2 Patched (2023-11-01 r85457)
* using platform: x86_64-apple-darwin20 (64-bit)
* R was compiled by
Apple clang version 14.0.3 (clang-1403.0.22.14.1)
GNU Fortran (GCC) 12.2.0
* running under: macOS Monterey 12.7.1
* using session charset: UTF-8
* using option ‘--no-vignettes’
* checking for file ‘flagme/DESCRIPTION’ ... OK
* this is package ‘flagme’ version ‘1.58.0’
* package encoding: UTF-8
* checking package namespace information ... OK
* checking package dependencies ... OK
* checking if this is a source package ... OK
* checking if there is a namespace ... OK
* checking for hidden files and directories ... OK
* checking for portable file names ... OK
* checking for sufficient/correct file permissions ... OK
* checking whether package ‘flagme’ can be installed ... OK
* used C compiler: ‘Apple clang version 14.0.0 (clang-1400.0.29.202)’
* used SDK: ‘MacOSX11.3.sdk’
* checking installed package size ... OK
* checking package directory ... OK
* checking ‘build’ directory ... OK
* checking DESCRIPTION meta-information ... OK
* checking top-level files ... OK
* checking for left-over files ... OK
* checking index information ... OK
* checking package subdirectories ... OK
* checking R files for non-ASCII characters ... OK
* checking R files for syntax errors ... OK
* checking whether the package can be loaded ... OK
* checking whether the package can be loaded with stated dependencies ... OK
* checking whether the package can be unloaded cleanly ... OK
* checking whether the namespace can be loaded with stated dependencies ... OK
* checking whether the namespace can be unloaded cleanly ... OK
* checking startup messages can be suppressed ... OK
* checking dependencies in R code ... NOTE
Unexported object imported by a ':::' call: ‘xcms:::rectUnique’
See the note in ?`:::` about the use of this operator.
* checking S3 generic/method consistency ... OK
* checking replacement functions ... OK
* checking foreign function calls ... OK
* checking R code for possible problems ... NOTE
addXCMSPeaks: no visible global function definition for ‘bpparam’
addXCMSPeaks: no visible global function definition for ‘sampnames’
addXCMSPeaks : <anonymous> : <anonymous>: no visible global function
definition for ‘setNames’
importSpec : <anonymous>: no visible global function definition for
‘setNames’
Undefined global functions or variables:
bpparam sampnames setNames
Consider adding
importFrom("stats", "setNames")
to your NAMESPACE file.
* checking Rd files ... OK
* checking Rd metadata ... OK
* checking Rd cross-references ... WARNING
Missing link or links in documentation object 'addXCMSPeaks.Rd':
‘[xcms]{findPeaks-matchedFilter}’ ‘[xcms]{findPeaks-centWave}’
‘[xcms]{peaksDataset}’
Missing link or links in documentation object 'plotAlignment-peaksAlignment-method.Rd':
‘plotAlignment’
Missing link or links in documentation object 'plotClustAlignment-clusterAlignment-method.Rd':
‘plotAlignment’
See section 'Cross-references' in the 'Writing R Extensions' manual.
* checking for missing documentation entries ... WARNING
Undocumented code objects:
‘plotAlignment’ ‘plotChrom’ ‘plotClustAlignment’
Undocumented S4 methods:
generic 'show' and siglist 'betweenAlignment'
All user-level objects in a package (including S4 classes and methods)
should have documentation entries.
See chapter ‘Writing R documentation files’ in the ‘Writing R
Extensions’ manual.
* checking for code/documentation mismatches ... OK
* checking Rd \usage sections ... OK
* checking Rd contents ... OK
* checking for unstated dependencies in examples ... OK
* checking line endings in C/C++/Fortran sources/headers ... OK
* checking compiled code ... NOTE
Note: information on .o files is not available
* checking sizes of PDF files under ‘inst/doc’ ... OK
* checking files in ‘vignettes’ ... OK
* checking examples ... OK
Examples with CPU (user + system) or elapsed time > 5s
user system elapsed
plotAlignedFrags 101.566 22.775 62.156
addXCMSPeaks 55.753 11.325 47.144
retFatMatrix 52.182 11.155 43.617
dynRT 51.194 11.082 42.590
peaksAlignment-class 49.784 11.789 42.323
progressiveAlignment-class 50.146 11.372 42.172
corPrt 50.021 11.061 41.651
plotFrags 48.976 11.452 41.377
ndpRT 49.139 10.906 40.833
plotAlignment-peaksAlignment-method 47.814 11.289 39.934
imputePeaks 10.181 0.320 10.600
plotChrom-peaksDataset-method 8.462 0.299 8.859
calcTimeDiffs 7.243 0.410 7.742
gatherInfo 7.243 0.245 7.549
rmaFitUnit 7.064 0.327 7.455
multipleAlignment-class 6.978 0.190 7.242
dp 6.460 0.218 6.731
normDotProduct 6.104 0.193 6.357
clusterAlignment 5.977 0.211 6.243
plotClustAlignment-clusterAlignment-method 5.948 0.203 6.224
peaksDataset 5.811 0.206 6.071
addAMDISPeaks 5.697 0.198 6.097
* checking for unstated dependencies in vignettes ... OK
* checking package vignettes in ‘inst/doc’ ... OK
* checking running R code from vignettes ... SKIPPED
* checking re-building of vignette outputs ... SKIPPED
* checking PDF version of manual ... OK
* DONE
Status: 2 WARNINGs, 3 NOTEs
See
‘/Users/biocbuild/bbs-3.18-bioc/meat/flagme.Rcheck/00check.log’
for details.
flagme.Rcheck/00install.out
############################################################################## ############################################################################## ### ### Running command: ### ### /Library/Frameworks/R.framework/Resources/bin/R CMD INSTALL flagme ### ############################################################################## ############################################################################## * installing to library ‘/Library/Frameworks/R.framework/Versions/4.3-x86_64/Resources/library’ * installing *source* package ‘flagme’ ... ** using staged installation ** libs using C compiler: ‘Apple clang version 14.0.0 (clang-1400.0.29.202)’ using SDK: ‘MacOSX11.3.sdk’ clang -arch x86_64 -I"/Library/Frameworks/R.framework/Resources/include" -DNDEBUG -I/opt/R/x86_64/include -fPIC -falign-functions=64 -Wall -g -O2 -c dp.c -o dp.o clang -arch x86_64 -I"/Library/Frameworks/R.framework/Resources/include" -DNDEBUG -I/opt/R/x86_64/include -fPIC -falign-functions=64 -Wall -g -O2 -c init.c -o init.o clang -arch x86_64 -I"/Library/Frameworks/R.framework/Resources/include" -DNDEBUG -I/opt/R/x86_64/include -fPIC -falign-functions=64 -Wall -g -O2 -c pearson.c -o pearson.o clang -arch x86_64 -dynamiclib -Wl,-headerpad_max_install_names -undefined dynamic_lookup -L/Library/Frameworks/R.framework/Resources/lib -L/opt/R/x86_64/lib -o flagme.so dp.o init.o pearson.o -F/Library/Frameworks/R.framework/.. -framework R -Wl,-framework -Wl,CoreFoundation installing to /Library/Frameworks/R.framework/Versions/4.3-x86_64/Resources/library/00LOCK-flagme/00new/flagme/libs ** R ** inst ** byte-compile and prepare package for lazy loading ** help *** installing help indices ** building package indices ** installing vignettes ** testing if installed package can be loaded from temporary location ** checking absolute paths in shared objects and dynamic libraries ** testing if installed package can be loaded from final location ** testing if installed package keeps a record of temporary installation path * DONE (flagme)
flagme.Rcheck/flagme-Ex.timings
| name | user | system | elapsed | |
| addAMDISPeaks | 5.697 | 0.198 | 6.097 | |
| addChromaTOFPeaks | 3.832 | 0.165 | 4.034 | |
| addXCMSPeaks | 55.753 | 11.325 | 47.144 | |
| betweenAlignment | 0 | 0 | 0 | |
| calcTimeDiffs | 7.243 | 0.410 | 7.742 | |
| clusterAlignment | 5.977 | 0.211 | 6.243 | |
| corPrt | 50.021 | 11.061 | 41.651 | |
| dp | 6.460 | 0.218 | 6.731 | |
| dynRT | 51.194 | 11.082 | 42.590 | |
| gatherInfo | 7.243 | 0.245 | 7.549 | |
| imputePeaks | 10.181 | 0.320 | 10.600 | |
| multipleAlignment-class | 6.978 | 0.190 | 7.242 | |
| ndpRT | 49.139 | 10.906 | 40.833 | |
| normDotProduct | 6.104 | 0.193 | 6.357 | |
| parseChromaTOF | 2.689 | 0.042 | 2.757 | |
| parseELU | 2.254 | 0.028 | 2.316 | |
| peaksAlignment-class | 49.784 | 11.789 | 42.323 | |
| peaksDataset | 5.811 | 0.206 | 6.071 | |
| plotAlignedFrags | 101.566 | 22.775 | 62.156 | |
| plotAlignment-peaksAlignment-method | 47.814 | 11.289 | 39.934 | |
| plotChrom-peaksDataset-method | 8.462 | 0.299 | 8.859 | |
| plotClustAlignment-clusterAlignment-method | 5.948 | 0.203 | 6.224 | |
| plotFrags | 48.976 | 11.452 | 41.377 | |
| plotImage | 3.859 | 0.136 | 4.032 | |
| progressiveAlignment-class | 50.146 | 11.372 | 42.172 | |
| retFatMatrix | 52.182 | 11.155 | 43.617 | |
| rmaFitUnit | 7.064 | 0.327 | 7.455 | |