Back to Multiple platform build/check report for BioC 3.18: simplified long |
|
This page was generated on 2023-11-02 11:40:38 -0400 (Thu, 02 Nov 2023).
Hostname | OS | Arch (*) | R version | Installed pkgs |
---|---|---|---|---|
nebbiolo2 | Linux (Ubuntu 22.04.2 LTS) | x86_64 | 4.3.1 (2023-06-16) -- "Beagle Scouts" | 4729 |
palomino4 | Windows Server 2022 Datacenter | x64 | 4.3.1 (2023-06-16 ucrt) -- "Beagle Scouts" | 4463 |
lconway | macOS 12.6.5 Monterey | x86_64 | 4.3.1 Patched (2023-06-17 r84564) -- "Beagle Scouts" | 4478 |
kunpeng2 | Linux (openEuler 22.03 LTS-SP1) | aarch64 | 4.3.1 (2023-06-16) -- "Beagle Scouts" | 4464 |
Click on any hostname to see more info about the system (e.g. compilers) (*) as reported by 'uname -p', except on Windows and Mac OS X |
Package 628/2266 | Hostname | OS / Arch | INSTALL | BUILD | CHECK | BUILD BIN | ||||||||
eegc 1.28.0 (landing page) Xiaoyuan Zhou
| nebbiolo2 | Linux (Ubuntu 22.04.2 LTS) / x86_64 | OK | OK | ERROR | |||||||||
palomino4 | Windows Server 2022 Datacenter / x64 | OK | OK | WARNINGS | OK | |||||||||
lconway | macOS 12.6.5 Monterey / x86_64 | OK | OK | WARNINGS | OK | |||||||||
kjohnson1 | macOS 13.6.1 Ventura / arm64 | see weekly results here | ||||||||||||
kunpeng2 | Linux (openEuler 22.03 LTS-SP1) / aarch64 | OK | OK | ERROR | ||||||||||
To the developers/maintainers of the eegc package: - Allow up to 24 hours (and sometimes 48 hours) for your latest push to git@git.bioconductor.org:packages/eegc.git to reflect on this report. See Troubleshooting Build Report for more information. - Use the following Renviron settings to reproduce errors and warnings. - If 'R CMD check' started to fail recently on the Linux builder(s) over a missing dependency, add the missing dependency to 'Suggests:' in your DESCRIPTION file. See Renviron.bioc for more information. - See Martin Grigorov's blog post for how to debug Linux ARM64 related issues on a x86_64 host. |
Package: eegc |
Version: 1.28.0 |
Command: /home/biocbuild/R/R-4.3.1/bin/R CMD check --install=check:eegc.install-out.txt --library=/home/biocbuild/R/R-4.3.1/site-library --no-vignettes --timings eegc_1.28.0.tar.gz |
StartedAt: 2023-11-02 10:13:11 -0000 (Thu, 02 Nov 2023) |
EndedAt: 2023-11-02 10:23:47 -0000 (Thu, 02 Nov 2023) |
EllapsedTime: 636.4 seconds |
RetCode: 1 |
Status: ERROR |
CheckDir: eegc.Rcheck |
Warnings: NA |
############################################################################## ############################################################################## ### ### Running command: ### ### /home/biocbuild/R/R-4.3.1/bin/R CMD check --install=check:eegc.install-out.txt --library=/home/biocbuild/R/R-4.3.1/site-library --no-vignettes --timings eegc_1.28.0.tar.gz ### ############################################################################## ############################################################################## * using log directory ‘/home/biocbuild/bbs-3.18-bioc/meat/eegc.Rcheck’ * using R version 4.3.1 (2023-06-16) * using platform: aarch64-unknown-linux-gnu (64-bit) * R was compiled by gcc (GCC) 10.3.1 GNU Fortran (GCC) 10.3.1 * running under: openEuler 22.03 (LTS-SP1) * using session charset: UTF-8 * using option ‘--no-vignettes’ * checking for file ‘eegc/DESCRIPTION’ ... OK * checking extension type ... Package * this is package ‘eegc’ version ‘1.28.0’ * checking package namespace information ... OK * checking package dependencies ... OK * checking if this is a source package ... OK * checking if there is a namespace ... OK * checking for hidden files and directories ... OK * checking for portable file names ... OK * checking for sufficient/correct file permissions ... OK * checking whether package ‘eegc’ can be installed ... OK * checking installed package size ... NOTE installed size is 11.1Mb sub-directories of 1Mb or more: data 10.5Mb * checking package directory ... OK * checking ‘build’ directory ... OK * checking DESCRIPTION meta-information ... OK * checking top-level files ... OK * checking for left-over files ... OK * checking index information ... OK * checking package subdirectories ... OK * checking R files for non-ASCII characters ... OK * checking R files for syntax errors ... OK * checking whether the package can be loaded ... OK * checking whether the package can be loaded with stated dependencies ... OK * checking whether the package can be unloaded cleanly ... OK * checking whether the namespace can be loaded with stated dependencies ... OK * checking whether the namespace can be unloaded cleanly ... OK * checking loading without being on the library search path ... OK * checking dependencies in R code ... OK * checking S3 generic/method consistency ... OK * checking replacement functions ... OK * checking foreign function calls ... OK * checking R code for possible problems ... NOTE categorizeGene : <anonymous>: no visible global function definition for ‘quantile’ densityPlot: no visible binding for global variable ‘density’ densityPlot: no visible global function definition for ‘lines’ densityPlot: no visible global function definition for ‘axis’ densityPlot: no visible global function definition for ‘adjustcolor’ densityPlot: no visible global function definition for ‘legend’ densityPlot : <anonymous>: no visible global function definition for ‘quantile’ densityPlot: no visible global function definition for ‘text’ densityPlot: no visible global function definition for ‘dev.copy2pdf’ diffGene: no visible global function definition for ‘model.matrix’ diffGene: no visible binding for global variable ‘treat’ diffGene: no visible binding for global variable ‘control’ diffGene: no visible global function definition for ‘results’ diffGene: no visible global function definition for ‘p.adjust’ dotPercentage: no visible global function definition for ‘lines’ dotPercentage: no visible global function definition for ‘axis’ dotPercentage: no visible global function definition for ‘text’ dotPercentage: no visible global function definition for ‘par’ enrichment : enrichment : <anonymous>: no visible global function definition for ‘phyper’ enrichment : enrichment: no visible global function definition for ‘p.adjust’ functionEnrich: no visible global function definition for ‘is’ grnPlot: no visible global function definition for ‘title’ grnPlot: no visible global function definition for ‘legend’ markerScatter: no visible global function definition for ‘colorRampPalette’ markerScatter: no visible global function definition for ‘points’ markerScatter: no visible global function definition for ‘lm’ markerScatter: no visible global function definition for ‘abline’ markerScatter: no visible global function definition for ‘text’ markerScatter: no visible global function definition for ‘legend’ Undefined global functions or variables: abline adjustcolor axis colorRampPalette control density dev.copy2pdf is legend lines lm model.matrix p.adjust par phyper points quantile results text title treat Consider adding importFrom("grDevices", "adjustcolor", "colorRampPalette", "dev.copy2pdf") importFrom("graphics", "abline", "axis", "legend", "lines", "par", "points", "text", "title") importFrom("methods", "is") importFrom("stats", "density", "lm", "model.matrix", "p.adjust", "phyper", "quantile") to your NAMESPACE file (and ensure that your DESCRIPTION Imports field contains 'methods'). * checking Rd files ... OK * checking Rd metadata ... OK * checking Rd cross-references ... WARNING Missing link or links in documentation object 'barplotEnrich.Rd': ‘[DOSE]{barplot.enrichResult}’ See section 'Cross-references' in the 'Writing R Extensions' manual. * checking for missing documentation entries ... OK * checking for code/documentation mismatches ... OK * checking Rd \usage sections ... OK * checking Rd contents ... OK * checking for unstated dependencies in examples ... OK * checking contents of ‘data’ directory ... OK * checking data for non-ASCII characters ... OK * checking LazyData ... WARNING LazyData DB of 10.5 MB without LazyDataCompression set See §1.1.6 of 'Writing R Extensions' * checking data for ASCII and uncompressed saves ... OK * checking installed files from ‘inst/doc’ ... OK * checking files in ‘vignettes’ ... OK * checking examples ... ERROR Running examples in ‘eegc-Ex.R’ failed The error most likely occurred in: > base::assign(".ptime", proc.time(), pos = "CheckExEnv") > ### Name: functionEnrich > ### Title: Funtional Enrichment Analysis > ### Aliases: functionEnrich > > ### ** Examples > > data(cate.gene) > # result in "enrichResult" class by specifying TRUE to enrichResult parameter > goenrichraw = functionEnrich(cate.gene, organism = "human", pAdjustMethod = "fdr", + GO = TRUE, KEGG = FALSE, enrichResult = TRUE) Loading required package: org.Hs.eg.db Loading required package: AnnotationDbi Loading required package: stats4 Loading required package: BiocGenerics Attaching package: ‘BiocGenerics’ The following objects are masked from ‘package:stats’: IQR, mad, sd, var, xtabs The following objects are masked from ‘package:base’: Filter, Find, Map, Position, Reduce, anyDuplicated, aperm, append, as.data.frame, basename, cbind, colnames, dirname, do.call, duplicated, eval, evalq, get, grep, grepl, intersect, is.unsorted, lapply, mapply, match, mget, order, paste, pmax, pmax.int, pmin, pmin.int, rank, rbind, rownames, sapply, setdiff, sort, table, tapply, union, unique, unsplit, which.max, which.min Loading required package: Biobase Welcome to Bioconductor Vignettes contain introductory material; view with 'browseVignettes()'. To cite Bioconductor, see 'citation("Biobase")', and for packages 'citation("pkgname")'. Loading required package: IRanges Loading required package: S4Vectors Attaching package: ‘S4Vectors’ The following object is masked from ‘package:utils’: findMatches The following objects are masked from ‘package:base’: I, expand.grid, unname 'select()' returned 1:1 mapping between keys and columns Warning in bitr(x, fromType = from, toType = c("ENTREZID"), OrgDb = OrgDb) : 12.9% of input gene IDs are fail to map... 'select()' returned 1:1 mapping between keys and columns Warning in bitr(x, fromType = from, toType = c("ENTREZID"), OrgDb = OrgDb) : 14.35% of input gene IDs are fail to map... 'select()' returned 1:1 mapping between keys and columns Warning in bitr(x, fromType = from, toType = c("ENTREZID"), OrgDb = OrgDb) : 9.48% of input gene IDs are fail to map... 'select()' returned 1:many mapping between keys and columns Warning in bitr(x, fromType = from, toType = c("ENTREZID"), OrgDb = OrgDb) : 11.5% of input gene IDs are fail to map... 'select()' returned 1:1 mapping between keys and columns Warning in bitr(x, fromType = from, toType = c("ENTREZID"), OrgDb = OrgDb) : 9.13% of input gene IDs are fail to map... * checking for unstated dependencies in vignettes ... OK * checking package vignettes in ‘inst/doc’ ... OK * checking running R code from vignettes ... SKIPPED * checking re-building of vignette outputs ... SKIPPED * checking PDF version of manual ... OK * DONE Status: 1 ERROR, 2 WARNINGs, 2 NOTEs See ‘/home/biocbuild/bbs-3.18-bioc/meat/eegc.Rcheck/00check.log’ for details.
eegc.Rcheck/00install.out
############################################################################## ############################################################################## ### ### Running command: ### ### /home/biocbuild/R/R-4.3.1/bin/R CMD INSTALL eegc ### ############################################################################## ############################################################################## * installing to library ‘/home/biocbuild/R/R-4.3.1/site-library’ * installing *source* package ‘eegc’ ... ** using staged installation ** R ** data *** moving datasets to lazyload DB ** inst ** byte-compile and prepare package for lazy loading ** help *** installing help indices ** building package indices ** installing vignettes ** testing if installed package can be loaded from temporary location ** testing if installed package can be loaded from final location ** testing if installed package keeps a record of temporary installation path * DONE (eegc)
eegc.Rcheck/eegc-Ex.timings
name | user | system | elapsed | |
barplotEnrich | 0.001 | 0.000 | 0.000 | |
categorizeGene | 0.115 | 0.008 | 0.130 | |
densityPlot | 0.004 | 0.000 | 0.005 | |
diffGene | 1.556 | 0.040 | 1.610 | |
dotPercentage | 0.001 | 0.000 | 0.001 | |
enrichment | 4.189 | 0.143 | 4.354 | |