| Back to Build/check report for BioC 3.18: simplified long |
|
This page was generated on 2023-04-20 12:50:27 -0400 (Thu, 20 Apr 2023).
| Hostname | OS | Arch (*) | R version | Installed pkgs |
|---|---|---|---|---|
| nebbiolo2 | Linux (Ubuntu 20.04.5 LTS) | x86_64 | R Under development (unstable) (2023-04-19 r84288) -- "Unsuffered Consequences" | 3941 |
| Click on any hostname to see more info about the system (e.g. compilers) (*) as reported by 'uname -p', except on Windows and Mac OS X | ||||
|
To the developers/maintainers of the chromswitch package: - Allow up to 24 hours (and sometimes 48 hours) for your latest push to git@git.bioconductor.org:packages/chromswitch.git to reflect on this report. See Troubleshooting Build Report for more information. - Use the following Renviron settings to reproduce errors and warnings. Note: If "R CMD check" recently failed on the Linux builder over a missing dependency, add the missing dependency to "Suggests" in your DESCRIPTION file. See the Renviron.bioc for details. |
| Package 341/2223 | Hostname | OS / Arch | INSTALL | BUILD | CHECK | BUILD BIN | ||||||||
Selin Jessa
| nebbiolo2 | Linux (Ubuntu 20.04.5 LTS) / x86_64 | OK | OK | WARNINGS | |||||||||
| Package: chromswitch |
| Version: 1.21.1 |
| Command: /home/biocbuild/bbs-3.18-bioc/R/bin/R CMD check --install=check:chromswitch.install-out.txt --library=/home/biocbuild/bbs-3.18-bioc/R/site-library --timings chromswitch_1.21.1.tar.gz |
| StartedAt: 2023-04-20 06:43:13 -0400 (Thu, 20 Apr 2023) |
| EndedAt: 2023-04-20 06:48:18 -0400 (Thu, 20 Apr 2023) |
| EllapsedTime: 304.9 seconds |
| RetCode: 0 |
| Status: WARNINGS |
| CheckDir: chromswitch.Rcheck |
| Warnings: 1 |
##############################################################################
##############################################################################
###
### Running command:
###
### /home/biocbuild/bbs-3.18-bioc/R/bin/R CMD check --install=check:chromswitch.install-out.txt --library=/home/biocbuild/bbs-3.18-bioc/R/site-library --timings chromswitch_1.21.1.tar.gz
###
##############################################################################
##############################################################################
* using log directory ‘/home/biocbuild/bbs-3.18-bioc/meat/chromswitch.Rcheck’
* using R Under development (unstable) (2023-04-19 r84288)
* using platform: x86_64-pc-linux-gnu (64-bit)
* R was compiled by
gcc (Ubuntu 11.3.0-1ubuntu1~22.04) 11.3.0
GNU Fortran (Ubuntu 11.3.0-1ubuntu1~22.04) 11.3.0
* running under: Ubuntu 22.04.2 LTS
* using session charset: UTF-8
* checking for file ‘chromswitch/DESCRIPTION’ ... OK
* this is package ‘chromswitch’ version ‘1.21.1’
* package encoding: UTF-8
* checking package namespace information ... OK
* checking package dependencies ... OK
* checking if this is a source package ... OK
* checking if there is a namespace ... OK
* checking for hidden files and directories ... OK
* checking for portable file names ... OK
* checking for sufficient/correct file permissions ... OK
* checking whether package ‘chromswitch’ can be installed ... WARNING
Found the following significant warnings:
Warning: Package 'chromswitch' is deprecated and will be removed from
See ‘/home/biocbuild/bbs-3.18-bioc/meat/chromswitch.Rcheck/00install.out’ for details.
* checking installed package size ... OK
* checking package directory ... OK
* checking ‘build’ directory ... OK
* checking DESCRIPTION meta-information ... OK
* checking top-level files ... OK
* checking for left-over files ... OK
* checking index information ... OK
* checking package subdirectories ... OK
* checking R files for non-ASCII characters ... OK
* checking R files for syntax errors ... OK
* checking whether the package can be loaded ... OK
* checking whether the package can be loaded with stated dependencies ... OK
* checking whether the package can be unloaded cleanly ... OK
* checking whether the namespace can be loaded with stated dependencies ... OK
* checking whether the namespace can be unloaded cleanly ... OK
* checking loading without being on the library search path ... OK
* checking startup messages can be suppressed ... OK
* checking dependencies in R code ... OK
* checking S3 generic/method consistency ... OK
* checking replacement functions ... OK
* checking foreign function calls ... OK
* checking R code for possible problems ... OK
* checking Rd files ... OK
* checking Rd metadata ... OK
* checking Rd cross-references ... OK
* checking for missing documentation entries ... OK
* checking for code/documentation mismatches ... OK
* checking Rd \usage sections ... OK
* checking Rd contents ... OK
* checking for unstated dependencies in examples ... OK
* checking contents of ‘data’ directory ... OK
* checking data for non-ASCII characters ... OK
* checking LazyData ... OK
* checking data for ASCII and uncompressed saves ... OK
* checking files in ‘vignettes’ ... OK
* checking examples ... OK
* checking for unstated dependencies in ‘tests’ ... OK
* checking tests ...
Running ‘testthat.R’
OK
* checking for unstated dependencies in vignettes ... OK
* checking package vignettes in ‘inst/doc’ ... OK
* checking running R code from vignettes ...
‘chromswitch_intro.Rmd’ using ‘UTF-8’... OK
NONE
* checking re-building of vignette outputs ... OK
* checking PDF version of manual ... OK
* DONE
Status: 1 WARNING
See
‘/home/biocbuild/bbs-3.18-bioc/meat/chromswitch.Rcheck/00check.log’
for details.
chromswitch.Rcheck/00install.out
############################################################################## ############################################################################## ### ### Running command: ### ### /home/biocbuild/bbs-3.18-bioc/R/bin/R CMD INSTALL chromswitch ### ############################################################################## ############################################################################## * installing to library ‘/home/biocbuild/bbs-3.18-bioc/R/site-library’ * installing *source* package ‘chromswitch’ ... ** using staged installation ** R ** data *** moving datasets to lazyload DB ** inst ** byte-compile and prepare package for lazy loading ** help *** installing help indices ** building package indices ** installing vignettes ** testing if installed package can be loaded from temporary location Warning: Package 'chromswitch' is deprecated and will be removed from Bioconductor version 3.18 ** testing if installed package can be loaded from final location Warning: Package 'chromswitch' is deprecated and will be removed from Bioconductor version 3.18 ** testing if installed package keeps a record of temporary installation path * DONE (chromswitch)
chromswitch.Rcheck/tests/testthat.Rout
R Under development (unstable) (2023-04-19 r84288) -- "Unsuffered Consequences"
Copyright (C) 2023 The R Foundation for Statistical Computing
Platform: x86_64-pc-linux-gnu (64-bit)
R is free software and comes with ABSOLUTELY NO WARRANTY.
You are welcome to redistribute it under certain conditions.
Type 'license()' or 'licence()' for distribution details.
R is a collaborative project with many contributors.
Type 'contributors()' for more information and
'citation()' on how to cite R or R packages in publications.
Type 'demo()' for some demos, 'help()' for on-line help, or
'help.start()' for an HTML browser interface to help.
Type 'q()' to quit R.
> library(testthat)
> library(chromswitch)
Loading required package: GenomicRanges
Loading required package: stats4
Loading required package: BiocGenerics
Attaching package: 'BiocGenerics'
The following objects are masked from 'package:stats':
IQR, mad, sd, var, xtabs
The following objects are masked from 'package:base':
Filter, Find, Map, Position, Reduce, anyDuplicated, aperm, append,
as.data.frame, basename, cbind, colnames, dirname, do.call,
duplicated, eval, evalq, get, grep, grepl, intersect, is.unsorted,
lapply, mapply, match, mget, order, paste, pmax, pmax.int, pmin,
pmin.int, rank, rbind, rownames, sapply, setdiff, sort, table,
tapply, union, unique, unsplit, which.max, which.min
Loading required package: S4Vectors
Attaching package: 'S4Vectors'
The following object is masked from 'package:utils':
findMatches
The following objects are masked from 'package:base':
I, expand.grid, unname
Loading required package: IRanges
Loading required package: GenomeInfoDb
Warning message:
Package 'chromswitch' is deprecated and will be removed from
Bioconductor version 3.18
>
> test_check("chromswitch")
[ FAIL 0 | WARN 39 | SKIP 0 | PASS 93 ]
[ FAIL 0 | WARN 39 | SKIP 0 | PASS 93 ]
>
> proc.time()
user system elapsed
55.854 12.315 47.755
chromswitch.Rcheck/chromswitch-Ex.timings
| name | user | system | elapsed | |
| GRangesToCoord | 0.039 | 0.004 | 0.043 | |
| LocalPeaks-class | 0.294 | 0.056 | 0.350 | |
| NMI | 0.002 | 0.000 | 0.003 | |
| binarizePeaks | 1.252 | 0.088 | 1.340 | |
| callBinary | 4.037 | 0.100 | 4.137 | |
| callSummary | 2.768 | 0.076 | 2.845 | |
| classEntropy | 0.001 | 0.000 | 0.001 | |
| cluster | 0.871 | 0.012 | 0.883 | |
| clusterEntropy | 0.001 | 0.000 | 0.001 | |
| completeness | 0.000 | 0.000 | 0.001 | |
| conditionalClassEntropy | 0.000 | 0.000 | 0.001 | |
| conditionalClusterEntropy | 0.000 | 0.000 | 0.001 | |
| coordToGRanges | 0.013 | 0.003 | 0.016 | |
| filterPeaks | 0.367 | 0.008 | 0.375 | |
| homogeneity | 0.001 | 0.000 | 0.001 | |
| makeBrowserCoord | 0 | 0 | 0 | |
| normalizePeaks | 0.239 | 0.000 | 0.238 | |
| pReciprocalOverlap | 0.046 | 0.000 | 0.046 | |
| purity | 0.001 | 0.000 | 0.000 | |
| readNarrowPeak | 0.356 | 0.004 | 0.360 | |
| reducePeaks | 0.245 | 0.000 | 0.245 | |
| retrievePeaks | 0.204 | 0.012 | 0.216 | |
| summarizePeaks | 0.649 | 0.000 | 0.649 | |
| vMeasure | 0.001 | 0.000 | 0.001 | |
| winsorNorm | 0.001 | 0.000 | 0.001 | |