Back to Multiple platform build/check report for BioC 3.18:   simplified   long
AB[C]DEFGHIJKLMNOPQRSTUVWXYZ

This page was generated on 2023-11-02 11:40:31 -0400 (Thu, 02 Nov 2023).

HostnameOSArch (*)R versionInstalled pkgs
nebbiolo2Linux (Ubuntu 22.04.2 LTS)x86_644.3.1 (2023-06-16) -- "Beagle Scouts" 4729
palomino4Windows Server 2022 Datacenterx644.3.1 (2023-06-16 ucrt) -- "Beagle Scouts" 4463
lconwaymacOS 12.6.5 Montereyx86_644.3.1 Patched (2023-06-17 r84564) -- "Beagle Scouts" 4478
kunpeng2Linux (openEuler 22.03 LTS-SP1)aarch644.3.1 (2023-06-16) -- "Beagle Scouts" 4464
Click on any hostname to see more info about the system (e.g. compilers)      (*) as reported by 'uname -p', except on Windows and Mac OS X

Package 328/2266HostnameOS / ArchINSTALLBUILDCHECKBUILD BIN
chimeraviz 1.28.0  (landing page)
Stian Lågstad
Snapshot Date: 2023-11-01 14:05:06 -0400 (Wed, 01 Nov 2023)
git_url: https://git.bioconductor.org/packages/chimeraviz
git_branch: RELEASE_3_18
git_last_commit: 2a2ebf3
git_last_commit_date: 2023-10-24 10:54:26 -0400 (Tue, 24 Oct 2023)
nebbiolo2Linux (Ubuntu 22.04.2 LTS) / x86_64  OK    OK    OK  UNNEEDED, same version is already published
palomino4Windows Server 2022 Datacenter / x64  OK    OK    OK    OK  UNNEEDED, same version is already published
lconwaymacOS 12.6.5 Monterey / x86_64  OK    OK    OK    OK  UNNEEDED, same version is already published
kjohnson1macOS 13.6.1 Ventura / arm64see weekly results here
kunpeng2Linux (openEuler 22.03 LTS-SP1) / aarch64  OK    OK    ERROR  

CHECK results for chimeraviz on kunpeng2


To the developers/maintainers of the chimeraviz package:
- Allow up to 24 hours (and sometimes 48 hours) for your latest push to git@git.bioconductor.org:packages/chimeraviz.git to reflect on this report. See Troubleshooting Build Report for more information.
- Use the following Renviron settings to reproduce errors and warnings.
- If 'R CMD check' started to fail recently on the Linux builder(s) over a missing dependency, add the missing dependency to 'Suggests:' in your DESCRIPTION file. See Renviron.bioc for more information.
- See Martin Grigorov's blog post for how to debug Linux ARM64 related issues on a x86_64 host.

raw results


Summary

Package: chimeraviz
Version: 1.28.0
Command: /home/biocbuild/R/R-4.3.1/bin/R CMD check --install=check:chimeraviz.install-out.txt --library=/home/biocbuild/R/R-4.3.1/site-library --no-vignettes --timings chimeraviz_1.28.0.tar.gz
StartedAt: 2023-11-02 09:11:32 -0000 (Thu, 02 Nov 2023)
EndedAt: 2023-11-02 09:20:57 -0000 (Thu, 02 Nov 2023)
EllapsedTime: 565.0 seconds
RetCode: 1
Status:   ERROR  
CheckDir: chimeraviz.Rcheck
Warnings: NA

Command output

##############################################################################
##############################################################################
###
### Running command:
###
###   /home/biocbuild/R/R-4.3.1/bin/R CMD check --install=check:chimeraviz.install-out.txt --library=/home/biocbuild/R/R-4.3.1/site-library --no-vignettes --timings chimeraviz_1.28.0.tar.gz
###
##############################################################################
##############################################################################


* using log directory ‘/home/biocbuild/bbs-3.18-bioc/meat/chimeraviz.Rcheck’
* using R version 4.3.1 (2023-06-16)
* using platform: aarch64-unknown-linux-gnu (64-bit)
* R was compiled by
    gcc (GCC) 10.3.1
    GNU Fortran (GCC) 10.3.1
* running under: openEuler 22.03 (LTS-SP1)
* using session charset: UTF-8
* using option ‘--no-vignettes’
* checking for file ‘chimeraviz/DESCRIPTION’ ... OK
* checking extension type ... Package
* this is package ‘chimeraviz’ version ‘1.28.0’
* package encoding: UTF-8
* checking package namespace information ... OK
* checking package dependencies ... NOTE
Depends: includes the non-default packages:
  'Biostrings', 'GenomicRanges', 'IRanges', 'Gviz', 'S4Vectors',
  'ensembldb', 'AnnotationFilter', 'data.table'
Adding so many packages to the search path is excessive and importing
selectively is preferable.
* checking if this is a source package ... OK
* checking if there is a namespace ... OK
* checking for hidden files and directories ... OK
* checking for portable file names ... OK
* checking for sufficient/correct file permissions ... OK
* checking whether package ‘chimeraviz’ can be installed ... OK
* checking installed package size ... OK
* checking package directory ... OK
* checking ‘build’ directory ... OK
* checking DESCRIPTION meta-information ... OK
* checking top-level files ... OK
* checking for left-over files ... OK
* checking index information ... OK
* checking package subdirectories ... OK
* checking R files for non-ASCII characters ... OK
* checking R files for syntax errors ... OK
* checking whether the package can be loaded ... OK
* checking whether the package can be loaded with stated dependencies ... OK
* checking whether the package can be unloaded cleanly ... OK
* checking whether the namespace can be loaded with stated dependencies ... OK
* checking whether the namespace can be unloaded cleanly ... OK
* checking loading without being on the library search path ... OK
* checking dependencies in R code ... NOTE
Namespace in Imports field not imported from: 'magick'
  All declared Imports should be used.
* checking S3 generic/method consistency ... OK
* checking replacement functions ... OK
* checking foreign function calls ... OK
* checking R code for possible problems ... NOTE
plot_fusion_transcript_with_protein_domain: no visible binding for
  global variable 'protein_domain_location'
Undefined global functions or variables:
  protein_domain_location
* checking Rd files ... OK
* checking Rd metadata ... OK
* checking Rd cross-references ... OK
* checking for missing documentation entries ... OK
* checking for code/documentation mismatches ... OK
* checking Rd \usage sections ... OK
* checking Rd contents ... OK
* checking for unstated dependencies in examples ... OK
* checking files in ‘vignettes’ ... OK
* checking examples ... ERROR
Running examples in ‘chimeraviz-Ex.R’ failed
The error most likely occurred in:

> base::assign(".ptime", proc.time(), pos = "CheckExEnv")
> ### Name: plot_fusion
> ### Title: Plot a fusion event with transcripts, coverage and ideograms.
> ### Aliases: plot_fusion plot_fusion_separate plot_fusion_together
> 
> ### ** Examples
> 
> # Load data and example fusion event
> defuse833ke <- system.file(
+   "extdata",
+   "defuse_833ke_results.filtered.tsv",
+   package="chimeraviz")
> fusions <- import_defuse(defuse833ke, "hg19", 1)
> fusion <- get_fusion_by_id(fusions, 5267)
> # Load edb
> edbSqliteFile <- system.file(
+   "extdata",
+   "Homo_sapiens.GRCh37.74.sqlite",
+   package="chimeraviz")
> edb <- ensembldb::EnsDb(edbSqliteFile)
> # bamfile with reads in the regions of this fusion event
> bamfile5267 <- system.file(
+   "extdata",
+   "fusion5267and11759reads.bam",
+   package="chimeraviz")
> # Temporary file to store the plot
> pngFilename <- tempfile(
+   pattern = "fusionPlot",
+   fileext = ".png",
+   tmpdir = tempdir())
> # Open device
> png(pngFilename, width = 1000, height = 750)
> # Plot!
> plot_fusion(
+   fusion = fusion,
+   bamfile = bamfile5267,
+   edb = edb,
+   non_ucsc = TRUE)
Fetching transcripts for gene partners..
* checking for unstated dependencies in ‘tests’ ... OK
* checking tests ...
  Running ‘testthat.R’/home/biocbuild/R/R-4.3.1/bin/BATCH: line 60: 514308 Killed                  ${R_HOME}/bin/R -f ${in} ${opts} ${R_BATCH_OPTIONS} > ${out} 2>&1

 ERROR
Running the tests in ‘tests/testthat.R’ failed.
Last 13 lines of output:
  
      shift
  
  The following object is masked from 'package:IRanges':
  
      shift
  
  The following objects are masked from 'package:S4Vectors':
  
      first, second
  
  
  
  > 
  > test_check("chimeraviz")
* checking for unstated dependencies in vignettes ... OK
* checking package vignettes in ‘inst/doc’ ... OK
* checking running R code from vignettes ... SKIPPED
* checking re-building of vignette outputs ... SKIPPED
* checking PDF version of manual ... OK
* DONE

Status: 2 ERRORs, 3 NOTEs
See
  ‘/home/biocbuild/bbs-3.18-bioc/meat/chimeraviz.Rcheck/00check.log’
for details.


Installation output

chimeraviz.Rcheck/00install.out

##############################################################################
##############################################################################
###
### Running command:
###
###   /home/biocbuild/R/R-4.3.1/bin/R CMD INSTALL chimeraviz
###
##############################################################################
##############################################################################


* installing to library ‘/home/biocbuild/R/R-4.3.1/site-library’
* installing *source* package ‘chimeraviz’ ...
** using staged installation
** R
** inst
** byte-compile and prepare package for lazy loading
** help
*** installing help indices
** building package indices
** installing vignettes
** testing if installed package can be loaded from temporary location
** testing if installed package can be loaded from final location
** testing if installed package keeps a record of temporary installation path
* DONE (chimeraviz)

Tests output

chimeraviz.Rcheck/tests/testthat.Rout.fail


R version 4.3.1 (2023-06-16) -- "Beagle Scouts"
Copyright (C) 2023 The R Foundation for Statistical Computing
Platform: aarch64-unknown-linux-gnu (64-bit)

R is free software and comes with ABSOLUTELY NO WARRANTY.
You are welcome to redistribute it under certain conditions.
Type 'license()' or 'licence()' for distribution details.

R is a collaborative project with many contributors.
Type 'contributors()' for more information and
'citation()' on how to cite R or R packages in publications.

Type 'demo()' for some demos, 'help()' for on-line help, or
'help.start()' for an HTML browser interface to help.
Type 'q()' to quit R.

> library(testthat)
> library(chimeraviz)
Loading required package: Biostrings
Loading required package: BiocGenerics

Attaching package: 'BiocGenerics'

The following objects are masked from 'package:stats':

    IQR, mad, sd, var, xtabs

The following objects are masked from 'package:base':

    Filter, Find, Map, Position, Reduce, anyDuplicated, aperm, append,
    as.data.frame, basename, cbind, colnames, dirname, do.call,
    duplicated, eval, evalq, get, grep, grepl, intersect, is.unsorted,
    lapply, mapply, match, mget, order, paste, pmax, pmax.int, pmin,
    pmin.int, rank, rbind, rownames, sapply, setdiff, sort, table,
    tapply, union, unique, unsplit, which.max, which.min

Loading required package: S4Vectors
Loading required package: stats4

Attaching package: 'S4Vectors'

The following object is masked from 'package:utils':

    findMatches

The following objects are masked from 'package:base':

    I, expand.grid, unname

Loading required package: IRanges
Loading required package: XVector
Loading required package: GenomeInfoDb

Attaching package: 'Biostrings'

The following object is masked from 'package:base':

    strsplit

Loading required package: GenomicRanges
Loading required package: Gviz
Loading required package: grid

Attaching package: 'grid'

The following object is masked from 'package:Biostrings':

    pattern

Loading required package: ensembldb
Loading required package: GenomicFeatures
Loading required package: AnnotationDbi
Loading required package: Biobase
Welcome to Bioconductor

    Vignettes contain introductory material; view with
    'browseVignettes()'. To cite Bioconductor, see
    'citation("Biobase")', and for packages 'citation("pkgname")'.

Loading required package: AnnotationFilter

Attaching package: 'AnnotationFilter'

The following object is masked from 'package:Gviz':

    feature

The following object is masked from 'package:testthat':

    not


Attaching package: 'ensembldb'

The following object is masked from 'package:stats':

    filter

Loading required package: data.table

Attaching package: 'data.table'

The following object is masked from 'package:GenomicRanges':

    shift

The following object is masked from 'package:IRanges':

    shift

The following objects are masked from 'package:S4Vectors':

    first, second



> 
> test_check("chimeraviz")

Example timings

chimeraviz.Rcheck/chimeraviz-Ex.timings

nameusersystemelapsed
add_fusion_reads_alignment0.9690.0160.990
create_fusion_report3.5960.4064.749
decide_transcript_category0.2730.0040.279
down_shift0.0750.0000.075
downstream_partner_gene0.0760.0120.089
fetch_reads_from_fastq000
fusion_spanning_reads_count0.0430.0000.044
fusion_split_reads_count0.0440.0000.044
fusion_to_data_frame0.0410.0040.045
get_ensembl_ids0.7260.0230.761
get_fusion_by_chromosome0.0380.0080.046
get_fusion_by_gene_name0.0420.0030.046
get_fusion_by_id0.0490.0000.049
get_transcripts_ensembl_db 9.972 0.97212.109
import_aeron0.6620.0130.728
import_chimpipe0.1190.0000.120
import_defuse0.1200.0000.122
import_ericscript0.1230.0000.124
import_fusioncatcher0.1240.0000.126
import_fusionmap0.1250.0000.125
import_infusion0.1240.0000.125
import_jaffa0.1230.0000.124
import_oncofuse0.1230.0000.124
import_prada0.1570.0000.158
import_soapfuse0.1250.0000.126
import_squid0.1270.0000.127
import_starfusion0.1270.0000.128
partner_gene_ensembl_id0.0810.0040.085
partner_gene_junction_sequence0.050.000.05
plot_circle0.6980.0200.755