Back to Multiple platform build/check report for BioC 3.18: simplified long |
|
This page was generated on 2023-11-02 11:40:27 -0400 (Thu, 02 Nov 2023).
Hostname | OS | Arch (*) | R version | Installed pkgs |
---|---|---|---|---|
nebbiolo2 | Linux (Ubuntu 22.04.2 LTS) | x86_64 | 4.3.1 (2023-06-16) -- "Beagle Scouts" | 4729 |
palomino4 | Windows Server 2022 Datacenter | x64 | 4.3.1 (2023-06-16 ucrt) -- "Beagle Scouts" | 4463 |
lconway | macOS 12.6.5 Monterey | x86_64 | 4.3.1 Patched (2023-06-17 r84564) -- "Beagle Scouts" | 4478 |
kunpeng2 | Linux (openEuler 22.03 LTS-SP1) | aarch64 | 4.3.1 (2023-06-16) -- "Beagle Scouts" | 4464 |
Click on any hostname to see more info about the system (e.g. compilers) (*) as reported by 'uname -p', except on Windows and Mac OS X |
Package 169/2266 | Hostname | OS / Arch | INSTALL | BUILD | CHECK | BUILD BIN | ||||||||
biobtreeR 1.14.0 (landing page) Tamer Gur
| nebbiolo2 | Linux (Ubuntu 22.04.2 LTS) / x86_64 | OK | OK | OK | |||||||||
palomino4 | Windows Server 2022 Datacenter / x64 | OK | OK | OK | OK | |||||||||
lconway | macOS 12.6.5 Monterey / x86_64 | OK | OK | OK | OK | |||||||||
kjohnson1 | macOS 13.6.1 Ventura / arm64 | see weekly results here | ||||||||||||
kunpeng2 | Linux (openEuler 22.03 LTS-SP1) / aarch64 | OK | ERROR | skipped | ||||||||||
To the developers/maintainers of the biobtreeR package: - Allow up to 24 hours (and sometimes 48 hours) for your latest push to git@git.bioconductor.org:packages/biobtreeR.git to reflect on this report. See Troubleshooting Build Report for more information. - Use the following Renviron settings to reproduce errors and warnings. - If 'R CMD check' started to fail recently on the Linux builder(s) over a missing dependency, add the missing dependency to 'Suggests:' in your DESCRIPTION file. See Renviron.bioc for more information. - See Martin Grigorov's blog post for how to debug Linux ARM64 related issues on a x86_64 host. |
Package: biobtreeR |
Version: 1.14.0 |
Command: /home/biocbuild/R/R-4.3.1/bin/R CMD build --keep-empty-dirs --no-resave-data biobtreeR |
StartedAt: 2023-11-01 22:38:49 -0000 (Wed, 01 Nov 2023) |
EndedAt: 2023-11-01 22:39:58 -0000 (Wed, 01 Nov 2023) |
EllapsedTime: 69.1 seconds |
RetCode: 1 |
Status: ERROR |
PackageFile: None |
PackageFileSize: NA |
############################################################################## ############################################################################## ### ### Running command: ### ### /home/biocbuild/R/R-4.3.1/bin/R CMD build --keep-empty-dirs --no-resave-data biobtreeR ### ############################################################################## ############################################################################## * checking for file ‘biobtreeR/DESCRIPTION’ ... OK * preparing ‘biobtreeR’: * checking DESCRIPTION meta-information ... OK * installing the package to build vignettes * creating vignettes ... ERROR --- re-building ‘biobtreeR.Rmd’ using rmarkdown trying URL 'https://github.com/tamerh/biobtree/releases/download/v1.8.0/biobtree_Linux_64bit.tar.gz' Content type 'application/octet-stream' length 11081624 bytes (10.6 MB) ================================================== downloaded 10.6 MB biobtree trying URL 'https://github.com/tamerh/biobtree/releases/download/v1.8.0/biobtree_Linux_64bit.tar.gz' Content type 'application/octet-stream' length 11081624 bytes (10.6 MB) ================================================== downloaded 10.6 MB biobtree sh: line 1: /home/biocbuild/tmp/RtmpJ9eV9b/biobtree: cannot execute binary file: Exec format error Quitting from lines 67-68 [unnamed-chunk-4] (biobtreeR.Rmd) Error: processing vignette 'biobtreeR.Rmd' failed with diagnostics: Built data couldn't found. Make sure data built or directory set correctly --- failed re-building ‘biobtreeR.Rmd’ SUMMARY: processing the following file failed: ‘biobtreeR.Rmd’ Error: Vignette re-building failed. Execution halted