| Back to Multiple platform build/check report for BioC 3.18: simplified long |
|
This page was generated on 2024-04-17 11:36:20 -0400 (Wed, 17 Apr 2024).
| Hostname | OS | Arch (*) | R version | Installed pkgs |
|---|---|---|---|---|
| nebbiolo2 | Linux (Ubuntu 22.04.3 LTS) | x86_64 | 4.3.3 (2024-02-29) -- "Angel Food Cake" | 4676 |
| palomino4 | Windows Server 2022 Datacenter | x64 | 4.3.3 (2024-02-29 ucrt) -- "Angel Food Cake" | 4414 |
| merida1 | macOS 12.7.1 Monterey | x86_64 | 4.3.3 (2024-02-29) -- "Angel Food Cake" | 4437 |
| Click on any hostname to see more info about the system (e.g. compilers) (*) as reported by 'uname -p', except on Windows and Mac OS X | ||||
| Package 1825/2266 | Hostname | OS / Arch | INSTALL | BUILD | CHECK | BUILD BIN | ||||||||
| RUVcorr 1.34.0 (landing page) Saskia Freytag
| nebbiolo2 | Linux (Ubuntu 22.04.3 LTS) / x86_64 | OK | OK | WARNINGS | |||||||||
| palomino4 | Windows Server 2022 Datacenter / x64 | OK | OK | WARNINGS | OK | |||||||||
| merida1 | macOS 12.7.1 Monterey / x86_64 | OK | OK | WARNINGS | OK | |||||||||
| kjohnson1 | macOS 13.6.1 Ventura / arm64 | see weekly results here | ||||||||||||
|
To the developers/maintainers of the RUVcorr package: - Allow up to 24 hours (and sometimes 48 hours) for your latest push to git@git.bioconductor.org:packages/RUVcorr.git to reflect on this report. See Troubleshooting Build Report for more information. - Use the following Renviron settings to reproduce errors and warnings. - If 'R CMD check' started to fail recently on the Linux builder(s) over a missing dependency, add the missing dependency to 'Suggests:' in your DESCRIPTION file. See Renviron.bioc for more information. |
| Package: RUVcorr |
| Version: 1.34.0 |
| Command: /home/biocbuild/bbs-3.18-bioc/R/bin/R CMD check --install=check:RUVcorr.install-out.txt --library=/home/biocbuild/bbs-3.18-bioc/R/site-library --timings RUVcorr_1.34.0.tar.gz |
| StartedAt: 2024-04-16 03:20:16 -0400 (Tue, 16 Apr 2024) |
| EndedAt: 2024-04-16 03:22:16 -0400 (Tue, 16 Apr 2024) |
| EllapsedTime: 119.9 seconds |
| RetCode: 0 |
| Status: WARNINGS |
| CheckDir: RUVcorr.Rcheck |
| Warnings: 1 |
##############################################################################
##############################################################################
###
### Running command:
###
### /home/biocbuild/bbs-3.18-bioc/R/bin/R CMD check --install=check:RUVcorr.install-out.txt --library=/home/biocbuild/bbs-3.18-bioc/R/site-library --timings RUVcorr_1.34.0.tar.gz
###
##############################################################################
##############################################################################
* using log directory ‘/home/biocbuild/bbs-3.18-bioc/meat/RUVcorr.Rcheck’
* using R version 4.3.3 (2024-02-29)
* using platform: x86_64-pc-linux-gnu (64-bit)
* R was compiled by
gcc (Ubuntu 11.4.0-1ubuntu1~22.04) 11.4.0
GNU Fortran (Ubuntu 11.4.0-1ubuntu1~22.04) 11.4.0
* running under: Ubuntu 22.04.4 LTS
* using session charset: UTF-8
* checking for file ‘RUVcorr/DESCRIPTION’ ... OK
* checking extension type ... Package
* this is package ‘RUVcorr’ version ‘1.34.0’
* checking package namespace information ... OK
* checking package dependencies ... OK
* checking if this is a source package ... OK
* checking if there is a namespace ... OK
* checking for hidden files and directories ... OK
* checking for portable file names ... OK
* checking for sufficient/correct file permissions ... OK
* checking whether package ‘RUVcorr’ can be installed ... OK
* checking installed package size ... OK
* checking package directory ... OK
* checking ‘build’ directory ... OK
* checking DESCRIPTION meta-information ... OK
* checking top-level files ... OK
* checking for left-over files ... OK
* checking index information ... OK
* checking package subdirectories ... OK
* checking R files for non-ASCII characters ... OK
* checking R files for syntax errors ... OK
* checking whether the package can be loaded ... OK
* checking whether the package can be loaded with stated dependencies ... OK
* checking whether the package can be unloaded cleanly ... OK
* checking whether the namespace can be loaded with stated dependencies ... WARNING
Warning: S4 exports specified in 'NAMESPACE' but not defined in package ‘RUVcorr’
* checking whether the namespace can be unloaded cleanly ... OK
* checking loading without being on the library search path ... OK
* checking dependencies in R code ... OK
* checking S3 generic/method consistency ... OK
* checking replacement functions ... OK
* checking foreign function calls ... OK
* checking R code for possible problems ... OK
* checking Rd files ... OK
* checking Rd metadata ... OK
* checking Rd cross-references ... OK
* checking for missing documentation entries ... OK
* checking for code/documentation mismatches ... OK
* checking Rd \usage sections ... OK
* checking Rd contents ... OK
* checking for unstated dependencies in examples ... OK
* checking files in ‘vignettes’ ... OK
* checking examples ... OK
* checking for unstated dependencies in vignettes ... OK
* checking package vignettes in ‘inst/doc’ ... OK
* checking running R code from vignettes ...
‘Vignette.Rmd’ using ‘UTF-8’... OK
OK
* checking re-building of vignette outputs ... OK
* checking PDF version of manual ... OK
* DONE
Status: 1 WARNING
See
‘/home/biocbuild/bbs-3.18-bioc/meat/RUVcorr.Rcheck/00check.log’
for details.
RUVcorr.Rcheck/00install.out
############################################################################## ############################################################################## ### ### Running command: ### ### /home/biocbuild/bbs-3.18-bioc/R/bin/R CMD INSTALL RUVcorr ### ############################################################################## ############################################################################## * installing to library ‘/home/biocbuild/bbs-3.18-bioc/R/site-library’ * installing *source* package ‘RUVcorr’ ... ** using staged installation ** R ** inst ** byte-compile and prepare package for lazy loading ** help *** installing help indices ** building package indices ** installing vignettes ** testing if installed package can be loaded from temporary location ** testing if installed package can be loaded from final location ** testing if installed package keeps a record of temporary installation path * DONE (RUVcorr)
RUVcorr.Rcheck/RUVcorr-Ex.timings
| name | user | system | elapsed | |
| ECDFPlot | 0.631 | 0.024 | 0.655 | |
| PCAPlot | 1.530 | 0.008 | 1.539 | |
| RLEPlot | 1.264 | 0.008 | 1.273 | |
| RUVNaiveRidge | 0.402 | 0.008 | 0.410 | |
| assessQuality | 0.068 | 0.003 | 0.072 | |
| background | 0.061 | 0.000 | 0.062 | |
| calculateThreshold | 1.138 | 0.000 | 1.139 | |
| compareRanks | 0.653 | 0.024 | 0.678 | |
| correlationPlot | 0.093 | 0.004 | 0.098 | |
| eigenvaluePlot | 0.301 | 0.012 | 0.313 | |
| empNegativeControls | 0.136 | 0.000 | 0.135 | |
| findWeights | 0.277 | 0.000 | 0.276 | |
| genePlot | 0.158 | 0.003 | 0.162 | |
| histogramPlot | 0.263 | 0.000 | 0.263 | |
| is.optimizeParameters | 0 | 0 | 0 | |
| is.simulateGEdata | 0 | 0 | 0 | |
| optimizeParameters | 1.289 | 0.016 | 1.304 | |
| plot.optimizeParameters | 1.641 | 0.012 | 1.652 | |
| plotDesign | 0.561 | 0.004 | 0.565 | |
| plotThreshold | 1.125 | 0.016 | 1.141 | |
| print.simulateGEdata | 0 | 0 | 0 | |
| prioritise | 0.409 | 0.028 | 0.437 | |
| simulateGEdata | 0.321 | 0.004 | 0.325 | |
| wcor | 0.29 | 0.00 | 0.29 | |