Back to Multiple platform build/check report for BioC 3.18: simplified long |
|
This page was generated on 2024-04-17 11:36:19 -0400 (Wed, 17 Apr 2024).
Hostname | OS | Arch (*) | R version | Installed pkgs |
---|---|---|---|---|
nebbiolo2 | Linux (Ubuntu 22.04.3 LTS) | x86_64 | 4.3.3 (2024-02-29) -- "Angel Food Cake" | 4676 |
palomino4 | Windows Server 2022 Datacenter | x64 | 4.3.3 (2024-02-29 ucrt) -- "Angel Food Cake" | 4414 |
merida1 | macOS 12.7.1 Monterey | x86_64 | 4.3.3 (2024-02-29) -- "Angel Food Cake" | 4437 |
Click on any hostname to see more info about the system (e.g. compilers) (*) as reported by 'uname -p', except on Windows and Mac OS X |
Package 1777/2266 | Hostname | OS / Arch | INSTALL | BUILD | CHECK | BUILD BIN | ||||||||
RNAsense 1.16.0 (landing page) Marcus Rosenblatt
| nebbiolo2 | Linux (Ubuntu 22.04.3 LTS) / x86_64 | OK | OK | WARNINGS | |||||||||
palomino4 | Windows Server 2022 Datacenter / x64 | OK | OK | WARNINGS | OK | |||||||||
merida1 | macOS 12.7.1 Monterey / x86_64 | OK | OK | WARNINGS | OK | |||||||||
kjohnson1 | macOS 13.6.1 Ventura / arm64 | see weekly results here | ||||||||||||
To the developers/maintainers of the RNAsense package: - Allow up to 24 hours (and sometimes 48 hours) for your latest push to git@git.bioconductor.org:packages/RNAsense.git to reflect on this report. See Troubleshooting Build Report for more information. - Use the following Renviron settings to reproduce errors and warnings. - If 'R CMD check' started to fail recently on the Linux builder(s) over a missing dependency, add the missing dependency to 'Suggests:' in your DESCRIPTION file. See Renviron.bioc for more information. |
Package: RNAsense |
Version: 1.16.0 |
Command: /home/biocbuild/bbs-3.18-bioc/R/bin/R CMD check --install=check:RNAsense.install-out.txt --library=/home/biocbuild/bbs-3.18-bioc/R/site-library --timings RNAsense_1.16.0.tar.gz |
StartedAt: 2024-04-16 03:10:19 -0400 (Tue, 16 Apr 2024) |
EndedAt: 2024-04-16 03:28:46 -0400 (Tue, 16 Apr 2024) |
EllapsedTime: 1106.6 seconds |
RetCode: 0 |
Status: WARNINGS |
CheckDir: RNAsense.Rcheck |
Warnings: 1 |
############################################################################## ############################################################################## ### ### Running command: ### ### /home/biocbuild/bbs-3.18-bioc/R/bin/R CMD check --install=check:RNAsense.install-out.txt --library=/home/biocbuild/bbs-3.18-bioc/R/site-library --timings RNAsense_1.16.0.tar.gz ### ############################################################################## ############################################################################## * using log directory ‘/home/biocbuild/bbs-3.18-bioc/meat/RNAsense.Rcheck’ * using R version 4.3.3 (2024-02-29) * using platform: x86_64-pc-linux-gnu (64-bit) * R was compiled by gcc (Ubuntu 11.4.0-1ubuntu1~22.04) 11.4.0 GNU Fortran (Ubuntu 11.4.0-1ubuntu1~22.04) 11.4.0 * running under: Ubuntu 22.04.4 LTS * using session charset: UTF-8 * checking for file ‘RNAsense/DESCRIPTION’ ... OK * checking extension type ... Package * this is package ‘RNAsense’ version ‘1.16.0’ * package encoding: UTF-8 * checking package namespace information ... OK * checking package dependencies ... OK * checking if this is a source package ... OK * checking if there is a namespace ... OK * checking for hidden files and directories ... OK * checking for portable file names ... OK * checking for sufficient/correct file permissions ... OK * checking whether package ‘RNAsense’ can be installed ... OK * checking installed package size ... OK * checking package directory ... OK * checking ‘build’ directory ... OK * checking DESCRIPTION meta-information ... OK * checking top-level files ... OK * checking for left-over files ... OK * checking index information ... OK * checking package subdirectories ... OK * checking R files for non-ASCII characters ... OK * checking R files for syntax errors ... OK * checking whether the package can be loaded ... OK * checking whether the package can be loaded with stated dependencies ... OK * checking whether the package can be unloaded cleanly ... OK * checking whether the namespace can be loaded with stated dependencies ... OK * checking whether the namespace can be unloaded cleanly ... OK * checking loading without being on the library search path ... OK * checking dependencies in R code ... OK * checking S3 generic/method consistency ... OK * checking replacement functions ... OK * checking foreign function calls ... OK * checking R code for possible problems ... NOTE combineResults: no visible binding for global variable ‘resultSwitch’ combineResults: no visible binding for global variable ‘resultFC’ combineResults : getFCupdown: no visible binding for global variable ‘resultFC’ combineResults : getFCupdown: no visible binding for global variable ‘name’ combineResults : getFCupdown: no visible binding for global variable ‘FCdetect’ getFC: no visible binding for global variable ‘mydata’ getFC: no visible binding for global variable ‘analyzeConditions’ getFC: no visible binding for global variable ‘times’ getSwitch: no visible binding for global variable ‘mydata’ getSwitch: no visible binding for global variable ‘times’ outputGeneTables: no visible binding for global variable ‘resultCombined’ outputGeneTables: no visible binding for global variable ‘times’ outputGeneTables: no visible binding for global variable ‘analyzeConditions’ outputGeneTables: no visible binding for global variable ‘timepoint’ outputGeneTables: no visible binding for global variable ‘FCdown’ outputGeneTables: no visible binding for global variable ‘FCup’ outputGeneTables: no visible binding for global variable ‘experiment’ plotSSGS: no visible binding for global variable ‘resultCombined’ plotSSGS: no visible binding for global variable ‘times’ plotSSGS: no visible binding for global variable ‘analyzeConditions’ plotSSGS : getFT: no visible binding for global variable ‘result’ plotSSGS : getFT: no visible binding for global variable ‘timepoint’ plotSSGS : getFT: no visible binding for global variable ‘FCdown’ plotSSGS : getFT: no visible binding for global variable ‘FCup’ plotSSGS : <anonymous> : <anonymous> : <anonymous> : <anonymous>: no visible binding for global variable ‘experiment’ plotSSGS: no visible binding for global variable ‘xaxis’ plotSSGS: no visible binding for global variable ‘cluster’ Undefined global functions or variables: FCdetect FCdown FCup analyzeConditions cluster experiment mydata name result resultCombined resultFC resultSwitch timepoint times xaxis * checking Rd files ... OK * checking Rd metadata ... OK * checking Rd cross-references ... WARNING Missing link or links in documentation object 'getFC.Rd': ‘DataFrame’ Missing link or links in documentation object 'getSwitch.Rd': ‘DataFrame’ See section 'Cross-references' in the 'Writing R Extensions' manual. * checking for missing documentation entries ... OK * checking for code/documentation mismatches ... OK * checking Rd \usage sections ... OK * checking Rd contents ... OK * checking for unstated dependencies in examples ... OK * checking contents of ‘data’ directory ... OK * checking data for non-ASCII characters ... OK * checking data for ASCII and uncompressed saves ... OK * checking files in ‘vignettes’ ... OK * checking examples ... OK Examples with CPU (user + system) or elapsed time > 5s user system elapsed combineResults 124.398 1.548 125.949 outputGeneTables 121.292 0.544 121.836 plotSSGS 115.813 0.384 116.199 getSwitch 78.125 0.332 78.458 getFC 24.125 0.188 24.313 * checking for unstated dependencies in vignettes ... OK * checking package vignettes in ‘inst/doc’ ... OK * checking running R code from vignettes ... ‘example.Rmd’ using ‘UTF-8’... OK OK * checking re-building of vignette outputs ... OK * checking PDF version of manual ... OK * DONE Status: 1 WARNING, 1 NOTE See ‘/home/biocbuild/bbs-3.18-bioc/meat/RNAsense.Rcheck/00check.log’ for details.
RNAsense.Rcheck/00install.out
############################################################################## ############################################################################## ### ### Running command: ### ### /home/biocbuild/bbs-3.18-bioc/R/bin/R CMD INSTALL RNAsense ### ############################################################################## ############################################################################## * installing to library ‘/home/biocbuild/bbs-3.18-bioc/R/site-library’ * installing *source* package ‘RNAsense’ ... ** using staged installation ** R ** data ** byte-compile and prepare package for lazy loading ** help *** installing help indices ** building package indices ** installing vignettes ** testing if installed package can be loaded from temporary location ** testing if installed package can be loaded from final location ** testing if installed package keeps a record of temporary installation path * DONE (RNAsense)
RNAsense.Rcheck/RNAsense-Ex.timings
name | user | system | elapsed | |
combineResults | 124.398 | 1.548 | 125.949 | |
getFC | 24.125 | 0.188 | 24.313 | |
getSwitch | 78.125 | 0.332 | 78.458 | |
outputGeneTables | 121.292 | 0.544 | 121.836 | |
plotSSGS | 115.813 | 0.384 | 116.199 | |