| Back to Multiple platform build/check report for BioC 3.18: simplified long |
|
This page was generated on 2024-04-17 11:36:06 -0400 (Wed, 17 Apr 2024).
| Hostname | OS | Arch (*) | R version | Installed pkgs |
|---|---|---|---|---|
| nebbiolo2 | Linux (Ubuntu 22.04.3 LTS) | x86_64 | 4.3.3 (2024-02-29) -- "Angel Food Cake" | 4676 |
| palomino4 | Windows Server 2022 Datacenter | x64 | 4.3.3 (2024-02-29 ucrt) -- "Angel Food Cake" | 4414 |
| merida1 | macOS 12.7.1 Monterey | x86_64 | 4.3.3 (2024-02-29) -- "Angel Food Cake" | 4437 |
| Click on any hostname to see more info about the system (e.g. compilers) (*) as reported by 'uname -p', except on Windows and Mac OS X | ||||
| Package 1220/2266 | Hostname | OS / Arch | INSTALL | BUILD | CHECK | BUILD BIN | ||||||||
| MethReg 1.12.0 (landing page) Tiago Silva
| nebbiolo2 | Linux (Ubuntu 22.04.3 LTS) / x86_64 | OK | OK | WARNINGS | |||||||||
| palomino4 | Windows Server 2022 Datacenter / x64 | OK | ERROR | skipped | skipped | |||||||||
| merida1 | macOS 12.7.1 Monterey / x86_64 | OK | ERROR | skipped | skipped | |||||||||
| kjohnson1 | macOS 13.6.1 Ventura / arm64 | see weekly results here | ||||||||||||
|
To the developers/maintainers of the MethReg package: - Allow up to 24 hours (and sometimes 48 hours) for your latest push to git@git.bioconductor.org:packages/MethReg.git to reflect on this report. See Troubleshooting Build Report for more information. - Use the following Renviron settings to reproduce errors and warnings. - If 'R CMD check' started to fail recently on the Linux builder(s) over a missing dependency, add the missing dependency to 'Suggests:' in your DESCRIPTION file. See Renviron.bioc for more information. |
| Package: MethReg |
| Version: 1.12.0 |
| Command: /home/biocbuild/bbs-3.18-bioc/R/bin/R CMD check --install=check:MethReg.install-out.txt --library=/home/biocbuild/bbs-3.18-bioc/R/site-library --timings MethReg_1.12.0.tar.gz |
| StartedAt: 2024-04-16 00:42:07 -0400 (Tue, 16 Apr 2024) |
| EndedAt: 2024-04-16 00:55:40 -0400 (Tue, 16 Apr 2024) |
| EllapsedTime: 812.4 seconds |
| RetCode: 0 |
| Status: WARNINGS |
| CheckDir: MethReg.Rcheck |
| Warnings: 1 |
##############################################################################
##############################################################################
###
### Running command:
###
### /home/biocbuild/bbs-3.18-bioc/R/bin/R CMD check --install=check:MethReg.install-out.txt --library=/home/biocbuild/bbs-3.18-bioc/R/site-library --timings MethReg_1.12.0.tar.gz
###
##############################################################################
##############################################################################
* using log directory ‘/home/biocbuild/bbs-3.18-bioc/meat/MethReg.Rcheck’
* using R version 4.3.3 (2024-02-29)
* using platform: x86_64-pc-linux-gnu (64-bit)
* R was compiled by
gcc (Ubuntu 11.4.0-1ubuntu1~22.04) 11.4.0
GNU Fortran (Ubuntu 11.4.0-1ubuntu1~22.04) 11.4.0
* running under: Ubuntu 22.04.4 LTS
* using session charset: UTF-8
* checking for file ‘MethReg/DESCRIPTION’ ... OK
* checking extension type ... Package
* this is package ‘MethReg’ version ‘1.12.0’
* package encoding: UTF-8
* checking package namespace information ... OK
* checking package dependencies ... OK
* checking if this is a source package ... OK
* checking if there is a namespace ... OK
* checking for hidden files and directories ... OK
* checking for portable file names ... OK
* checking for sufficient/correct file permissions ... OK
* checking whether package ‘MethReg’ can be installed ... OK
* checking installed package size ... OK
* checking package directory ... OK
* checking ‘build’ directory ... OK
* checking DESCRIPTION meta-information ... NOTE
Package listed in more than one of Depends, Imports, Suggests, Enhances:
‘downloader’
A package should be listed in only one of these fields.
* checking top-level files ... OK
* checking for left-over files ... OK
* checking index information ... OK
* checking package subdirectories ... OK
* checking R files for non-ASCII characters ... OK
* checking R files for syntax errors ... OK
* checking whether the package can be loaded ... OK
* checking whether the package can be loaded with stated dependencies ... OK
* checking whether the package can be unloaded cleanly ... OK
* checking whether the namespace can be loaded with stated dependencies ... OK
* checking whether the namespace can be unloaded cleanly ... OK
* checking loading without being on the library search path ... OK
* checking dependencies in R code ... WARNING
Missing or unexported object: ‘downloader::download.file’
* checking S3 generic/method consistency ... OK
* checking replacement functions ... OK
* checking foreign function calls ... OK
* checking R code for possible problems ... NOTE
readRemap2022: no visible binding for global variable ‘biotype’
Undefined global functions or variables:
biotype
* checking Rd files ... OK
* checking Rd metadata ... OK
* checking Rd cross-references ... OK
* checking for missing documentation entries ... OK
* checking for code/documentation mismatches ... OK
* checking Rd \usage sections ... OK
* checking Rd contents ... OK
* checking for unstated dependencies in examples ... OK
* checking contents of ‘data’ directory ... OK
* checking data for non-ASCII characters ... OK
* checking LazyData ... OK
* checking data for ASCII and uncompressed saves ... OK
* checking R/sysdata.rda ... OK
* checking files in ‘vignettes’ ... OK
* checking examples ... OK
Examples with CPU (user + system) or elapsed time > 5s
user system elapsed
create_triplet_distance_based 28.955 0.624 29.589
create_triplet_regulon_based 24.887 0.812 25.700
get_tf_in_region 22.454 0.172 22.627
* checking for unstated dependencies in ‘tests’ ... OK
* checking tests ...
Running ‘testthat.R’
OK
* checking for unstated dependencies in vignettes ... OK
* checking package vignettes in ‘inst/doc’ ... OK
* checking running R code from vignettes ...
‘MethReg.Rmd’ using ‘UTF-8’... OK
OK
* checking re-building of vignette outputs ... OK
* checking PDF version of manual ... OK
* DONE
Status: 1 WARNING, 2 NOTEs
See
‘/home/biocbuild/bbs-3.18-bioc/meat/MethReg.Rcheck/00check.log’
for details.
MethReg.Rcheck/00install.out
############################################################################## ############################################################################## ### ### Running command: ### ### /home/biocbuild/bbs-3.18-bioc/R/bin/R CMD INSTALL MethReg ### ############################################################################## ############################################################################## * installing to library ‘/home/biocbuild/bbs-3.18-bioc/R/site-library’ * installing *source* package ‘MethReg’ ... ** using staged installation ** R ** data *** moving datasets to lazyload DB ** inst ** byte-compile and prepare package for lazy loading ** help *** installing help indices ** building package indices ** installing vignettes ** testing if installed package can be loaded from temporary location ** testing if installed package can be loaded from final location ** testing if installed package keeps a record of temporary installation path * DONE (MethReg)
MethReg.Rcheck/tests/testthat.Rout
R version 4.3.3 (2024-02-29) -- "Angel Food Cake"
Copyright (C) 2024 The R Foundation for Statistical Computing
Platform: x86_64-pc-linux-gnu (64-bit)
R is free software and comes with ABSOLUTELY NO WARRANTY.
You are welcome to redistribute it under certain conditions.
Type 'license()' or 'licence()' for distribution details.
R is a collaborative project with many contributors.
Type 'contributors()' for more information and
'citation()' on how to cite R or R packages in publications.
Type 'demo()' for some demos, 'help()' for on-line help, or
'help.start()' for an HTML browser interface to help.
Type 'q()' to quit R.
> library(testthat)
> library(MethReg)
>
> test_check("MethReg")
| | 0%
|====================================================|100% ~0 s remaining
|====================================================|100% Completed after 0 s
| | 0%
|====================================================|100% ~0 s remaining
|====================================================|100% Completed after 0 s
| | 0%
|====================================================|100% ~0 s remaining
|====================================================|100% Completed after 0 s
| | 0%
|====================================================|100% ~0 s remaining
|====================================================|100% Completed after 0 s
Status freq
1 Regions below threshold 1
2 Regions above threshold 1
Status freq
1 Regions below threshold 1
2 Regions above threshold 1
Status freq
1 Regions below threshold 1
2 Regions above threshold 1
| | 0%
|========================== | 50% ~0 s remaining
|====================================================|100% ~0 s remaining
|====================================================|100% Completed after 0 s
Status freq
1 Genes above threshold 1
2 <NA> 1
| | 0%
|================= |33.33333% ~0 s remaining
|================================== |66.66667% ~0 s remaining
|====================================================|100% ~0 s remaining
|====================================================|100% Completed after 0 s
| | 0%
|========================== | 50% ~0 s remaining
|====================================================|100% ~0 s remaining
|====================================================|100% Completed after 0 s
| | 0%
|================= |33.33333% ~0 s remaining
|================================== |66.66667% ~0 s remaining
|====================================================|100% ~0 s remaining
|====================================================|100% Completed after 0 s
| | 0%
|======= |14.28571% ~0 s remaining
|============== |28.57143% ~0 s remaining
|====================== |42.85714% ~0 s remaining
|============================= |57.14286% ~0 s remaining
|===================================== |71.42857% ~0 s remaining
|============================================ |85.71429% ~0 s remaining
|====================================================|100% ~0 s remaining
|====================================================|100% Completed after 0 s
| | 0%
|====================================================|100% ~0 s remaining
|====================================================|100% Completed after 0 s
| | 0%
|====================================================|100% ~0 s remaining
|====================================================|100% Completed after 0 s
| | 0%
|====================================================|100% ~0 s remaining
|====================================================|100% Completed after 0 s
| | 0%
|====================================================|100% ~0 s remaining
|====================================================|100% Completed after 0 s
[ FAIL 0 | WARN 7 | SKIP 11 | PASS 148 ]
══ Skipped tests (11) ══════════════════════════════════════════════════════════
• On Bioconductor (7): 'test-create_triplet_distance_based.R:2:3',
'test-get_promoter_avg.R:3:5', 'test-get_promoter_avg.R:15:5',
'test-get_promoter_avg.R:30:5', 'test-get_promoter_avg.R:47:5',
'test-plot_interaction_model.R:3:5', 'test-plot_stratified_model.R:3:5'
• On CRAN (2): 'test-get_human_tfs.R:2:5', 'test-get_tf_in_region.R:3:5'
• empty test (2): 'test-get_residuals.R:1:1', 'test-get_tf_in_region.R:16:1'
[ FAIL 0 | WARN 7 | SKIP 11 | PASS 148 ]
>
> proc.time()
user system elapsed
63.795 1.998 66.920
MethReg.Rcheck/MethReg-Ex.timings
| name | user | system | elapsed | |
| cor_dnam_target_gene | 0.034 | 0.004 | 0.038 | |
| cor_tf_target_gene | 0.015 | 0.000 | 0.015 | |
| create_triplet_distance_based | 28.955 | 0.624 | 29.589 | |
| create_triplet_regulon_based | 24.887 | 0.812 | 25.700 | |
| filter_dnam_by_quant_diff | 0.085 | 0.003 | 0.090 | |
| filter_exp_by_quant_mean_FC | 0.698 | 0.033 | 0.731 | |
| get_human_tfs | 0.386 | 0.018 | 0.412 | |
| get_met_probes_info | 0.014 | 0.000 | 0.014 | |
| get_promoter_avg | 0 | 0 | 0 | |
| get_region_target_gene | 2.850 | 0.016 | 2.867 | |
| get_residuals | 0.039 | 0.000 | 0.039 | |
| get_tf_ES | 2.289 | 0.156 | 2.445 | |
| get_tf_in_region | 22.454 | 0.172 | 22.627 | |
| interaction_model | 0.195 | 0.008 | 0.203 | |
| make_dnam_se | 0.053 | 0.004 | 0.057 | |
| make_exp_se | 0.113 | 0.000 | 0.113 | |
| make_granges_from_names | 0.009 | 0.004 | 0.012 | |
| make_names_from_granges | 0.013 | 0.000 | 0.013 | |
| plot_interaction_model | 1.379 | 0.036 | 1.416 | |
| stratified_model | 0.038 | 0.000 | 0.037 | |