| Back to Multiple platform build/check report for BioC 3.18: simplified long | 
 | 
This page was generated on 2024-04-17 11:37:55 -0400 (Wed, 17 Apr 2024).
| Hostname | OS | Arch (*) | R version | Installed pkgs | 
|---|---|---|---|---|
| nebbiolo2 | Linux (Ubuntu 22.04.3 LTS) | x86_64 | 4.3.3 (2024-02-29) -- "Angel Food Cake" | 4676 | 
| palomino4 | Windows Server 2022 Datacenter | x64 | 4.3.3 (2024-02-29 ucrt) -- "Angel Food Cake" | 4414 | 
| merida1 | macOS 12.7.1 Monterey | x86_64 | 4.3.3 (2024-02-29) -- "Angel Food Cake" | 4437 | 
| Click on any hostname to see more info about the system (e.g. compilers) (*) as reported by 'uname -p', except on Windows and Mac OS X | ||||
| Package 1192/2266 | Hostname | OS / Arch | INSTALL | BUILD | CHECK | BUILD BIN | ||||||||
| MesKit 1.12.0  (landing page) Mengni Liu 
 | nebbiolo2 | Linux (Ubuntu 22.04.3 LTS) / x86_64 | OK | OK | WARNINGS |  | ||||||||
| palomino4 | Windows Server 2022 Datacenter / x64 | OK | OK | WARNINGS | OK |  | ||||||||
| merida1 | macOS 12.7.1 Monterey / x86_64 | OK | OK | WARNINGS | OK |  | ||||||||
| kjohnson1 | macOS 13.6.1 Ventura / arm64 | see weekly results here | ||||||||||||
| To the developers/maintainers of the MesKit package: - Allow up to 24 hours (and sometimes 48 hours) for your latest push to git@git.bioconductor.org:packages/MesKit.git to reflect on this report. See Troubleshooting Build Report for more information. - Use the following Renviron settings to reproduce errors and warnings. - If 'R CMD check' started to fail recently on the Linux builder(s) over a missing dependency, add the missing dependency to 'Suggests:' in your DESCRIPTION file. See Renviron.bioc for more information. | 
| Package: MesKit | 
| Version: 1.12.0 | 
| Command: /Library/Frameworks/R.framework/Resources/bin/R CMD check --install=check:MesKit.install-out.txt --library=/Library/Frameworks/R.framework/Resources/library --no-vignettes --timings MesKit_1.12.0.tar.gz | 
| StartedAt: 2024-04-16 05:02:21 -0400 (Tue, 16 Apr 2024) | 
| EndedAt: 2024-04-16 05:24:32 -0400 (Tue, 16 Apr 2024) | 
| EllapsedTime: 1330.9 seconds | 
| RetCode: 0 | 
| Status: WARNINGS | 
| CheckDir: MesKit.Rcheck | 
| Warnings: 1 | 
##############################################################################
##############################################################################
###
### Running command:
###
###   /Library/Frameworks/R.framework/Resources/bin/R CMD check --install=check:MesKit.install-out.txt --library=/Library/Frameworks/R.framework/Resources/library --no-vignettes --timings MesKit_1.12.0.tar.gz
###
##############################################################################
##############################################################################
* using log directory ‘/Users/biocbuild/bbs-3.18-bioc/meat/MesKit.Rcheck’
* using R version 4.3.3 (2024-02-29)
* using platform: x86_64-apple-darwin20 (64-bit)
* R was compiled by
    Apple clang version 14.0.0 (clang-1400.0.29.202)
    GNU Fortran (GCC) 12.2.0
* running under: macOS Monterey 12.7.1
* using session charset: UTF-8
* using option ‘--no-vignettes’
* checking for file ‘MesKit/DESCRIPTION’ ... OK
* checking extension type ... Package
* this is package ‘MesKit’ version ‘1.12.0’
* package encoding: UTF-8
* checking package namespace information ... OK
* checking package dependencies ... OK
* checking if this is a source package ... OK
* checking if there is a namespace ... OK
* checking for hidden files and directories ... OK
* checking for portable file names ... OK
* checking for sufficient/correct file permissions ... OK
* checking whether package ‘MesKit’ can be installed ... WARNING
Found the following significant warnings:
  Warning: replacing previous import ‘ape::degree’ by ‘circlize::degree’ when loading ‘MesKit’
  Warning: replacing previous import ‘ape::where’ by ‘dplyr::where’ when loading ‘MesKit’
See ‘/Users/biocbuild/bbs-3.18-bioc/meat/MesKit.Rcheck/00install.out’ for details.
* checking installed package size ... NOTE
  installed size is  5.9Mb
  sub-directories of 1Mb or more:
    extdata   4.9Mb
* checking package directory ... OK
* checking ‘build’ directory ... OK
* checking DESCRIPTION meta-information ... OK
* checking top-level files ... NOTE
File
  LICENSE
is not mentioned in the DESCRIPTION file.
* checking for left-over files ... OK
* checking index information ... OK
* checking package subdirectories ... OK
* checking R files for non-ASCII characters ... OK
* checking R files for syntax errors ... OK
* checking whether the package can be loaded ... OK
* checking whether the package can be loaded with stated dependencies ... OK
* checking whether the package can be unloaded cleanly ... OK
* checking whether the namespace can be loaded with stated dependencies ... OK
* checking whether the namespace can be unloaded cleanly ... OK
* checking dependencies in R code ... OK
* checking S3 generic/method consistency ... OK
* checking replacement functions ... OK
* checking foreign function calls ... OK
* checking R code for possible problems ... NOTE
calJSI : processJSI: no visible binding for global variable ‘CCF’
cna2gene: no visible global function definition for ‘genes’
cna2gene: no visible binding for global variable ‘org.Hs.eg.db’
cna2gene: no visible binding for global variable ‘seqnames’
cna2gene: no visible binding for global variable ‘Chromosome’
cna2gene: no visible binding for global variable ‘Hugo_Symbol’
cna2gene: no visible binding for global variable ‘Start_Position’
cna2gene: no visible binding for global variable ‘End_Position’
cna2gene: no visible binding for global variable ‘i.End_Position’
cna2gene: no visible binding for global variable ‘i.Start_Position’
cna2gene: no visible binding for global variable ‘Patient_ID’
cna2gene: no visible binding for global variable ‘Tumor_Sample_Barcode’
cna2gene: no visible binding for global variable ‘seg_id’
cna2gene: no visible binding for global variable ‘overlap_width’
copyNumberFilter: no visible binding for global variable ‘Patient_ID’
drawVAFCombine: no visible binding for global variable ‘V’
drawVAFCombineVline: no visible binding for global variable ‘V’
fitSignatures : processFitSig: no visible binding for global variable
  ‘Branch’
fitSignatures : processFitSig: no visible binding for global variable
  ‘Original’
fitSignatures : processFitSig: no visible binding for global variable
  ‘Reconstructed’
mutCluster : processVafcluster_sample: no visible binding for global
  variable ‘cluster’
plotCNA: no visible binding for global variable ‘Cytoband’
plotCNA: no visible binding for global variable ‘Cytoband_pos’
plotCNA: no visible binding for global variable ‘gene_id’
plotCNA: no visible binding for global variable ‘gene_pos’
plotCNA: no visible binding for global variable ‘Hugo_Symbol’
plotTree: no visible binding for global variable ‘is.match’
plotTree: no visible binding for global variable ‘x’
plotTree: no visible binding for global variable ‘y’
plotTree: no visible binding for global variable ‘xend’
plotTree: no visible binding for global variable ‘yend’
Undefined global functions or variables:
  Branch CCF Chromosome Cytoband Cytoband_pos End_Position Hugo_Symbol
  Original Patient_ID Reconstructed Start_Position Tumor_Sample_Barcode
  V cluster gene_id gene_pos genes i.End_Position i.Start_Position
  is.match org.Hs.eg.db overlap_width seg_id seqnames x xend y yend
* checking Rd files ... OK
* checking Rd metadata ... OK
* checking Rd cross-references ... OK
* checking for missing documentation entries ... OK
* checking for code/documentation mismatches ... OK
* checking Rd \usage sections ... OK
* checking Rd contents ... OK
* checking for unstated dependencies in examples ... OK
* checking files in ‘vignettes’ ... OK
* checking examples ... OK
Examples with CPU (user + system) or elapsed time > 5s
                       user system elapsed
calFst               37.283  0.453  39.480
getBranchType        34.893  0.279  38.116
getBinaryMatrix      34.485  0.644  38.732
getTree              34.028  0.321  36.467
getBootstrapValue    34.111  0.235  37.765
getPhyloTreeTsbLabel 33.837  0.208  35.710
getPhyloTreePatient  33.602  0.329  35.431
getTreeMethod        33.749  0.180  35.784
getPhyloTreeRef      33.459  0.202  35.411
getMutBranches       32.970  0.624  34.557
getPhyloTree         33.253  0.204  34.777
cna2gene             31.354  1.720  35.854
getCCFMatrix         32.439  0.541  34.278
plotMutSigProfile    31.840  0.278  32.514
compareCCF           27.384  3.078  34.380
mutHeatmap           29.526  0.166  31.241
calNeiDist           27.939  0.168  29.374
compareTree          26.792  0.351  30.135
calJSI               25.540  0.179  26.837
mutCluster           23.305  1.185  25.573
fitSignatures        23.875  0.338  25.168
triMatrix            23.807  0.277  26.466
testNeutral          23.681  0.249  26.553
mutTrunkBranch       23.331  0.371  24.051
ccfAUC               22.888  0.167  24.259
plotPhyloTree        22.671  0.117  23.530
plotMutProfile       22.565  0.084  22.934
classifyMut          21.089  1.198  23.264
mathScore            19.911  0.139  21.177
readMaf              19.625  0.125  21.797
subMaf               19.226  0.109  21.505
getSampleInfo        18.130  0.089  19.020
getNonSyn_vc         18.000  0.120  18.918
getMafPatient        17.790  0.140  18.674
getMafRef            17.537  0.070  17.990
getMafData           16.962  0.396  17.836
plotCNA               5.647  0.056   5.851
* checking for unstated dependencies in vignettes ... OK
* checking package vignettes in ‘inst/doc’ ... OK
* checking running R code from vignettes ... SKIPPED
* checking re-building of vignette outputs ... SKIPPED
* checking PDF version of manual ... OK
* DONE
Status: 1 WARNING, 3 NOTEs
See
  ‘/Users/biocbuild/bbs-3.18-bioc/meat/MesKit.Rcheck/00check.log’
for details.
MesKit.Rcheck/00install.out
############################################################################## ############################################################################## ### ### Running command: ### ### /Library/Frameworks/R.framework/Resources/bin/R CMD INSTALL MesKit ### ############################################################################## ############################################################################## * installing to library ‘/Library/Frameworks/R.framework/Versions/4.3-x86_64/Resources/library’ * installing *source* package ‘MesKit’ ... ** using staged installation ** R ** inst ** byte-compile and prepare package for lazy loading Warning: replacing previous import ‘ape::degree’ by ‘circlize::degree’ when loading ‘MesKit’ Warning: replacing previous import ‘ape::where’ by ‘dplyr::where’ when loading ‘MesKit’ ** help *** installing help indices ** building package indices ** installing vignettes ** testing if installed package can be loaded from temporary location Warning: replacing previous import ‘ape::degree’ by ‘circlize::degree’ when loading ‘MesKit’ Warning: replacing previous import ‘ape::where’ by ‘dplyr::where’ when loading ‘MesKit’ ** testing if installed package can be loaded from final location Warning: replacing previous import ‘ape::degree’ by ‘circlize::degree’ when loading ‘MesKit’ Warning: replacing previous import ‘ape::where’ by ‘dplyr::where’ when loading ‘MesKit’ ** testing if installed package keeps a record of temporary installation path * DONE (MesKit)
MesKit.Rcheck/MesKit-Ex.timings
| name | user | system | elapsed | |
| calFst | 37.283 | 0.453 | 39.480 | |
| calJSI | 25.540 | 0.179 | 26.837 | |
| calNeiDist | 27.939 | 0.168 | 29.374 | |
| ccfAUC | 22.888 | 0.167 | 24.259 | |
| classifyMut | 21.089 | 1.198 | 23.264 | |
| cna2gene | 31.354 | 1.720 | 35.854 | |
| compareCCF | 27.384 | 3.078 | 34.380 | |
| compareTree | 26.792 | 0.351 | 30.135 | |
| fitSignatures | 23.875 | 0.338 | 25.168 | |
| getBinaryMatrix | 34.485 | 0.644 | 38.732 | |
| getBootstrapValue | 34.111 | 0.235 | 37.765 | |
| getBranchType | 34.893 | 0.279 | 38.116 | |
| getCCFMatrix | 32.439 | 0.541 | 34.278 | |
| getMafData | 16.962 | 0.396 | 17.836 | |
| getMafPatient | 17.790 | 0.140 | 18.674 | |
| getMafRef | 17.537 | 0.070 | 17.990 | |
| getMutBranches | 32.970 | 0.624 | 34.557 | |
| getNonSyn_vc | 18.000 | 0.120 | 18.918 | |
| getPhyloTree | 33.253 | 0.204 | 34.777 | |
| getPhyloTreePatient | 33.602 | 0.329 | 35.431 | |
| getPhyloTreeRef | 33.459 | 0.202 | 35.411 | |
| getPhyloTreeTsbLabel | 33.837 | 0.208 | 35.710 | |
| getSampleInfo | 18.130 | 0.089 | 19.020 | |
| getTree | 34.028 | 0.321 | 36.467 | |
| getTreeMethod | 33.749 | 0.180 | 35.784 | |
| mathScore | 19.911 | 0.139 | 21.177 | |
| mutCluster | 23.305 | 1.185 | 25.573 | |
| mutHeatmap | 29.526 | 0.166 | 31.241 | |
| mutTrunkBranch | 23.331 | 0.371 | 24.051 | |
| plotCNA | 5.647 | 0.056 | 5.851 | |
| plotMutProfile | 22.565 | 0.084 | 22.934 | |
| plotMutSigProfile | 31.840 | 0.278 | 32.514 | |
| plotPhyloTree | 22.671 | 0.117 | 23.530 | |
| readMaf | 19.625 | 0.125 | 21.797 | |
| readSegment | 1.010 | 0.018 | 1.142 | |
| runMesKit | 0.000 | 0.001 | 0.000 | |
| subMaf | 19.226 | 0.109 | 21.505 | |
| testNeutral | 23.681 | 0.249 | 26.553 | |
| triMatrix | 23.807 | 0.277 | 26.466 | |