| Back to Multiple platform build/check report for BioC 3.18: simplified long |
|
This page was generated on 2024-04-17 11:36:08 -0400 (Wed, 17 Apr 2024).
| Hostname | OS | Arch (*) | R version | Installed pkgs |
|---|---|---|---|---|
| nebbiolo2 | Linux (Ubuntu 22.04.3 LTS) | x86_64 | 4.3.3 (2024-02-29) -- "Angel Food Cake" | 4676 |
| palomino4 | Windows Server 2022 Datacenter | x64 | 4.3.3 (2024-02-29 ucrt) -- "Angel Food Cake" | 4414 |
| merida1 | macOS 12.7.1 Monterey | x86_64 | 4.3.3 (2024-02-29) -- "Angel Food Cake" | 4437 |
| Click on any hostname to see more info about the system (e.g. compilers) (*) as reported by 'uname -p', except on Windows and Mac OS X | ||||
| Package 1297/2266 | Hostname | OS / Arch | INSTALL | BUILD | CHECK | BUILD BIN | ||||||||
| MOFA2 1.12.1 (landing page) Ricard Argelaguet
| nebbiolo2 | Linux (Ubuntu 22.04.3 LTS) / x86_64 | OK | OK | WARNINGS | |||||||||
| palomino4 | Windows Server 2022 Datacenter / x64 | OK | OK | WARNINGS | OK | |||||||||
| merida1 | macOS 12.7.1 Monterey / x86_64 | OK | OK | WARNINGS | OK | |||||||||
| kjohnson1 | macOS 13.6.1 Ventura / arm64 | see weekly results here | ||||||||||||
|
To the developers/maintainers of the MOFA2 package: - Allow up to 24 hours (and sometimes 48 hours) for your latest push to git@git.bioconductor.org:packages/MOFA2.git to reflect on this report. See Troubleshooting Build Report for more information. - Use the following Renviron settings to reproduce errors and warnings. - If 'R CMD check' started to fail recently on the Linux builder(s) over a missing dependency, add the missing dependency to 'Suggests:' in your DESCRIPTION file. See Renviron.bioc for more information. |
| Package: MOFA2 |
| Version: 1.12.1 |
| Command: /home/biocbuild/bbs-3.18-bioc/R/bin/R CMD check --install=check:MOFA2.install-out.txt --library=/home/biocbuild/bbs-3.18-bioc/R/site-library --timings MOFA2_1.12.1.tar.gz |
| StartedAt: 2024-04-16 01:04:47 -0400 (Tue, 16 Apr 2024) |
| EndedAt: 2024-04-16 01:11:21 -0400 (Tue, 16 Apr 2024) |
| EllapsedTime: 393.9 seconds |
| RetCode: 0 |
| Status: WARNINGS |
| CheckDir: MOFA2.Rcheck |
| Warnings: 1 |
##############################################################################
##############################################################################
###
### Running command:
###
### /home/biocbuild/bbs-3.18-bioc/R/bin/R CMD check --install=check:MOFA2.install-out.txt --library=/home/biocbuild/bbs-3.18-bioc/R/site-library --timings MOFA2_1.12.1.tar.gz
###
##############################################################################
##############################################################################
* using log directory ‘/home/biocbuild/bbs-3.18-bioc/meat/MOFA2.Rcheck’
* using R version 4.3.3 (2024-02-29)
* using platform: x86_64-pc-linux-gnu (64-bit)
* R was compiled by
gcc (Ubuntu 11.4.0-1ubuntu1~22.04) 11.4.0
GNU Fortran (Ubuntu 11.4.0-1ubuntu1~22.04) 11.4.0
* running under: Ubuntu 22.04.4 LTS
* using session charset: UTF-8
* checking for file ‘MOFA2/DESCRIPTION’ ... OK
* checking extension type ... Package
* this is package ‘MOFA2’ version ‘1.12.1’
* package encoding: UTF-8
* checking package namespace information ... OK
* checking package dependencies ... OK
* checking if this is a source package ... OK
* checking if there is a namespace ... OK
* checking for hidden files and directories ... OK
* checking for portable file names ... OK
* checking for sufficient/correct file permissions ... OK
* checking whether package ‘MOFA2’ can be installed ... NOTE
Found the following notes/warnings:
Non-staged installation was used
See ‘/home/biocbuild/bbs-3.18-bioc/meat/MOFA2.Rcheck/00install.out’ for details.
* checking installed package size ... OK
* checking package directory ... OK
* checking ‘build’ directory ... OK
* checking DESCRIPTION meta-information ... OK
* checking top-level files ... OK
* checking for left-over files ... OK
* checking index information ... OK
* checking package subdirectories ... OK
* checking R files for non-ASCII characters ... OK
* checking R files for syntax errors ... OK
* checking whether the package can be loaded ... OK
* checking whether the package can be loaded with stated dependencies ... OK
* checking whether the package can be unloaded cleanly ... OK
* checking whether the namespace can be loaded with stated dependencies ... OK
* checking whether the namespace can be unloaded cleanly ... OK
* checking loading without being on the library search path ... OK
* checking dependencies in R code ... OK
* checking S3 generic/method consistency ... OK
* checking replacement functions ... OK
* checking foreign function calls ... OK
* checking R code for possible problems ... NOTE
.plot_factors_vs_cov_1d: no visible binding for global variable
‘value.factor’
.plot_factors_vs_cov_1d: no visible binding for global variable
‘value_scaled’
.plot_factors_vs_cov_1d: no visible binding for global variable
‘value.covariate’
.plot_factors_vs_cov_1d: no visible binding for global variable ‘value’
.plot_factors_vs_cov_2d: no visible binding for global variable
‘value.factor’
.set_xax: no visible binding for global variable ‘value’
add_mofa_factors_to_seurat: no visible global function definition for
‘CreateDimReducObject’
create_mofa_from_SingleCellExperiment: no visible global function
definition for ‘colData’
get_interpolated_factors: no visible binding for global variable ‘L1’
get_interpolated_factors: no visible binding for global variable ‘L2’
get_interpolated_factors: no visible binding for global variable
‘value’
get_interpolated_factors: no visible binding for global variable
‘covariate’
get_interpolated_factors: no visible binding for global variable
‘covariate_value’
get_interpolated_factors: no visible binding for global variable
‘sample_id’
interpolate_factors: no visible binding for global variable ‘.’
plot_alignment: no visible binding for global variable ‘group’
plot_alignment: no visible binding for global variable ‘value.warped’
plot_alignment: no visible binding for global variable
‘value.unaligned’
plot_contribution_scores: no visible binding for global variable ‘view’
plot_data_overview: no visible binding for global variable ‘view’
plot_data_overview: no visible binding for global variable ‘ptotal’
plot_data_overview: no visible binding for global variable ‘ntotal’
plot_data_overview: no visible binding for global variable ‘group’
plot_data_overview: no visible binding for global variable
‘group_label’
plot_dimred: no visible binding for global variable ‘.’
plot_enrichment_detailed: no visible binding for global variable
‘pathway’
plot_enrichment_detailed: no visible binding for global variable
‘feature.statistic’
plot_factors_vs_cov: no visible binding for global variable ‘E2’
plot_factors_vs_cov: no visible binding for global variable ‘value’
plot_interpolation_vs_covariate: no visible binding for global variable
‘variance’
plot_interpolation_vs_covariate: no visible binding for global variable
‘group’
plot_interpolation_vs_covariate: no visible binding for global variable
‘value.covariate’
plot_interpolation_vs_covariate: no visible binding for global variable
‘value.factor’
plot_interpolation_vs_covariate: no visible binding for global variable
‘ymin’
plot_interpolation_vs_covariate: no visible binding for global variable
‘ymax’
plot_sharedness: no visible binding for global variable ‘sharedness’
plot_sharedness: no visible binding for global variable ‘value’
plot_smoothness: no visible binding for global variable ‘value’
plot_smoothness: no visible binding for global variable ‘smoothness’
plot_top_weights: no visible binding for global variable ‘value’
plot_weights: no visible binding for global variable ‘value’
plot_weights: no visible binding for global variable ‘.’
summarise_factors: no visible binding for global variable ‘value’
summarise_factors: no visible binding for global variable ‘level’
summarise_factors: no visible binding for global variable ‘group’
Undefined global functions or variables:
. CreateDimReducObject E2 L1 L2 colData covariate covariate_value
feature.statistic group group_label level ntotal pathway ptotal
sample_id sharedness smoothness value value.covariate value.factor
value.unaligned value.warped value_scaled variance view ymax ymin
* checking Rd files ... OK
* checking Rd metadata ... OK
* checking Rd cross-references ... NOTE
Package unavailable to check Rd xrefs: ‘PCGSE’
* checking for missing documentation entries ... OK
* checking for code/documentation mismatches ... WARNING
Codoc mismatches from documentation object 'create_mofa_from_Seurat':
create_mofa_from_Seurat
Code: function(seurat, groups = NULL, assays = NULL, layer = "data",
features = NULL, extract_metadata = FALSE)
Docs: function(seurat, groups = NULL, assays = NULL, slot =
"scale.data", features = NULL, extract_metadata =
FALSE)
Argument names in code not in docs:
layer
Argument names in docs not in code:
slot
Mismatches in argument names:
Position: 4 Code: layer Docs: slot
* checking Rd \usage sections ... OK
* checking Rd contents ... OK
* checking for unstated dependencies in examples ... OK
* checking line endings in shell scripts ... OK
* checking files in ‘vignettes’ ... OK
* checking examples ... OK
Examples with CPU (user + system) or elapsed time > 5s
user system elapsed
plot_weights 4.538 0.034 6.151
* checking for unstated dependencies in ‘tests’ ... OK
* checking tests ...
Running ‘testthat.R’
OK
* checking for unstated dependencies in vignettes ... OK
* checking package vignettes in ‘inst/doc’ ... OK
* checking running R code from vignettes ...
‘MEFISTO_temporal.Rmd’ using ‘UTF-8’... OK
‘downstream_analysis.Rmd’ using ‘UTF-8’... OK
‘getting_started_R.Rmd’ using ‘UTF-8’... OK
OK
* checking re-building of vignette outputs ... OK
* checking PDF version of manual ... OK
* DONE
Status: 1 WARNING, 3 NOTEs
See
‘/home/biocbuild/bbs-3.18-bioc/meat/MOFA2.Rcheck/00check.log’
for details.
MOFA2.Rcheck/00install.out
############################################################################## ############################################################################## ### ### Running command: ### ### /home/biocbuild/bbs-3.18-bioc/R/bin/R CMD INSTALL MOFA2 ### ############################################################################## ############################################################################## * installing to library ‘/home/biocbuild/bbs-3.18-bioc/R/site-library’ * installing *source* package ‘MOFA2’ ... ** using non-staged installation via StagedInstall field ** R ** inst ** byte-compile and prepare package for lazy loading Creating a generic function for ‘rownames’ from package ‘base’ in package ‘MOFA2’ Creating a generic function for ‘colnames’ from package ‘base’ in package ‘MOFA2’ Creating a generic function for ‘nrow’ from package ‘base’ in package ‘MOFA2’ Creating a generic function for ‘ncol’ from package ‘base’ in package ‘MOFA2’ Creating a generic function for ‘rownames<-’ from package ‘base’ in package ‘MOFA2’ Creating a generic function for ‘colnames<-’ from package ‘base’ in package ‘MOFA2’ ** help *** installing help indices ** building package indices ** installing vignettes ** testing if installed package can be loaded * DONE (MOFA2)
MOFA2.Rcheck/tests/testthat.Rout
R version 4.3.3 (2024-02-29) -- "Angel Food Cake"
Copyright (C) 2024 The R Foundation for Statistical Computing
Platform: x86_64-pc-linux-gnu (64-bit)
R is free software and comes with ABSOLUTELY NO WARRANTY.
You are welcome to redistribute it under certain conditions.
Type 'license()' or 'licence()' for distribution details.
R is a collaborative project with many contributors.
Type 'contributors()' for more information and
'citation()' on how to cite R or R packages in publications.
Type 'demo()' for some demos, 'help()' for on-line help, or
'help.start()' for an HTML browser interface to help.
Type 'q()' to quit R.
> library(testthat)
> library(MOFA2)
Attaching package: 'MOFA2'
The following object is masked from 'package:stats':
predict
>
> test_check("MOFA2")
single_group
100
____________
| |
view_0 1000 | 100% |
|____________|
____________
| |
view_1 1000 | 100% |
|____________|
[ FAIL 0 | WARN 2 | SKIP 0 | PASS 25 ]
[ FAIL 0 | WARN 2 | SKIP 0 | PASS 25 ]
>
> # setwd("/Users/rargelaguet/mofa/MOFA2/tests/testthat")
>
> proc.time()
user system elapsed
11.101 0.548 11.638
MOFA2.Rcheck/MOFA2-Ex.timings
| name | user | system | elapsed | |
| add_mofa_factors_to_seurat | 0.005 | 0.000 | 0.005 | |
| calculate_contribution_scores | 0.199 | 0.036 | 0.237 | |
| calculate_variance_explained | 3.055 | 0.200 | 3.468 | |
| calculate_variance_explained_per_sample | 0.306 | 0.016 | 0.326 | |
| cluster_samples | 0.146 | 0.016 | 0.161 | |
| compare_elbo | 0.307 | 0.000 | 0.306 | |
| compare_factors | 1.039 | 0.076 | 1.163 | |
| covariates_names | 0.348 | 0.011 | 0.362 | |
| create_mofa | 0.603 | 0.012 | 0.616 | |
| create_mofa_from_df | 0.709 | 0.024 | 0.773 | |
| create_mofa_from_matrix | 0.007 | 0.004 | 0.011 | |
| factors_names | 0.142 | 0.004 | 0.146 | |
| features_metadata | 0.202 | 0.024 | 0.226 | |
| features_names | 0.279 | 0.020 | 0.299 | |
| get_covariates | 0.224 | 0.004 | 0.227 | |
| get_data | 0.461 | 0.000 | 0.461 | |
| get_default_data_options | 0.720 | 0.044 | 0.764 | |
| get_default_mefisto_options | 0.148 | 0.004 | 0.152 | |
| get_default_model_options | 1.261 | 0.080 | 1.373 | |
| get_default_stochastic_options | 0.660 | 0.004 | 0.664 | |
| get_default_training_options | 1.246 | 0.044 | 1.290 | |
| get_dimensions | 0.208 | 0.008 | 0.216 | |
| get_elbo | 0.285 | 0.000 | 0.301 | |
| get_expectations | 0.150 | 0.004 | 0.154 | |
| get_factors | 0.142 | 0.004 | 0.146 | |
| get_imputed_data | 0.143 | 0.023 | 0.167 | |
| get_lengthscales | 0.311 | 0.020 | 0.410 | |
| get_scales | 0.300 | 0.028 | 0.330 | |
| get_variance_explained | 0.138 | 0.007 | 0.146 | |
| get_weights | 0.173 | 0.005 | 0.176 | |
| groups_names | 0.176 | 0.000 | 0.176 | |
| impute | 0.282 | 0.000 | 0.282 | |
| interpolate_factors | 0.297 | 0.000 | 0.297 | |
| load_model | 0.145 | 0.000 | 0.145 | |
| make_example_data | 0.003 | 0.000 | 0.002 | |
| plot_ascii_data | 0.141 | 0.000 | 0.141 | |
| plot_data_heatmap | 0.238 | 0.000 | 0.238 | |
| plot_data_overview | 0.571 | 0.032 | 0.603 | |
| plot_data_scatter | 1.474 | 0.043 | 1.519 | |
| plot_data_vs_cov | 0.503 | 0.008 | 0.510 | |
| plot_dimred | 3.864 | 0.088 | 3.914 | |
| plot_factor | 1.494 | 0.040 | 1.533 | |
| plot_factor_cor | 0.153 | 0.000 | 0.153 | |
| plot_factors | 0.767 | 0.000 | 0.767 | |
| plot_factors_vs_cov | 0.462 | 0.008 | 0.470 | |
| plot_group_kernel | 0.330 | 0.016 | 0.346 | |
| plot_interpolation_vs_covariate | 0.482 | 0.004 | 0.486 | |
| plot_smoothness | 0.196 | 0.004 | 0.200 | |
| plot_top_weights | 1.048 | 0.016 | 1.064 | |
| plot_variance_explained | 2.099 | 0.012 | 2.533 | |
| plot_variance_explained_by_covariates | 2.054 | 0.003 | 2.529 | |
| plot_variance_explained_per_feature | 0.639 | 0.036 | 1.148 | |
| plot_weights | 4.538 | 0.034 | 6.151 | |
| plot_weights_heatmap | 0.361 | 0.027 | 0.388 | |
| plot_weights_scatter | 0.620 | 0.004 | 0.668 | |
| predict | 0.141 | 0.000 | 0.141 | |
| prepare_mofa | 0.569 | 0.044 | 0.613 | |
| run_mofa | 0.519 | 0.000 | 0.519 | |
| run_tsne | 0.137 | 0.000 | 0.138 | |
| run_umap | 0.177 | 0.004 | 0.181 | |
| samples_metadata | 0.133 | 0.008 | 0.141 | |
| samples_names | 0.136 | 0.016 | 0.152 | |
| set_covariates | 0.027 | 0.004 | 0.030 | |
| subset_factors | 0.151 | 0.012 | 0.163 | |
| subset_groups | 0.678 | 0.056 | 0.735 | |
| subset_samples | 0.130 | 0.008 | 0.138 | |
| subset_views | 0.138 | 0.000 | 0.139 | |
| views_names | 0.138 | 0.000 | 0.138 | |