| Back to Multiple platform build/check report for BioC 3.18: simplified long |
|
This page was generated on 2024-03-04 11:37:30 -0500 (Mon, 04 Mar 2024).
| Hostname | OS | Arch (*) | R version | Installed pkgs |
|---|---|---|---|---|
| nebbiolo2 | Linux (Ubuntu 22.04.3 LTS) | x86_64 | 4.3.2 Patched (2023-11-13 r85521) -- "Eye Holes" | 4692 |
| palomino4 | Windows Server 2022 Datacenter | x64 | 4.3.2 (2023-10-31 ucrt) -- "Eye Holes" | 4445 |
| lconway | macOS 12.7.1 Monterey | x86_64 | 4.3.2 Patched (2023-11-01 r85457) -- "Eye Holes" | 4466 |
| Click on any hostname to see more info about the system (e.g. compilers) (*) as reported by 'uname -p', except on Windows and Mac OS X | ||||
| Package 1122/2266 | Hostname | OS / Arch | INSTALL | BUILD | CHECK | BUILD BIN | ||||||||
| M3Drop 1.28.0 (landing page) Tallulah Andrews
| nebbiolo2 | Linux (Ubuntu 22.04.3 LTS) / x86_64 | OK | OK | WARNINGS | |||||||||
| palomino4 | Windows Server 2022 Datacenter / x64 | OK | OK | WARNINGS | OK | |||||||||
| lconway | macOS 12.7.1 Monterey / x86_64 | OK | OK | WARNINGS | OK | |||||||||
| kjohnson1 | macOS 13.6.1 Ventura / arm64 | see weekly results here | ||||||||||||
|
To the developers/maintainers of the M3Drop package: - Allow up to 24 hours (and sometimes 48 hours) for your latest push to git@git.bioconductor.org:packages/M3Drop.git to reflect on this report. See Troubleshooting Build Report for more information. - Use the following Renviron settings to reproduce errors and warnings. - If 'R CMD check' started to fail recently on the Linux builder(s) over a missing dependency, add the missing dependency to 'Suggests:' in your DESCRIPTION file. See Renviron.bioc for more information. |
| Package: M3Drop |
| Version: 1.28.0 |
| Command: /Library/Frameworks/R.framework/Resources/bin/R CMD check --install=check:M3Drop.install-out.txt --library=/Library/Frameworks/R.framework/Resources/library --no-vignettes --timings M3Drop_1.28.0.tar.gz |
| StartedAt: 2024-03-03 21:30:49 -0500 (Sun, 03 Mar 2024) |
| EndedAt: 2024-03-03 21:37:35 -0500 (Sun, 03 Mar 2024) |
| EllapsedTime: 406.6 seconds |
| RetCode: 0 |
| Status: WARNINGS |
| CheckDir: M3Drop.Rcheck |
| Warnings: 1 |
##############################################################################
##############################################################################
###
### Running command:
###
### /Library/Frameworks/R.framework/Resources/bin/R CMD check --install=check:M3Drop.install-out.txt --library=/Library/Frameworks/R.framework/Resources/library --no-vignettes --timings M3Drop_1.28.0.tar.gz
###
##############################################################################
##############################################################################
* using log directory ‘/Users/biocbuild/bbs-3.18-bioc/meat/M3Drop.Rcheck’
* using R version 4.3.2 Patched (2023-11-01 r85457)
* using platform: x86_64-apple-darwin20 (64-bit)
* R was compiled by
Apple clang version 14.0.3 (clang-1403.0.22.14.1)
GNU Fortran (GCC) 12.2.0
* running under: macOS Monterey 12.7.1
* using session charset: UTF-8
* using option ‘--no-vignettes’
* checking for file ‘M3Drop/DESCRIPTION’ ... OK
* this is package ‘M3Drop’ version ‘1.28.0’
* checking package namespace information ... OK
* checking package dependencies ... OK
* checking if this is a source package ... OK
* checking if there is a namespace ... OK
* checking for hidden files and directories ... OK
* checking for portable file names ... OK
* checking for sufficient/correct file permissions ... OK
* checking whether package ‘M3Drop’ can be installed ... OK
* checking installed package size ... OK
* checking package directory ... OK
* checking ‘build’ directory ... OK
* checking DESCRIPTION meta-information ... OK
* checking top-level files ... OK
* checking for left-over files ... OK
* checking index information ... OK
* checking package subdirectories ... OK
* checking R files for non-ASCII characters ... OK
* checking R files for syntax errors ... OK
* checking whether the package can be loaded ... OK
* checking whether the package can be loaded with stated dependencies ... OK
* checking whether the package can be unloaded cleanly ... OK
* checking whether the namespace can be loaded with stated dependencies ... OK
* checking whether the namespace can be unloaded cleanly ... OK
* checking dependencies in R code ... WARNING
Package in Depends field not imported from: ‘numDeriv’
These packages need to be imported from (in the NAMESPACE file)
for when this namespace is loaded but not attached.
Missing or unexported object: ‘scater::exprs’
* checking S3 generic/method consistency ... OK
* checking replacement functions ... OK
* checking foreign function calls ... OK
* checking R code for possible problems ... NOTE
M3DropConvertData: no visible global function definition for ‘assays’
NBumiConvertData: no visible global function definition for ‘assays’
bg__filter_cells: no visible binding for global variable ‘x’
bg__get_extreme_residuals: no visible binding for global variable ‘x’
Undefined global functions or variables:
assays x
* checking Rd files ... NOTE
prepare_Rd: NBumi_FSOther.Rd:8-10: Dropping empty section \usage
prepare_Rd: NBumi_TradDE.Rd:7-8: Dropping empty section \usage
* checking Rd metadata ... OK
* checking Rd cross-references ... OK
* checking for missing documentation entries ... OK
* checking for code/documentation mismatches ... OK
* checking Rd \usage sections ... OK
* checking Rd contents ... OK
* checking for unstated dependencies in examples ... OK
* checking sizes of PDF files under ‘inst/doc’ ... OK
* checking files in ‘vignettes’ ... OK
* checking examples ... OK
Examples with CPU (user + system) or elapsed time > 5s
user system elapsed
NewSimulations 146.539 11.416 160.009
Imputation 40.389 0.306 40.921
M3D_getmarkers 38.328 0.887 39.596
M3D_ConverData 7.012 0.290 7.363
* checking for unstated dependencies in vignettes ... OK
* checking package vignettes in ‘inst/doc’ ... OK
* checking running R code from vignettes ... SKIPPED
* checking re-building of vignette outputs ... SKIPPED
* checking PDF version of manual ... OK
* DONE
Status: 1 WARNING, 2 NOTEs
See
‘/Users/biocbuild/bbs-3.18-bioc/meat/M3Drop.Rcheck/00check.log’
for details.
M3Drop.Rcheck/00install.out
############################################################################## ############################################################################## ### ### Running command: ### ### /Library/Frameworks/R.framework/Resources/bin/R CMD INSTALL M3Drop ### ############################################################################## ############################################################################## * installing to library ‘/Library/Frameworks/R.framework/Versions/4.3-x86_64/Resources/library’ * installing *source* package ‘M3Drop’ ... ** using staged installation ** R ** inst ** byte-compile and prepare package for lazy loading ** help *** installing help indices ** building package indices ** installing vignettes ** testing if installed package can be loaded from temporary location ** testing if installed package can be loaded from final location ** testing if installed package keeps a record of temporary installation path * DONE (M3Drop)
M3Drop.Rcheck/M3Drop-Ex.timings
| name | user | system | elapsed | |
| Brennecke_getVariableGenes | 3.544 | 0.265 | 3.846 | |
| Consensus_FS | 0.306 | 0.026 | 0.333 | |
| Fitting_Dropout_Models | 0.000 | 0.001 | 0.000 | |
| Imputation | 40.389 | 0.306 | 40.921 | |
| M3D_Clean_Data | 1.860 | 0.190 | 2.092 | |
| M3D_ConverData | 7.012 | 0.290 | 7.363 | |
| M3D_Differential_Expression | 0.597 | 0.090 | 0.729 | |
| M3D_Dropout_Models | 1.731 | 0.102 | 1.859 | |
| M3D_Expression_Heatmap | 0.578 | 0.018 | 0.603 | |
| M3D_Get_Extremes | 1.578 | 0.158 | 1.755 | |
| M3D_Get_Heatmap_Cell_Clusters | 0.544 | 0.016 | 0.565 | |
| M3D_Simulations | 0.000 | 0.000 | 0.001 | |
| M3D_Test_Shift | 0.557 | 0.054 | 0.622 | |
| M3D_ThreeSet_Venn | 0.388 | 0.014 | 0.405 | |
| M3D_TraditionalDE | 0.013 | 0.001 | 0.014 | |
| M3D_getmarkers | 38.328 | 0.887 | 39.596 | |
| M3D_horz_res | 0 | 0 | 0 | |
| NBumi_CheckFit | 2.197 | 0.147 | 2.369 | |
| NBumi_CoExpression | 0.798 | 0.054 | 0.862 | |
| NBumi_CompareModels | 2.309 | 0.197 | 2.557 | |
| NBumi_ConvertToInteger | 0 | 0 | 0 | |
| NBumi_ConvrtData | 0.436 | 0.022 | 0.461 | |
| NBumi_FSDrop | 2.272 | 0.130 | 2.435 | |
| NBumi_FSHighVar | 0.761 | 0.046 | 0.815 | |
| NBumi_FSOther | 0.012 | 0.001 | 0.013 | |
| NBumi_FitDisp | 0 | 0 | 0 | |
| NBumi_FitDispVsMean | 0.610 | 0.021 | 0.634 | |
| NBumi_FitModel | 0.781 | 0.053 | 0.839 | |
| NBumi_HVG | 0.955 | 0.061 | 1.024 | |
| NBumi_TradDE | 0 | 0 | 0 | |
| NewSimulations | 146.539 | 11.416 | 160.009 | |
| Other_FS | 1.193 | 0.021 | 1.220 | |
| PoissonUMIFeatureSelectionDropouts | 0.711 | 0.013 | 0.727 | |
| bg__fit_gamma | 0 | 0 | 0 | |
| bg__get_stats | 0 | 0 | 0 | |
| bg__mean2disp | 0 | 0 | 0 | |
| bg__shift_size | 0 | 0 | 0 | |
| bg__var_vs_drop | 0.000 | 0.000 | 0.001 | |