| Back to Multiple platform build/check report for BioC 3.18: simplified long |
|
This page was generated on 2024-04-17 11:36:04 -0400 (Wed, 17 Apr 2024).
| Hostname | OS | Arch (*) | R version | Installed pkgs |
|---|---|---|---|---|
| nebbiolo2 | Linux (Ubuntu 22.04.3 LTS) | x86_64 | 4.3.3 (2024-02-29) -- "Angel Food Cake" | 4676 |
| palomino4 | Windows Server 2022 Datacenter | x64 | 4.3.3 (2024-02-29 ucrt) -- "Angel Food Cake" | 4414 |
| merida1 | macOS 12.7.1 Monterey | x86_64 | 4.3.3 (2024-02-29) -- "Angel Food Cake" | 4437 |
| Click on any hostname to see more info about the system (e.g. compilers) (*) as reported by 'uname -p', except on Windows and Mac OS X | ||||
| Package 1070/2266 | Hostname | OS / Arch | INSTALL | BUILD | CHECK | BUILD BIN | ||||||||
| IWTomics 1.26.0 (landing page) Marzia A Cremona
| nebbiolo2 | Linux (Ubuntu 22.04.3 LTS) / x86_64 | OK | OK | WARNINGS | |||||||||
| palomino4 | Windows Server 2022 Datacenter / x64 | OK | OK | WARNINGS | OK | |||||||||
| merida1 | macOS 12.7.1 Monterey / x86_64 | OK | OK | WARNINGS | OK | |||||||||
| kjohnson1 | macOS 13.6.1 Ventura / arm64 | see weekly results here | ||||||||||||
|
To the developers/maintainers of the IWTomics package: - Allow up to 24 hours (and sometimes 48 hours) for your latest push to git@git.bioconductor.org:packages/IWTomics.git to reflect on this report. See Troubleshooting Build Report for more information. - Use the following Renviron settings to reproduce errors and warnings. - If 'R CMD check' started to fail recently on the Linux builder(s) over a missing dependency, add the missing dependency to 'Suggests:' in your DESCRIPTION file. See Renviron.bioc for more information. |
| Package: IWTomics |
| Version: 1.26.0 |
| Command: /home/biocbuild/bbs-3.18-bioc/R/bin/R CMD check --install=check:IWTomics.install-out.txt --library=/home/biocbuild/bbs-3.18-bioc/R/site-library --timings IWTomics_1.26.0.tar.gz |
| StartedAt: 2024-04-16 00:12:39 -0400 (Tue, 16 Apr 2024) |
| EndedAt: 2024-04-16 00:18:15 -0400 (Tue, 16 Apr 2024) |
| EllapsedTime: 335.5 seconds |
| RetCode: 0 |
| Status: WARNINGS |
| CheckDir: IWTomics.Rcheck |
| Warnings: 1 |
##############################################################################
##############################################################################
###
### Running command:
###
### /home/biocbuild/bbs-3.18-bioc/R/bin/R CMD check --install=check:IWTomics.install-out.txt --library=/home/biocbuild/bbs-3.18-bioc/R/site-library --timings IWTomics_1.26.0.tar.gz
###
##############################################################################
##############################################################################
* using log directory ‘/home/biocbuild/bbs-3.18-bioc/meat/IWTomics.Rcheck’
* using R version 4.3.3 (2024-02-29)
* using platform: x86_64-pc-linux-gnu (64-bit)
* R was compiled by
gcc (Ubuntu 11.4.0-1ubuntu1~22.04) 11.4.0
GNU Fortran (Ubuntu 11.4.0-1ubuntu1~22.04) 11.4.0
* running under: Ubuntu 22.04.4 LTS
* using session charset: UTF-8
* checking for file ‘IWTomics/DESCRIPTION’ ... OK
* checking extension type ... Package
* this is package ‘IWTomics’ version ‘1.26.0’
* checking package namespace information ... OK
* checking package dependencies ... OK
* checking if this is a source package ... OK
* checking if there is a namespace ... OK
* checking for hidden files and directories ... OK
* checking for portable file names ... OK
* checking for sufficient/correct file permissions ... OK
* checking whether package ‘IWTomics’ can be installed ... OK
* checking installed package size ... OK
* checking package directory ... OK
* checking ‘build’ directory ... OK
* checking DESCRIPTION meta-information ... OK
* checking top-level files ... OK
* checking for left-over files ... OK
* checking index information ... OK
* checking package subdirectories ... NOTE
Problems with news in ‘NEWS’:
Cannot process chunk/lines:
0.99.0 First submission
Cannot process chunk/lines:
0.99.11 Revised package
Cannot process chunk/lines:
0.99.12 Fixed bug in plotTest and plotSummary
Cannot process chunk/lines:
1.1.1 Fixed bug in IWTomicsTest statistics=variance
Cannot process chunk/lines:
1.1.2 Fixed alpha
Cannot process chunk/lines:
1.1.3 Fixed bug in IWTomicsData constructor
Cannot process chunk/lines:
1.3.3 Citation added
* checking R files for non-ASCII characters ... OK
* checking R files for syntax errors ... OK
* checking whether the package can be loaded ... OK
* checking whether the package can be loaded with stated dependencies ... OK
* checking whether the package can be unloaded cleanly ... OK
* checking whether the namespace can be loaded with stated dependencies ... OK
* checking whether the namespace can be unloaded cleanly ... OK
* checking loading without being on the library search path ... OK
* checking dependencies in R code ... OK
* checking S3 generic/method consistency ... OK
* checking replacement functions ... OK
* checking foreign function calls ... OK
* checking R code for possible problems ... OK
* checking Rd files ... WARNING
checkRd: (5) IWTomicsData-class.Rd:122-126: \item in \describe must have non-empty label
checkRd: (5) IWTomicsData-class.Rd:127-170: \item in \describe must have non-empty label
checkRd: (5) IWTomicsData-class.Rd:177-179: \item in \describe must have non-empty label
checkRd: (5) IWTomicsData-class.Rd:180-182: \item in \describe must have non-empty label
checkRd: (5) IWTomicsData-class.Rd:183-186: \item in \describe must have non-empty label
checkRd: (5) IWTomicsData-class.Rd:187-189: \item in \describe must have non-empty label
checkRd: (5) IWTomicsData-class.Rd:190-193: \item in \describe must have non-empty label
checkRd: (5) IWTomicsData-class.Rd:194-196: \item in \describe must have non-empty label
checkRd: (5) IWTomicsData-class.Rd:197-200: \item in \describe must have non-empty label
checkRd: (5) IWTomicsData-class.Rd:201-204: \item in \describe must have non-empty label
checkRd: (5) IWTomicsData-class.Rd:205-208: \item in \describe must have non-empty label
checkRd: (5) IWTomicsData-class.Rd:209-211: \item in \describe must have non-empty label
checkRd: (5) IWTomicsData-class.Rd:212-214: \item in \describe must have non-empty label
checkRd: (5) IWTomicsData-class.Rd:215-217: \item in \describe must have non-empty label
checkRd: (5) IWTomicsData-class.Rd:218-220: \item in \describe must have non-empty label
checkRd: (5) IWTomicsData-class.Rd:221-223: \item in \describe must have non-empty label
checkRd: (5) IWTomicsData-class.Rd:224-226: \item in \describe must have non-empty label
checkRd: (5) IWTomicsData-class.Rd:227-229: \item in \describe must have non-empty label
checkRd: (5) IWTomicsData-class.Rd:230-234: \item in \describe must have non-empty label
checkRd: (5) IWTomicsData-class.Rd:235-237: \item in \describe must have non-empty label
checkRd: (5) IWTomicsData-class.Rd:238-248: \item in \describe must have non-empty label
checkRd: (5) IWTomicsData-class.Rd:256-261: \item in \describe must have non-empty label
checkRd: (5) IWTomicsData-class.Rd:269-274: \item in \describe must have non-empty label
checkRd: (5) IWTomicsData-class.Rd:275-280: \item in \describe must have non-empty label
checkRd: (5) IWTomicsData-class.Rd:281-286: \item in \describe must have non-empty label
checkRd: (5) IWTomicsData-class.Rd:292-299: \item in \describe must have non-empty label
* checking Rd metadata ... OK
* checking Rd cross-references ... OK
* checking for missing documentation entries ... OK
* checking for code/documentation mismatches ... OK
* checking Rd \usage sections ... OK
* checking Rd contents ... OK
* checking for unstated dependencies in examples ... OK
* checking contents of ‘data’ directory ... OK
* checking data for non-ASCII characters ... OK
* checking data for ASCII and uncompressed saves ... OK
* checking files in ‘vignettes’ ... OK
* checking examples ... OK
Examples with CPU (user + system) or elapsed time > 5s
user system elapsed
IWTomicsTest 49.209 0.636 49.845
IWTomicsData-class 9.656 0.148 9.806
IWTomics-package 7.844 0.408 8.255
* checking for unstated dependencies in vignettes ... OK
* checking package vignettes in ‘inst/doc’ ... OK
* checking running R code from vignettes ...
‘IWTomics.Rnw’... OK
OK
* checking re-building of vignette outputs ... OK
* checking PDF version of manual ... OK
* DONE
Status: 1 WARNING, 1 NOTE
See
‘/home/biocbuild/bbs-3.18-bioc/meat/IWTomics.Rcheck/00check.log’
for details.
IWTomics.Rcheck/00install.out
############################################################################## ############################################################################## ### ### Running command: ### ### /home/biocbuild/bbs-3.18-bioc/R/bin/R CMD INSTALL IWTomics ### ############################################################################## ############################################################################## * installing to library ‘/home/biocbuild/bbs-3.18-bioc/R/site-library’ * installing *source* package ‘IWTomics’ ... ** using staged installation ** R ** data ** inst ** byte-compile and prepare package for lazy loading Creating a new generic function for ‘smooth’ in package ‘IWTomics’ ** help *** installing help indices ** building package indices ** installing vignettes ** testing if installed package can be loaded from temporary location ** testing if installed package can be loaded from final location ** testing if installed package keeps a record of temporary installation path * DONE (IWTomics)
IWTomics.Rcheck/IWTomics-Ex.timings
| name | user | system | elapsed | |
| ETn_example | 0.145 | 0.008 | 0.153 | |
| IWTomics-package | 7.844 | 0.408 | 8.255 | |
| IWTomicsData-class | 9.656 | 0.148 | 9.806 | |
| IWTomicsTest | 49.209 | 0.636 | 49.845 | |
| features_example | 0.001 | 0.000 | 0.002 | |
| plot-IWTomicsData | 0.401 | 0.008 | 0.409 | |
| plotSummary | 4.610 | 0.144 | 4.754 | |
| plotTest | 3.001 | 0.091 | 3.093 | |
| regionsFeatures_center | 0.010 | 0.001 | 0.010 | |
| regionsFeatures_scale | 0.006 | 0.004 | 0.009 | |
| regions_example | 0.001 | 0.000 | 0.001 | |
| smooth-IWTomicsData | 1.158 | 0.008 | 1.167 | |