| Back to Multiple platform build/check report for BioC 3.18: simplified long |
|
This page was generated on 2023-11-02 11:40:39 -0400 (Thu, 02 Nov 2023).
| Hostname | OS | Arch (*) | R version | Installed pkgs |
|---|---|---|---|---|
| nebbiolo2 | Linux (Ubuntu 22.04.2 LTS) | x86_64 | 4.3.1 (2023-06-16) -- "Beagle Scouts" | 4729 |
| palomino4 | Windows Server 2022 Datacenter | x64 | 4.3.1 (2023-06-16 ucrt) -- "Beagle Scouts" | 4463 |
| lconway | macOS 12.6.5 Monterey | x86_64 | 4.3.1 Patched (2023-06-17 r84564) -- "Beagle Scouts" | 4478 |
| kunpeng2 | Linux (openEuler 22.03 LTS-SP1) | aarch64 | 4.3.1 (2023-06-16) -- "Beagle Scouts" | 4464 |
| Click on any hostname to see more info about the system (e.g. compilers) (*) as reported by 'uname -p', except on Windows and Mac OS X | ||||
| Package 641/2266 | Hostname | OS / Arch | INSTALL | BUILD | CHECK | BUILD BIN | ||||||||
| EnrichmentBrowser 2.32.0 (landing page) Ludwig Geistlinger
| nebbiolo2 | Linux (Ubuntu 22.04.2 LTS) / x86_64 | OK | OK | OK | |||||||||
| palomino4 | Windows Server 2022 Datacenter / x64 | OK | OK | OK | OK | |||||||||
| lconway | macOS 12.6.5 Monterey / x86_64 | OK | OK | OK | OK | |||||||||
| kjohnson1 | macOS 13.6.1 Ventura / arm64 | see weekly results here | ||||||||||||
| kunpeng2 | Linux (openEuler 22.03 LTS-SP1) / aarch64 | OK | OK | ERROR | ||||||||||
|
To the developers/maintainers of the EnrichmentBrowser package: - Allow up to 24 hours (and sometimes 48 hours) for your latest push to git@git.bioconductor.org:packages/EnrichmentBrowser.git to reflect on this report. See Troubleshooting Build Report for more information. - Use the following Renviron settings to reproduce errors and warnings. - If 'R CMD check' started to fail recently on the Linux builder(s) over a missing dependency, add the missing dependency to 'Suggests:' in your DESCRIPTION file. See Renviron.bioc for more information. - See Martin Grigorov's blog post for how to debug Linux ARM64 related issues on a x86_64 host. |
| Package: EnrichmentBrowser |
| Version: 2.32.0 |
| Command: /home/biocbuild/R/R-4.3.1/bin/R CMD check --install=check:EnrichmentBrowser.install-out.txt --library=/home/biocbuild/R/R-4.3.1/site-library --no-vignettes --timings EnrichmentBrowser_2.32.0.tar.gz |
| StartedAt: 2023-11-02 10:14:52 -0000 (Thu, 02 Nov 2023) |
| EndedAt: 2023-11-02 10:21:57 -0000 (Thu, 02 Nov 2023) |
| EllapsedTime: 425.1 seconds |
| RetCode: 1 |
| Status: ERROR |
| CheckDir: EnrichmentBrowser.Rcheck |
| Warnings: NA |
##############################################################################
##############################################################################
###
### Running command:
###
### /home/biocbuild/R/R-4.3.1/bin/R CMD check --install=check:EnrichmentBrowser.install-out.txt --library=/home/biocbuild/R/R-4.3.1/site-library --no-vignettes --timings EnrichmentBrowser_2.32.0.tar.gz
###
##############################################################################
##############################################################################
* using log directory ‘/home/biocbuild/bbs-3.18-bioc/meat/EnrichmentBrowser.Rcheck’
* using R version 4.3.1 (2023-06-16)
* using platform: aarch64-unknown-linux-gnu (64-bit)
* R was compiled by
gcc (GCC) 10.3.1
GNU Fortran (GCC) 10.3.1
* running under: openEuler 22.03 (LTS-SP1)
* using session charset: UTF-8
* using option ‘--no-vignettes’
* checking for file ‘EnrichmentBrowser/DESCRIPTION’ ... OK
* this is package ‘EnrichmentBrowser’ version ‘2.32.0’
* package encoding: UTF-8
* checking package namespace information ... OK
* checking package dependencies ... OK
* checking if this is a source package ... OK
* checking if there is a namespace ... OK
* checking for hidden files and directories ... OK
* checking for portable file names ... OK
* checking for sufficient/correct file permissions ... OK
* checking whether package ‘EnrichmentBrowser’ can be installed ... OK
* checking installed package size ... OK
* checking package directory ... OK
* checking ‘build’ directory ... OK
* checking DESCRIPTION meta-information ... OK
* checking top-level files ... OK
* checking for left-over files ... OK
* checking index information ... OK
* checking package subdirectories ... OK
* checking R files for non-ASCII characters ... OK
* checking R files for syntax errors ... OK
* checking whether the package can be loaded ... OK
* checking whether the package can be loaded with stated dependencies ... OK
* checking whether the package can be unloaded cleanly ... OK
* checking whether the namespace can be loaded with stated dependencies ... OK
* checking whether the namespace can be unloaded cleanly ... OK
* checking loading without being on the library search path ... OK
* checking startup messages can be suppressed ... OK
* checking dependencies in R code ... NOTE
Unexported object imported by a ':::' call: 'pathview:::parseKGML2Graph2'
See the note in ?`:::` about the use of this operator.
* checking S3 generic/method consistency ... OK
* checking replacement functions ... OK
* checking foreign function calls ... OK
* checking R code for possible problems ... NOTE
.getGOFromBiomart: no visible binding for global variable
‘go_linkage_type’
Undefined global functions or variables:
go_linkage_type
* checking Rd files ... OK
* checking Rd metadata ... OK
* checking Rd cross-references ... OK
* checking for missing documentation entries ... OK
* checking for code/documentation mismatches ... OK
* checking Rd \usage sections ... OK
* checking Rd contents ... OK
* checking for unstated dependencies in examples ... OK
* checking files in ‘vignettes’ ... OK
* checking examples ... ERROR
Running examples in ‘EnrichmentBrowser-Ex.R’ failed
The error most likely occurred in:
> base::assign(".ptime", proc.time(), pos = "CheckExEnv")
> ### Name: ebrowser
> ### Title: Seamless navigation through enrichment analysis results
> ### Aliases: ebrowser
>
> ### ** Examples
>
>
> # expression data from file
> exprs.file <- system.file("extdata/exprs.tab", package="EnrichmentBrowser")
> cdat.file <- system.file("extdata/colData.tab", package="EnrichmentBrowser")
> rdat.file <- system.file("extdata/rowData.tab", package="EnrichmentBrowser")
>
> # getting all human KEGG gene sets
> # hsa.gs <- getGenesets(org="hsa", db="kegg")
> gs.file <- system.file("extdata/hsa_kegg_gs.gmt", package="EnrichmentBrowser")
> hsa.gs <- getGenesets(gs.file)
>
> # output destination
> out.dir <- configEBrowser("OUTDIR.DEFAULT")
>
> # set-based enrichment analysis
> ebrowser( meth="ora", perm=0,
+ exprs=exprs.file, cdat=cdat.file, rdat=rdat.file,
+ gs=hsa.gs, org="hsa", nr.show=3,
+ out.dir=out.dir, report.name="oraReport")
Warning: Package 'ReportingTools' is deprecated and will be removed from
Bioconductor version 3.19
Read expression data ...
Normalize ...
Excluding 211 genes not satisfying min.cpm threshold
Corresponding software package not found: EDASeq
Make sure that you have it installed.
Bioconductor version 3.18 (BiocManager 1.30.22), R 4.3.1 (2023-06-16)
Installing package(s) 'BiocVersion', 'EDASeq'
also installing the dependencies 'deldir', 'RcppEigen', 'jpeg', 'interp', 'latticeExtra', 'ShortRead', 'aroma.light'
trying URL 'https://cloud.r-project.org/src/contrib/deldir_1.0-9.tar.gz'
Content type 'application/x-gzip' length 127119 bytes (124 KB)
==================================================
downloaded 124 KB
trying URL 'https://cloud.r-project.org/src/contrib/RcppEigen_0.3.3.9.3.tar.gz'
Content type 'application/x-gzip' length 1470790 bytes (1.4 MB)
==================================================
downloaded 1.4 MB
trying URL 'https://cloud.r-project.org/src/contrib/jpeg_0.1-10.tar.gz'
Content type 'application/x-gzip' length 18667 bytes (18 KB)
==================================================
downloaded 18 KB
trying URL 'https://cloud.r-project.org/src/contrib/interp_1.1-4.tar.gz'
Content type 'application/x-gzip' length 1112571 bytes (1.1 MB)
==================================================
downloaded 1.1 MB
trying URL 'https://cloud.r-project.org/src/contrib/latticeExtra_0.6-30.tar.gz'
Content type 'application/x-gzip' length 1292936 bytes (1.2 MB)
==================================================
downloaded 1.2 MB
trying URL 'https://bioconductor.org/packages/3.18/bioc/src/contrib/ShortRead_1.60.0.tar.gz'
Content type 'application/x-gzip' length 5222971 bytes (5.0 MB)
==================================================
downloaded 5.0 MB
trying URL 'https://bioconductor.org/packages/3.18/bioc/src/contrib/aroma.light_3.32.0.tar.gz'
Content type 'application/x-gzip' length 388364 bytes (379 KB)
==================================================
downloaded 379 KB
trying URL 'https://bioconductor.org/packages/3.18/bioc/src/contrib/BiocVersion_3.18.0.tar.gz'
Content type 'application/x-gzip' length 968 bytes
==================================================
downloaded 968 bytes
trying URL 'https://bioconductor.org/packages/3.18/bioc/src/contrib/EDASeq_2.36.0.tar.gz'
Content type 'application/x-gzip' length 1036740 bytes (1012 KB)
==================================================
downloaded 1012 KB
* installing *source* package ‘deldir’ ...
** package ‘deldir’ successfully unpacked and MD5 sums checked
** using staged installation
** libs
using C compiler: ‘gcc (GCC) 10.3.1’
using Fortran compiler: ‘GNU Fortran (GCC) 10.3.1’
gfortran -fPIC -g -O2 -Wall -c acchk.f -o acchk.o
gfortran -fPIC -g -O2 -Wall -c addpt.f -o addpt.o
addpt.f:19:5:
19 | 23002 continue
| 1
Warning: Label 23002 at (1) defined but not used [-Wunused-label]
addpt.f:18:5:
18 | 23001 if(.not.(ngap.eq.n))goto 23000
| 1
Warning: Label 23001 at (1) defined but not used [-Wunused-label]
gfortran -fPIC -g -O2 -Wall -c adjchk.f -o adjchk.o
adjchk.f:30:5:
30 | 23009 continue
| 1
Warning: Label 23009 at (1) defined but not used [-Wunused-label]
gfortran -fPIC -g -O2 -Wall -c binsrt.f -o binsrt.o
binsrt.f:72:5:
72 | 23019 continue
| 1
Warning: Label 23019 at (1) defined but not used [-Wunused-label]
binsrt.f:52:5:
52 | 23005 continue
| 1
Warning: Label 23005 at (1) defined but not used [-Wunused-label]
binsrt.f:62:5:
62 | 23003 continue
| 1
Warning: Label 23003 at (1) defined but not used [-Wunused-label]
binsrt.f:27:5:
27 | 23001 continue
| 1
Warning: Label 23001 at (1) defined but not used [-Wunused-label]
gfortran -fPIC -g -O2 -Wall -c circen.f -o circen.o
gfortran -fPIC -g -O2 -Wall -c cross.f -o cross.o
cross.f:23:5:
23 | 23003 continue
| 1
Warning: Label 23003 at (1) defined but not used [-Wunused-label]
cross.f:77:72:
77 | cprd = (a*d - b*c)/smin
| ^
Warning: ‘smin’ may be used uninitialized in this function [-Wmaybe-uninitialized]
gfortran -fPIC -g -O2 -Wall -c crossutil.f -o crossutil.o
gfortran -fPIC -g -O2 -Wall -c delet.f -o delet.o
gfortran -fPIC -g -O2 -Wall -c delet1.f -o delet1.o
delet1.f:11:5:
11 | 23005 continue
| 1
Warning: Label 23005 at (1) defined but not used [-Wunused-label]
delet1.f:17:5:
17 | 23001 continue
| 1
Warning: Label 23001 at (1) defined but not used [-Wunused-label]
gfortran -fPIC -g -O2 -Wall -c delout.f -o delout.o
delout.f:38:5:
38 | 23009 continue
| 1
Warning: Label 23009 at (1) defined but not used [-Wunused-label]
delout.f:21:5:
21 | 23003 continue
| 1
Warning: Label 23003 at (1) defined but not used [-Wunused-label]
delout.f:44:5:
44 | 23001 continue
| 1
Warning: Label 23001 at (1) defined but not used [-Wunused-label]
gfortran -fPIC -g -O2 -Wall -c delseg.f -o delseg.o
delseg.f:27:5:
27 | 23003 continue
| 1
Warning: Label 23003 at (1) defined but not used [-Wunused-label]
delseg.f:29:5:
29 | 23001 continue
| 1
Warning: Label 23001 at (1) defined but not used [-Wunused-label]
gfortran -fPIC -g -O2 -Wall -c dirout.f -o dirout.o
dirout.f:69:5:
69 | 23003 continue
| 1
Warning: Label 23003 at (1) defined but not used [-Wunused-label]
dirout.f:74:5:
74 | 23001 continue
| 1
Warning: Label 23001 at (1) defined but not used [-Wunused-label]
gfortran -fPIC -g -O2 -Wall -c dirseg.f -o dirseg.o
dirseg.f:128:5:
128 | 23007 continue
| 1
Warning: Label 23007 at (1) defined but not used [-Wunused-label]
dirseg.f:130:5:
130 | 23005 continue
| 1
Warning: Label 23005 at (1) defined but not used [-Wunused-label]
dirseg.f:39:5:
39 | 23001 continue
| 1
Warning: Label 23001 at (1) defined but not used [-Wunused-label]
gfortran -fPIC -g -O2 -Wall -c dldins.f -o dldins.o
gcc -I"/home/biocbuild/R/R-4.3.1/include" -DNDEBUG -I/usr/local/include -fPIC -g -O2 -Wall -c init.c -o init.o
gfortran -fPIC -g -O2 -Wall -c initad.f -o initad.o
initad.f:26:5:
26 | 23009 continue
| 1
Warning: Label 23009 at (1) defined but not used [-Wunused-label]
gfortran -fPIC -g -O2 -Wall -c insrt.f -o insrt.o
gfortran -fPIC -g -O2 -Wall -c insrt1.f -o insrt1.o
insrt1.f:22:5:
22 | 23005 continue
| 1
Warning: Label 23005 at (1) defined but not used [-Wunused-label]
gfortran -fPIC -g -O2 -Wall -c intri.f -o intri.o
intri.f:40:5:
40 | 23003 continue
| 1
Warning: Label 23003 at (1) defined but not used [-Wunused-label]
gfortran -fPIC -g -O2 -Wall -c locn.f -o locn.o
locn.f:31:5:
31 | 23003 continue
| 1
Warning: Label 23003 at (1) defined but not used [-Wunused-label]
gfortran -fPIC -g -O2 -Wall -c master.f -o master.o
master.f:55:5:
55 | 23015 continue
| 1
Warning: Label 23015 at (1) defined but not used [-Wunused-label]
master.f:46:5:
46 | 23011 continue
| 1
Warning: Label 23011 at (1) defined but not used [-Wunused-label]
master.f:38:5:
38 | 23005 continue
| 1
Warning: Label 23005 at (1) defined but not used [-Wunused-label]
master.f:16:5:
16 | 23003 continue
| 1
Warning: Label 23003 at (1) defined but not used [-Wunused-label]
master.f:18:5:
18 | 23001 continue
| 1
Warning: Label 23001 at (1) defined but not used [-Wunused-label]
gfortran -fPIC -g -O2 -Wall -c mnnd.f -o mnnd.o
mnnd.f:16:5:
16 | 23003 continue
| 1
Warning: Label 23003 at (1) defined but not used [-Wunused-label]
mnnd.f:19:5:
19 | 23001 continue
| 1
Warning: Label 23001 at (1) defined but not used [-Wunused-label]
gfortran -fPIC -g -O2 -Wall -c pred.f -o pred.o
pred.f:23:5:
23 | 23003 continue
| 1
Warning: Label 23003 at (1) defined but not used [-Wunused-label]
gfortran -fPIC -g -O2 -Wall -c qtest.f -o qtest.o
gfortran -fPIC -g -O2 -Wall -c qtest1.f -o qtest1.o
gfortran -fPIC -g -O2 -Wall -c stoke.f -o stoke.o
gfortran -fPIC -g -O2 -Wall -c succ.f -o succ.o
succ.f:23:5:
23 | 23003 continue
| 1
Warning: Label 23003 at (1) defined but not used [-Wunused-label]
gfortran -fPIC -g -O2 -Wall -c swap.f -o swap.o
gfortran -fPIC -g -O2 -Wall -c testeq.f -o testeq.o
gfortran -fPIC -g -O2 -Wall -c triar.f -o triar.o
gfortran -fPIC -g -O2 -Wall -c trifnd.f -o trifnd.o
gcc -shared -L/home/biocbuild/R/R-4.3.1/lib -L/usr/local/lib -o deldir.so acchk.o addpt.o adjchk.o binsrt.o circen.o cross.o crossutil.o delet.o delet1.o delout.o delseg.o dirout.o dirseg.o dldins.o init.o initad.o insrt.o insrt1.o intri.o locn.o master.o mnnd.o pred.o qtest.o qtest1.o stoke.o succ.o swap.o testeq.o triar.o trifnd.o -lgfortran -lm -L/home/biocbuild/R/R-4.3.1/lib -lR
installing to /home/biocbuild/tmp/RtmpdeabAT/RLIBS_edd867281e99e/00LOCK-deldir/00new/deldir/libs
** R
** data
*** moving datasets to lazyload DB
** inst
** byte-compile and prepare package for lazy loading
** help
*** installing help indices
** building package indices
** testing if installed package can be loaded from temporary location
** checking absolute paths in shared objects and dynamic libraries
** testing if installed package can be loaded from final location
** testing if installed package keeps a record of temporary installation path
* DONE (deldir)
* installing *source* package ‘RcppEigen’ ...
** package ‘RcppEigen’ successfully unpacked and MD5 sums checked
** using staged installation
** libs
using C compiler: ‘gcc (GCC) 10.3.1’
using C++ compiler: ‘g++ (GCC) 10.3.1’
g++ -std=gnu++17 -I"/home/biocbuild/R/R-4.3.1/include" -DNDEBUG -I'/home/biocbuild/tmp/RtmpdeabAT/RLIBS_edd867281e99e/Rcpp/include' -I/usr/local/include -I../inst/include -fPIC -g -O2 -Wall -c RcppEigen.cpp -o RcppEigen.o
g++ -std=gnu++17 -I"/home/biocbuild/R/R-4.3.1/include" -DNDEBUG -I'/home/biocbuild/tmp/RtmpdeabAT/RLIBS_edd867281e99e/Rcpp/include' -I/usr/local/include -I../inst/include -fPIC -g -O2 -Wall -c RcppExports.cpp -o RcppExports.o
g++ -std=gnu++17 -I"/home/biocbuild/R/R-4.3.1/include" -DNDEBUG -I'/home/biocbuild/tmp/RtmpdeabAT/RLIBS_edd867281e99e/Rcpp/include' -I/usr/local/include -I../inst/include -fPIC -g -O2 -Wall -c fastLm.cpp -o fastLm.o
g++: fatal error: Killed signal terminated program cc1plus
compilation terminated.
make: *** [/home/biocbuild/R/R-4.3.1/etc/Makeconf:200: fastLm.o] Error 1
ERROR: compilation failed for package ‘RcppEigen’
* removing ‘/home/biocbuild/tmp/RtmpdeabAT/RLIBS_edd867281e99e/RcppEigen’
installation of package 'RcppEigen' had non-zero exit status
* installing *source* package ‘jpeg’ ...
** package ‘jpeg’ successfully unpacked and MD5 sums checked
** using staged installation
** libs
using C compiler: ‘gcc (GCC) 10.3.1’
gcc -I"/home/biocbuild/R/R-4.3.1/include" -DNDEBUG -I/usr/local/include -fPIC -g -O2 -Wall -c read.c -o read.o
gcc -I"/home/biocbuild/R/R-4.3.1/include" -DNDEBUG -I/usr/local/include -fPIC -g -O2 -Wall -c reg.c -o reg.o
gcc -I"/home/biocbuild/R/R-4.3.1/include" -DNDEBUG -I/usr/local/include -fPIC -g -O2 -Wall -c write.c -o write.o
gcc -shared -L/home/biocbuild/R/R-4.3.1/lib -L/usr/local/lib -o jpeg.so read.o reg.o write.o -ljpeg -L/home/biocbuild/R/R-4.3.1/lib -lR
installing to /home/biocbuild/tmp/RtmpdeabAT/RLIBS_edd867281e99e/00LOCK-jpeg/00new/jpeg/libs
** R
** inst
** byte-compile and prepare package for lazy loading
** help
*** installing help indices
** building package indices
** testing if installed package can be loaded from temporary location
** checking absolute paths in shared objects and dynamic libraries
** testing if installed package can be loaded from final location
** testing if installed package keeps a record of temporary installation path
* DONE (jpeg)
* installing *source* package ‘aroma.light’ ...
** using staged installation
** R
** inst
** byte-compile and prepare package for lazy loading
** help
*** installing help indices
** building package indices
** testing if installed package can be loaded from temporary location
** testing if installed package can be loaded from final location
** testing if installed package keeps a record of temporary installation path
* DONE (aroma.light)
* installing *source* package ‘BiocVersion’ ...
** using staged installation
** help
*** installing help indices
** building package indices
** testing if installed package can be loaded from temporary location
** testing if installed package can be loaded from final location
** testing if installed package keeps a record of temporary installation path
* DONE (BiocVersion)
ERROR: dependency ‘RcppEigen’ is not available for package ‘interp’
* removing ‘/home/biocbuild/tmp/RtmpdeabAT/RLIBS_edd867281e99e/interp’
installation of package 'interp' had non-zero exit status
ERROR: dependency ‘interp’ is not available for package ‘latticeExtra’
* removing ‘/home/biocbuild/tmp/RtmpdeabAT/RLIBS_edd867281e99e/latticeExtra’
installation of package 'latticeExtra' had non-zero exit status
ERROR: dependency ‘latticeExtra’ is not available for package ‘ShortRead’
* removing ‘/home/biocbuild/tmp/RtmpdeabAT/RLIBS_edd867281e99e/ShortRead’
installation of package 'ShortRead' had non-zero exit status
ERROR: dependency ‘ShortRead’ is not available for package ‘EDASeq’
* removing ‘/home/biocbuild/tmp/RtmpdeabAT/RLIBS_edd867281e99e/EDASeq’
installation of package 'EDASeq' had non-zero exit status
The downloaded source packages are in
'/home/biocbuild/tmp/RtmpR13ivi/downloaded_packages'
Error in betweenLaneNormalization(assay(se), which = norm.method) :
could not find function "betweenLaneNormalization"
Calls: ebrowser -> normalize
Execution halted
* checking for unstated dependencies in vignettes ... OK
* checking package vignettes in ‘inst/doc’ ... OK
* checking running R code from vignettes ... SKIPPED
* checking re-building of vignette outputs ... SKIPPED
* checking PDF version of manual ... OK
* DONE
Status: 1 ERROR, 2 NOTEs
See
‘/home/biocbuild/bbs-3.18-bioc/meat/EnrichmentBrowser.Rcheck/00check.log’
for details.
EnrichmentBrowser.Rcheck/00install.out
############################################################################## ############################################################################## ### ### Running command: ### ### /home/biocbuild/R/R-4.3.1/bin/R CMD INSTALL EnrichmentBrowser ### ############################################################################## ############################################################################## * installing to library ‘/home/biocbuild/R/R-4.3.1/site-library’ * installing *source* package ‘EnrichmentBrowser’ ... ** using staged installation ** R ** inst ** byte-compile and prepare package for lazy loading ** help *** installing help indices ** building package indices ** installing vignettes ** testing if installed package can be loaded from temporary location ** testing if installed package can be loaded from final location ** testing if installed package keeps a record of temporary installation path * DONE (EnrichmentBrowser)
EnrichmentBrowser.Rcheck/EnrichmentBrowser-Ex.timings
| name | user | system | elapsed | |
| combResults | 1.428 | 0.020 | 1.450 | |
| compileGRN | 5.401 | 0.115 | 5.531 | |
| configEBrowser | 0.000 | 0.000 | 0.001 | |
| deAna | 5.029 | 0.044 | 5.088 | |
| downloadPathways | 0 | 0 | 0 | |
| eaBrowse | 10.459 | 0.369 | 11.042 | |