| Back to Multiple platform build/check report for BioC 3.18: simplified long |
|
This page was generated on 2024-04-17 11:37:40 -0400 (Wed, 17 Apr 2024).
| Hostname | OS | Arch (*) | R version | Installed pkgs |
|---|---|---|---|---|
| nebbiolo2 | Linux (Ubuntu 22.04.3 LTS) | x86_64 | 4.3.3 (2024-02-29) -- "Angel Food Cake" | 4676 |
| palomino4 | Windows Server 2022 Datacenter | x64 | 4.3.3 (2024-02-29 ucrt) -- "Angel Food Cake" | 4414 |
| merida1 | macOS 12.7.1 Monterey | x86_64 | 4.3.3 (2024-02-29) -- "Angel Food Cake" | 4437 |
| Click on any hostname to see more info about the system (e.g. compilers) (*) as reported by 'uname -p', except on Windows and Mac OS X | ||||
| Package 564/2266 | Hostname | OS / Arch | INSTALL | BUILD | CHECK | BUILD BIN | ||||||||
| DiffLogo 2.26.0 (landing page) Hendrik Treutler
| nebbiolo2 | Linux (Ubuntu 22.04.3 LTS) / x86_64 | OK | OK | WARNINGS | |||||||||
| palomino4 | Windows Server 2022 Datacenter / x64 | OK | OK | WARNINGS | OK | |||||||||
| merida1 | macOS 12.7.1 Monterey / x86_64 | OK | OK | WARNINGS | OK | |||||||||
| kjohnson1 | macOS 13.6.1 Ventura / arm64 | see weekly results here | ||||||||||||
|
To the developers/maintainers of the DiffLogo package: - Allow up to 24 hours (and sometimes 48 hours) for your latest push to git@git.bioconductor.org:packages/DiffLogo.git to reflect on this report. See Troubleshooting Build Report for more information. - Use the following Renviron settings to reproduce errors and warnings. - If 'R CMD check' started to fail recently on the Linux builder(s) over a missing dependency, add the missing dependency to 'Suggests:' in your DESCRIPTION file. See Renviron.bioc for more information. |
| Package: DiffLogo |
| Version: 2.26.0 |
| Command: /Library/Frameworks/R.framework/Resources/bin/R CMD check --install=check:DiffLogo.install-out.txt --library=/Library/Frameworks/R.framework/Resources/library --no-vignettes --timings DiffLogo_2.26.0.tar.gz |
| StartedAt: 2024-04-16 02:01:38 -0400 (Tue, 16 Apr 2024) |
| EndedAt: 2024-04-16 02:02:46 -0400 (Tue, 16 Apr 2024) |
| EllapsedTime: 68.5 seconds |
| RetCode: 0 |
| Status: WARNINGS |
| CheckDir: DiffLogo.Rcheck |
| Warnings: 1 |
##############################################################################
##############################################################################
###
### Running command:
###
### /Library/Frameworks/R.framework/Resources/bin/R CMD check --install=check:DiffLogo.install-out.txt --library=/Library/Frameworks/R.framework/Resources/library --no-vignettes --timings DiffLogo_2.26.0.tar.gz
###
##############################################################################
##############################################################################
* using log directory ‘/Users/biocbuild/bbs-3.18-bioc/meat/DiffLogo.Rcheck’
* using R version 4.3.3 (2024-02-29)
* using platform: x86_64-apple-darwin20 (64-bit)
* R was compiled by
Apple clang version 14.0.0 (clang-1400.0.29.202)
GNU Fortran (GCC) 12.2.0
* running under: macOS Monterey 12.7.1
* using session charset: UTF-8
* using option ‘--no-vignettes’
* checking for file ‘DiffLogo/DESCRIPTION’ ... OK
* checking extension type ... Package
* this is package ‘DiffLogo’ version ‘2.26.0’
* checking package namespace information ... OK
* checking package dependencies ... OK
* checking if this is a source package ... OK
* checking if there is a namespace ... OK
* checking for hidden files and directories ... OK
* checking for portable file names ... OK
* checking for sufficient/correct file permissions ... OK
* checking whether package ‘DiffLogo’ can be installed ... OK
* checking installed package size ... OK
* checking package directory ... OK
* checking ‘build’ directory ... OK
* checking DESCRIPTION meta-information ... OK
* checking top-level files ... OK
* checking for left-over files ... OK
* checking index information ... OK
* checking package subdirectories ... OK
* checking R files for non-ASCII characters ... OK
* checking R files for syntax errors ... OK
* checking whether the package can be loaded ... OK
* checking whether the package can be loaded with stated dependencies ... OK
* checking whether the package can be unloaded cleanly ... OK
* checking whether the namespace can be loaded with stated dependencies ... WARNING
Warning: S4 exports specified in 'NAMESPACE' but not defined in package ‘DiffLogo’
* checking whether the namespace can be unloaded cleanly ... OK
* checking dependencies in R code ... OK
* checking S3 generic/method consistency ... OK
* checking replacement functions ... OK
* checking foreign function calls ... OK
* checking R code for possible problems ... NOTE
diffLogo: no visible global function definition for ‘is’
preconditionTransformPWM: no visible global function definition for
‘is’
Undefined global functions or variables:
is
Consider adding
importFrom("methods", "is")
to your NAMESPACE file (and ensure that your DESCRIPTION Imports field
contains 'methods').
* checking Rd files ... OK
* checking Rd metadata ... OK
* checking Rd cross-references ... OK
* checking for missing documentation entries ... OK
* checking for code/documentation mismatches ... OK
* checking Rd \usage sections ... OK
* checking Rd contents ... OK
* checking for unstated dependencies in examples ... OK
* checking sizes of PDF files under ‘inst/doc’ ... OK
* checking files in ‘vignettes’ ... OK
* checking examples ... OK
Examples with CPU (user + system) or elapsed time > 5s
user system elapsed
enrichDiffLogoTableWithPvalues 6.762 0.115 7.208
* checking for unstated dependencies in ‘tests’ ... OK
* checking tests ...
Running ‘testthat.R’
OK
* checking for unstated dependencies in vignettes ... OK
* checking package vignettes in ‘inst/doc’ ... OK
* checking running R code from vignettes ... SKIPPED
* checking re-building of vignette outputs ... SKIPPED
* checking PDF version of manual ... OK
* DONE
Status: 1 WARNING, 1 NOTE
See
‘/Users/biocbuild/bbs-3.18-bioc/meat/DiffLogo.Rcheck/00check.log’
for details.
DiffLogo.Rcheck/00install.out
############################################################################## ############################################################################## ### ### Running command: ### ### /Library/Frameworks/R.framework/Resources/bin/R CMD INSTALL DiffLogo ### ############################################################################## ############################################################################## * installing to library ‘/Library/Frameworks/R.framework/Versions/4.3-x86_64/Resources/library’ * installing *source* package ‘DiffLogo’ ... ** using staged installation ** R ** inst ** byte-compile and prepare package for lazy loading ** help *** installing help indices ** building package indices ** installing vignettes ** testing if installed package can be loaded from temporary location ** testing if installed package can be loaded from final location ** testing if installed package keeps a record of temporary installation path * DONE (DiffLogo)
DiffLogo.Rcheck/tests/testthat.Rout
R version 4.3.3 (2024-02-29) -- "Angel Food Cake" Copyright (C) 2024 The R Foundation for Statistical Computing Platform: x86_64-apple-darwin20 (64-bit) R is free software and comes with ABSOLUTELY NO WARRANTY. You are welcome to redistribute it under certain conditions. Type 'license()' or 'licence()' for distribution details. R is a collaborative project with many contributors. Type 'contributors()' for more information and 'citation()' on how to cite R or R packages in publications. Type 'demo()' for some demos, 'help()' for on-line help, or 'help.start()' for an HTML browser interface to help. Type 'q()' to quit R. > > proc.time() user system elapsed 0.352 0.113 0.434
DiffLogo.Rcheck/DiffLogo-Ex.timings
| name | user | system | elapsed | |
| ASN | 0.001 | 0.003 | 0.003 | |
| Alphabet | 0.000 | 0.000 | 0.001 | |
| DNA | 0.000 | 0.001 | 0.002 | |
| FULL_ALPHABET | 0.001 | 0.001 | 0.002 | |
| RNA | 0.000 | 0.001 | 0.002 | |
| calculatePvalue | 0.051 | 0.005 | 0.059 | |
| createDiffLogoObject | 0.116 | 0.016 | 0.139 | |
| diffLogo | 0.101 | 0.015 | 0.120 | |
| diffLogoFromPwm | 0.095 | 0.015 | 0.118 | |
| diffLogoTable | 2.694 | 0.130 | 2.947 | |
| diffLogoTableConfiguration | 0.001 | 0.002 | 0.003 | |
| differenceOfICs | 0.510 | 0.018 | 0.551 | |
| drawDiffLogoTable | 2.644 | 0.115 | 2.872 | |
| enrichDiffLogoObjectWithPvalues | 0.387 | 0.020 | 0.427 | |
| enrichDiffLogoTableWithPvalues | 6.762 | 0.115 | 7.208 | |
| extendPwmsFromAlignmentVector | 0.109 | 0.006 | 0.121 | |
| getAlphabetFromCharacters | 0.001 | 0.000 | 0.001 | |
| getAlphabetFromSequences | 0.001 | 0.000 | 0.001 | |
| getPwmFromAlignment | 0.624 | 0.060 | 0.714 | |
| getPwmFromAlignmentFile | 0.012 | 0.001 | 0.014 | |
| getPwmFromFastaFile | 0.030 | 0.002 | 0.032 | |
| getPwmFromFile | 0.005 | 0.002 | 0.007 | |
| getPwmFromHomerFile | 0.003 | 0.002 | 0.005 | |
| getPwmFromPfmOrJasparFile | 0.006 | 0.002 | 0.007 | |
| getPwmFromPwmFile | 0.005 | 0.001 | 0.007 | |
| getSequencesFromAlignmentFile | 0.002 | 0.001 | 0.004 | |
| getSequencesFromFastaFile | 0.003 | 0.001 | 0.004 | |
| informationContent | 0.118 | 0.009 | 0.134 | |
| lossOfAbsICDifferences | 0.094 | 0.010 | 0.105 | |
| multipleLocalPwmsAlignment | 0.080 | 0.004 | 0.086 | |
| normalizePWM | 0.000 | 0.000 | 0.001 | |
| normalizedDifferenceOfProbabilities | 0.093 | 0.007 | 0.102 | |
| prepareDiffLogoTable | 2.171 | 0.039 | 2.295 | |
| probabilities | 0.068 | 0.008 | 0.080 | |
| seqLogo | 0.064 | 0.006 | 0.073 | |
| shannonDivergence | 0.089 | 0.009 | 0.102 | |
| sumOfAbsICDifferences | 0.093 | 0.008 | 0.104 | |
| sumOfAbsProbabilityDifferences | 0.098 | 0.016 | 0.117 | |
| sumProbabilities | 0.065 | 0.005 | 0.075 | |