| Back to Multiple platform build/check report for BioC 3.18: simplified long |
|
This page was generated on 2024-04-17 11:35:52 -0400 (Wed, 17 Apr 2024).
| Hostname | OS | Arch (*) | R version | Installed pkgs |
|---|---|---|---|---|
| nebbiolo2 | Linux (Ubuntu 22.04.3 LTS) | x86_64 | 4.3.3 (2024-02-29) -- "Angel Food Cake" | 4676 |
| palomino4 | Windows Server 2022 Datacenter | x64 | 4.3.3 (2024-02-29 ucrt) -- "Angel Food Cake" | 4414 |
| merida1 | macOS 12.7.1 Monterey | x86_64 | 4.3.3 (2024-02-29) -- "Angel Food Cake" | 4437 |
| Click on any hostname to see more info about the system (e.g. compilers) (*) as reported by 'uname -p', except on Windows and Mac OS X | ||||
| Package 460/2266 | Hostname | OS / Arch | INSTALL | BUILD | CHECK | BUILD BIN | ||||||||
| CrispRVariants 1.30.0 (landing page) Helen Lindsay
| nebbiolo2 | Linux (Ubuntu 22.04.3 LTS) / x86_64 | OK | OK | WARNINGS | |||||||||
| palomino4 | Windows Server 2022 Datacenter / x64 | OK | OK | WARNINGS | OK | |||||||||
| merida1 | macOS 12.7.1 Monterey / x86_64 | OK | OK | WARNINGS | OK | |||||||||
| kjohnson1 | macOS 13.6.1 Ventura / arm64 | see weekly results here | ||||||||||||
|
To the developers/maintainers of the CrispRVariants package: - Allow up to 24 hours (and sometimes 48 hours) for your latest push to git@git.bioconductor.org:packages/CrispRVariants.git to reflect on this report. See Troubleshooting Build Report for more information. - Use the following Renviron settings to reproduce errors and warnings. - If 'R CMD check' started to fail recently on the Linux builder(s) over a missing dependency, add the missing dependency to 'Suggests:' in your DESCRIPTION file. See Renviron.bioc for more information. |
| Package: CrispRVariants |
| Version: 1.30.0 |
| Command: /home/biocbuild/bbs-3.18-bioc/R/bin/R CMD check --install=check:CrispRVariants.install-out.txt --library=/home/biocbuild/bbs-3.18-bioc/R/site-library --timings CrispRVariants_1.30.0.tar.gz |
| StartedAt: 2024-04-15 21:40:22 -0400 (Mon, 15 Apr 2024) |
| EndedAt: 2024-04-15 21:47:31 -0400 (Mon, 15 Apr 2024) |
| EllapsedTime: 428.9 seconds |
| RetCode: 0 |
| Status: WARNINGS |
| CheckDir: CrispRVariants.Rcheck |
| Warnings: 2 |
##############################################################################
##############################################################################
###
### Running command:
###
### /home/biocbuild/bbs-3.18-bioc/R/bin/R CMD check --install=check:CrispRVariants.install-out.txt --library=/home/biocbuild/bbs-3.18-bioc/R/site-library --timings CrispRVariants_1.30.0.tar.gz
###
##############################################################################
##############################################################################
* using log directory ‘/home/biocbuild/bbs-3.18-bioc/meat/CrispRVariants.Rcheck’
* using R version 4.3.3 (2024-02-29)
* using platform: x86_64-pc-linux-gnu (64-bit)
* R was compiled by
gcc (Ubuntu 11.4.0-1ubuntu1~22.04) 11.4.0
GNU Fortran (Ubuntu 11.4.0-1ubuntu1~22.04) 11.4.0
* running under: Ubuntu 22.04.4 LTS
* using session charset: UTF-8
* checking for file ‘CrispRVariants/DESCRIPTION’ ... OK
* checking extension type ... Package
* this is package ‘CrispRVariants’ version ‘1.30.0’
* package encoding: UTF-8
* checking package namespace information ... OK
* checking package dependencies ... OK
* checking if this is a source package ... OK
* checking if there is a namespace ... OK
* checking for hidden files and directories ... OK
* checking for portable file names ... OK
* checking for sufficient/correct file permissions ... OK
* checking whether package ‘CrispRVariants’ can be installed ... OK
* checking installed package size ... OK
* checking package directory ... OK
* checking ‘build’ directory ... OK
* checking DESCRIPTION meta-information ... OK
* checking top-level files ... OK
* checking for left-over files ... OK
* checking index information ... OK
* checking package subdirectories ... OK
* checking R files for non-ASCII characters ... OK
* checking R files for syntax errors ... OK
* checking whether the package can be loaded ... OK
* checking whether the package can be loaded with stated dependencies ... OK
* checking whether the package can be unloaded cleanly ... OK
* checking whether the namespace can be loaded with stated dependencies ... OK
* checking whether the namespace can be unloaded cleanly ... OK
* checking loading without being on the library search path ... OK
* checking dependencies in R code ... WARNING
'::' or ':::' import not declared from: ‘SummarizedExperiment’
There are ::: calls to the package's namespace in its code. A package
almost never needs to use ::: for its own objects:
‘indelLabels’
* checking S3 generic/method consistency ... OK
* checking replacement functions ... OK
* checking foreign function calls ... OK
* checking R code for possible problems ... OK
* checking Rd files ... OK
* checking Rd metadata ... OK
* checking Rd cross-references ... OK
* checking for missing documentation entries ... OK
* checking for code/documentation mismatches ... OK
* checking Rd \usage sections ... OK
* checking Rd contents ... OK
* checking for unstated dependencies in examples ... OK
* checking contents of ‘data’ directory ... OK
* checking data for non-ASCII characters ... OK
* checking data for ASCII and uncompressed saves ... OK
* checking installed files from ‘inst/doc’ ... OK
* checking files in ‘vignettes’ ... OK
* checking examples ... OK
Examples with CPU (user + system) or elapsed time > 5s
user system elapsed
plotVariants 6.348 0.228 6.577
* checking for unstated dependencies in ‘tests’ ... OK
* checking tests ...
Running ‘testthat.R’
OK
* checking for unstated dependencies in vignettes ... NOTE
'::' or ':::' import not declared from: ‘gdata’
'library' or 'require' call not declared from: ‘gdata’
* checking package vignettes in ‘inst/doc’ ... WARNING
Located more than one ‘weave’ output file (by engine ‘knitr::rmarkdown’) for vignette with name ‘user_guide’: ‘user_guide.html’ (3.014e+06 bytes), ‘user_guide.pdf’ (496045 bytes)
Package vignette without corresponding single PDF/HTML:
‘user_guide.Rmd’
* checking running R code from vignettes ...
‘user_guide.Rmd’ using ‘UTF-8’... OK
OK
* checking re-building of vignette outputs ... OK
* checking PDF version of manual ... OK
* DONE
Status: 2 WARNINGs, 1 NOTE
See
‘/home/biocbuild/bbs-3.18-bioc/meat/CrispRVariants.Rcheck/00check.log’
for details.
CrispRVariants.Rcheck/00install.out
############################################################################## ############################################################################## ### ### Running command: ### ### /home/biocbuild/bbs-3.18-bioc/R/bin/R CMD INSTALL CrispRVariants ### ############################################################################## ############################################################################## * installing to library ‘/home/biocbuild/bbs-3.18-bioc/R/site-library’ * installing *source* package ‘CrispRVariants’ ... ** using staged installation ** R ** data ** inst ** byte-compile and prepare package for lazy loading ** help *** installing help indices ** building package indices ** installing vignettes ** testing if installed package can be loaded from temporary location ** testing if installed package can be loaded from final location ** testing if installed package keeps a record of temporary installation path * DONE (CrispRVariants)
CrispRVariants.Rcheck/tests/testthat.Rout
R version 4.3.3 (2024-02-29) -- "Angel Food Cake"
Copyright (C) 2024 The R Foundation for Statistical Computing
Platform: x86_64-pc-linux-gnu (64-bit)
R is free software and comes with ABSOLUTELY NO WARRANTY.
You are welcome to redistribute it under certain conditions.
Type 'license()' or 'licence()' for distribution details.
R is a collaborative project with many contributors.
Type 'contributors()' for more information and
'citation()' on how to cite R or R packages in publications.
Type 'demo()' for some demos, 'help()' for on-line help, or
'help.start()' for an HTML browser interface to help.
Type 'q()' to quit R.
> library(testthat)
> test_check("CrispRVariants")
Loading required package: CrispRVariants
Loading required package: ggplot2
[ FAIL 0 | WARN 2 | SKIP 1 | PASS 75 ]
══ Skipped tests (1) ═══════════════════════════════════════════════════════════
• empty test (1): 'test-seqsToAln.R:98:1'
[ FAIL 0 | WARN 2 | SKIP 1 | PASS 75 ]
>
> proc.time()
user system elapsed
23.529 0.942 24.460
CrispRVariants.Rcheck/CrispRVariants-Ex.timings
| name | user | system | elapsed | |
| CrisprRun-class | 1.211 | 0.011 | 1.223 | |
| CrisprSet-class | 3.623 | 0.100 | 3.724 | |
| abifToFastq | 0 | 0 | 0 | |
| alleles | 0.120 | 0.008 | 0.129 | |
| alns | 0.120 | 0.004 | 0.125 | |
| barplotAlleleFreqs | 0.904 | 0.016 | 0.920 | |
| consensusSeqs | 0.351 | 0.008 | 0.359 | |
| dispatchDots | 0.002 | 0.000 | 0.002 | |
| findChimeras | 0.026 | 0.000 | 0.026 | |
| getChimeras | 0.045 | 0.004 | 0.048 | |
| indelCounts | 0.083 | 0.000 | 0.083 | |
| intersperse | 0.000 | 0.000 | 0.001 | |
| mergeCrisprSets | 3.587 | 0.060 | 3.647 | |
| mutationEfficiency | 0.052 | 0.000 | 0.052 | |
| narrowAlignments | 0.226 | 0.000 | 0.225 | |
| plotAlignments | 0.684 | 0.008 | 0.691 | |
| plotChimeras | 1.003 | 0.012 | 1.015 | |
| plotFreqHeatmap | 0.288 | 0.000 | 0.287 | |
| plotVariants | 6.348 | 0.228 | 6.577 | |
| readsToTarget | 3.315 | 0.080 | 3.395 | |
| refFromAlns | 0.260 | 0.028 | 0.288 | |
| selectAlnRegionsHelpers | 0 | 0 | 0 | |
| variantCounts | 0.05 | 0.00 | 0.05 | |