| Back to Multiple platform build/check report for BioC 3.18: simplified long |
|
This page was generated on 2024-04-17 11:35:50 -0400 (Wed, 17 Apr 2024).
| Hostname | OS | Arch (*) | R version | Installed pkgs |
|---|---|---|---|---|
| nebbiolo2 | Linux (Ubuntu 22.04.3 LTS) | x86_64 | 4.3.3 (2024-02-29) -- "Angel Food Cake" | 4676 |
| palomino4 | Windows Server 2022 Datacenter | x64 | 4.3.3 (2024-02-29 ucrt) -- "Angel Food Cake" | 4414 |
| merida1 | macOS 12.7.1 Monterey | x86_64 | 4.3.3 (2024-02-29) -- "Angel Food Cake" | 4437 |
| Click on any hostname to see more info about the system (e.g. compilers) (*) as reported by 'uname -p', except on Windows and Mac OS X | ||||
| Package 298/2266 | Hostname | OS / Arch | INSTALL | BUILD | CHECK | BUILD BIN | ||||||||
| CellMapper 1.28.0 (landing page) Brad Nelms
| nebbiolo2 | Linux (Ubuntu 22.04.3 LTS) / x86_64 | OK | OK | WARNINGS | |||||||||
| palomino4 | Windows Server 2022 Datacenter / x64 | OK | OK | WARNINGS | OK | |||||||||
| merida1 | macOS 12.7.1 Monterey / x86_64 | OK | OK | WARNINGS | OK | |||||||||
| kjohnson1 | macOS 13.6.1 Ventura / arm64 | see weekly results here | ||||||||||||
|
To the developers/maintainers of the CellMapper package: - Allow up to 24 hours (and sometimes 48 hours) for your latest push to git@git.bioconductor.org:packages/CellMapper.git to reflect on this report. See Troubleshooting Build Report for more information. - Use the following Renviron settings to reproduce errors and warnings. - If 'R CMD check' started to fail recently on the Linux builder(s) over a missing dependency, add the missing dependency to 'Suggests:' in your DESCRIPTION file. See Renviron.bioc for more information. |
| Package: CellMapper |
| Version: 1.28.0 |
| Command: /home/biocbuild/bbs-3.18-bioc/R/bin/R CMD check --install=check:CellMapper.install-out.txt --library=/home/biocbuild/bbs-3.18-bioc/R/site-library --timings CellMapper_1.28.0.tar.gz |
| StartedAt: 2024-04-15 21:00:22 -0400 (Mon, 15 Apr 2024) |
| EndedAt: 2024-04-15 21:06:11 -0400 (Mon, 15 Apr 2024) |
| EllapsedTime: 348.8 seconds |
| RetCode: 0 |
| Status: WARNINGS |
| CheckDir: CellMapper.Rcheck |
| Warnings: 1 |
##############################################################################
##############################################################################
###
### Running command:
###
### /home/biocbuild/bbs-3.18-bioc/R/bin/R CMD check --install=check:CellMapper.install-out.txt --library=/home/biocbuild/bbs-3.18-bioc/R/site-library --timings CellMapper_1.28.0.tar.gz
###
##############################################################################
##############################################################################
* using log directory ‘/home/biocbuild/bbs-3.18-bioc/meat/CellMapper.Rcheck’
* using R version 4.3.3 (2024-02-29)
* using platform: x86_64-pc-linux-gnu (64-bit)
* R was compiled by
gcc (Ubuntu 11.4.0-1ubuntu1~22.04) 11.4.0
GNU Fortran (Ubuntu 11.4.0-1ubuntu1~22.04) 11.4.0
* running under: Ubuntu 22.04.4 LTS
* using session charset: UTF-8
* checking for file ‘CellMapper/DESCRIPTION’ ... OK
* checking extension type ... Package
* this is package ‘CellMapper’ version ‘1.28.0’
* checking package namespace information ... OK
* checking package dependencies ... OK
* checking if this is a source package ... OK
* checking if there is a namespace ... OK
* checking for hidden files and directories ... OK
* checking for portable file names ... OK
* checking for sufficient/correct file permissions ... OK
* checking whether package ‘CellMapper’ can be installed ... WARNING
Found the following significant warnings:
Warning: replacing previous import ‘stats::var’ by ‘S4Vectors::var’ when loading ‘CellMapper’
Warning: replacing previous import ‘stats::sd’ by ‘S4Vectors::sd’ when loading ‘CellMapper’
See ‘/home/biocbuild/bbs-3.18-bioc/meat/CellMapper.Rcheck/00install.out’ for details.
* checking installed package size ... OK
* checking package directory ... OK
* checking ‘build’ directory ... OK
* checking DESCRIPTION meta-information ... OK
* checking top-level files ... OK
* checking for left-over files ... OK
* checking index information ... OK
* checking package subdirectories ... OK
* checking R files for non-ASCII characters ... OK
* checking R files for syntax errors ... OK
* checking whether the package can be loaded ... OK
* checking whether the package can be loaded with stated dependencies ... OK
* checking whether the package can be unloaded cleanly ... OK
* checking whether the namespace can be loaded with stated dependencies ... OK
* checking whether the namespace can be unloaded cleanly ... OK
* checking loading without being on the library search path ... OK
* checking dependencies in R code ... OK
* checking S3 generic/method consistency ... OK
* checking replacement functions ... OK
* checking foreign function calls ... OK
* checking R code for possible problems ... OK
* checking Rd files ... OK
* checking Rd metadata ... OK
* checking Rd cross-references ... OK
* checking for missing documentation entries ... OK
* checking for code/documentation mismatches ... OK
* checking Rd \usage sections ... OK
* checking Rd contents ... OK
* checking for unstated dependencies in examples ... OK
* checking contents of ‘data’ directory ... OK
* checking data for non-ASCII characters ... OK
* checking data for ASCII and uncompressed saves ... OK
* checking files in ‘vignettes’ ... OK
* checking examples ... OK
Examples with CPU (user + system) or elapsed time > 5s
user system elapsed
ReplicateManuscript 96.408 18.083 118.423
* checking for unstated dependencies in vignettes ... OK
* checking package vignettes in ‘inst/doc’ ... OK
* checking running R code from vignettes ...
‘CellMapper.Rnw’... OK
OK
* checking re-building of vignette outputs ... OK
* checking PDF version of manual ... OK
* DONE
Status: 1 WARNING
See
‘/home/biocbuild/bbs-3.18-bioc/meat/CellMapper.Rcheck/00check.log’
for details.
CellMapper.Rcheck/00install.out
############################################################################## ############################################################################## ### ### Running command: ### ### /home/biocbuild/bbs-3.18-bioc/R/bin/R CMD INSTALL CellMapper ### ############################################################################## ############################################################################## * installing to library ‘/home/biocbuild/bbs-3.18-bioc/R/site-library’ * installing *source* package ‘CellMapper’ ... ** using staged installation ** R ** data ** inst ** byte-compile and prepare package for lazy loading Warning: replacing previous import ‘stats::var’ by ‘S4Vectors::var’ when loading ‘CellMapper’ Warning: replacing previous import ‘stats::sd’ by ‘S4Vectors::sd’ when loading ‘CellMapper’ ** help *** installing help indices ** building package indices ** installing vignettes ** testing if installed package can be loaded from temporary location Warning: replacing previous import ‘stats::var’ by ‘S4Vectors::var’ when loading ‘CellMapper’ Warning: replacing previous import ‘stats::sd’ by ‘S4Vectors::sd’ when loading ‘CellMapper’ ** testing if installed package can be loaded from final location Warning: replacing previous import ‘stats::var’ by ‘S4Vectors::var’ when loading ‘CellMapper’ Warning: replacing previous import ‘stats::sd’ by ‘S4Vectors::sd’ when loading ‘CellMapper’ ** testing if installed package keeps a record of temporary installation path * DONE (CellMapper)
CellMapper.Rcheck/CellMapper-Ex.timings
| name | user | system | elapsed | |
| CMprep | 0.100 | 0.004 | 0.104 | |
| CMsearch | 0.096 | 0.000 | 0.096 | |
| CellMapperList-class | 0.081 | 0.000 | 0.082 | |
| ExampleGeneLists | 0.004 | 0.009 | 0.013 | |
| ReplicateManuscript | 96.408 | 18.083 | 118.423 | |