Back to Multiple platform build/check report for BioC 3.18: simplified long |
|
This page was generated on 2023-11-02 11:40:29 -0400 (Thu, 02 Nov 2023).
Hostname | OS | Arch (*) | R version | Installed pkgs |
---|---|---|---|---|
nebbiolo2 | Linux (Ubuntu 22.04.2 LTS) | x86_64 | 4.3.1 (2023-06-16) -- "Beagle Scouts" | 4729 |
palomino4 | Windows Server 2022 Datacenter | x64 | 4.3.1 (2023-06-16 ucrt) -- "Beagle Scouts" | 4463 |
lconway | macOS 12.6.5 Monterey | x86_64 | 4.3.1 Patched (2023-06-17 r84564) -- "Beagle Scouts" | 4478 |
kunpeng2 | Linux (openEuler 22.03 LTS-SP1) | aarch64 | 4.3.1 (2023-06-16) -- "Beagle Scouts" | 4464 |
Click on any hostname to see more info about the system (e.g. compilers) (*) as reported by 'uname -p', except on Windows and Mac OS X |
Package 263/2266 | Hostname | OS / Arch | INSTALL | BUILD | CHECK | BUILD BIN | ||||||||
CAMERA 1.58.0 (landing page) Steffen Neumann
| nebbiolo2 | Linux (Ubuntu 22.04.2 LTS) / x86_64 | OK | OK | OK | |||||||||
palomino4 | Windows Server 2022 Datacenter / x64 | OK | OK | OK | OK | |||||||||
lconway | macOS 12.6.5 Monterey / x86_64 | OK | OK | OK | OK | |||||||||
kjohnson1 | macOS 13.6.1 Ventura / arm64 | see weekly results here | ||||||||||||
kunpeng2 | Linux (openEuler 22.03 LTS-SP1) / aarch64 | OK | OK | ERROR | ||||||||||
To the developers/maintainers of the CAMERA package: - Allow up to 24 hours (and sometimes 48 hours) for your latest push to git@git.bioconductor.org:packages/CAMERA.git to reflect on this report. See Troubleshooting Build Report for more information. - Use the following Renviron settings to reproduce errors and warnings. - If 'R CMD check' started to fail recently on the Linux builder(s) over a missing dependency, add the missing dependency to 'Suggests:' in your DESCRIPTION file. See Renviron.bioc for more information. - See Martin Grigorov's blog post for how to debug Linux ARM64 related issues on a x86_64 host. |
Package: CAMERA |
Version: 1.58.0 |
Command: /home/biocbuild/R/R-4.3.1/bin/R CMD check --install=check:CAMERA.install-out.txt --library=/home/biocbuild/R/R-4.3.1/site-library --no-vignettes --timings CAMERA_1.58.0.tar.gz |
StartedAt: 2023-11-02 08:59:01 -0000 (Thu, 02 Nov 2023) |
EndedAt: 2023-11-02 09:11:32 -0000 (Thu, 02 Nov 2023) |
EllapsedTime: 750.7 seconds |
RetCode: 1 |
Status: ERROR |
CheckDir: CAMERA.Rcheck |
Warnings: NA |
############################################################################## ############################################################################## ### ### Running command: ### ### /home/biocbuild/R/R-4.3.1/bin/R CMD check --install=check:CAMERA.install-out.txt --library=/home/biocbuild/R/R-4.3.1/site-library --no-vignettes --timings CAMERA_1.58.0.tar.gz ### ############################################################################## ############################################################################## * using log directory ‘/home/biocbuild/bbs-3.18-bioc/meat/CAMERA.Rcheck’ * using R version 4.3.1 (2023-06-16) * using platform: aarch64-unknown-linux-gnu (64-bit) * R was compiled by gcc (GCC) 10.3.1 GNU Fortran (GCC) 10.3.1 * running under: openEuler 22.03 (LTS-SP1) * using session charset: UTF-8 * using option ‘--no-vignettes’ * checking for file ‘CAMERA/DESCRIPTION’ ... OK * this is package ‘CAMERA’ version ‘1.58.0’ * checking package namespace information ... OK * checking package dependencies ... OK * checking if this is a source package ... OK * checking if there is a namespace ... OK * checking for hidden files and directories ... NOTE Found the following hidden files and directories: .travis.yml These were most likely included in error. See section ‘Package structure’ in the ‘Writing R Extensions’ manual. * checking for portable file names ... OK * checking for sufficient/correct file permissions ... OK * checking whether package ‘CAMERA’ can be installed ... OK * used C compiler: ‘gcc (GCC) 10.3.1’ * checking installed package size ... NOTE installed size is 8.9Mb sub-directories of 1Mb or more: mzML 2.7Mb quantiles 5.0Mb * checking package directory ... OK * checking ‘build’ directory ... OK * checking DESCRIPTION meta-information ... NOTE Malformed Description field: should contain one or more complete sentences. Packages listed in more than one of Depends, Imports, Suggests, Enhances: ‘methods’ ‘xcms’ A package should be listed in only one of these fields. * checking top-level files ... OK * checking for left-over files ... OK * checking index information ... OK * checking package subdirectories ... OK * checking R files for non-ASCII characters ... OK * checking R files for syntax errors ... OK * checking whether the package can be loaded ... OK * checking whether the package can be loaded with stated dependencies ... OK * checking whether the package can be unloaded cleanly ... OK * checking whether the namespace can be loaded with stated dependencies ... OK * checking whether the namespace can be unloaded cleanly ... OK * checking loading without being on the library search path ... OK * checking startup messages can be suppressed ... OK * checking dependencies in R code ... NOTE 'library' or 'require' call to ‘methods’ which was already attached by Depends. Please remove these calls from your code. There are ::: calls to the package's namespace in its code. A package almost never needs to use ::: for its own objects: ‘annotateGrp’ ‘combineHypothese’ ‘fastMatch’ ‘naOmit’ * checking S3 generic/method consistency ... OK * checking replacement functions ... OK * checking foreign function calls ... NOTE Foreign function call to a different package: .Call("getEIC", ..., PACKAGE = "xcms") See chapter ‘System and foreign language interfaces’ in the ‘Writing R Extensions’ manual. * checking R code for possible problems ... NOTE File ‘CAMERA/R/zzz.R’: .onLoad calls: require(methods) Package startup functions should not change the search path. See section ‘Good practice’ in '?.onAttach'. annotateGrp: no visible global function definition for ‘na.omit’ annotateGrpMPI2: no visible binding for global variable ‘papply_commondata’ cleanParallel: no visible global function definition for ‘mpi.close.Rslaves’ cleanParallel: no visible global function definition for ‘stopCluster’ compoundQuantiles: no visible global function definition for ‘tail’ createHypothese: no visible global function definition for ‘cutree’ createHypothese: no visible global function definition for ‘hclust’ createHypothese: no visible global function definition for ‘dist’ extractfragments: no visible global function definition for ‘median’ fast_corr: no visible global function definition for ‘pt’ findIsotopesForPS: no visible binding for global variable ‘tableMM48’ findKendrickMasses: no visible global function definition for ‘rainbow’ findKendrickMasses : <anonymous>: no visible global function definition for ‘lines’ findNeutralLoss: no visible global function definition for ‘dist’ findNeutralLossSpecs : <anonymous>: no visible global function definition for ‘dist’ fragments2metfrag : <anonymous>: no visible global function definition for ‘write.table’ fragments2metfusion : <anonymous>: no visible binding for global variable ‘object’ fragments2metfusion : <anonymous>: no visible global function definition for ‘write.table’ getIsotopeCluster : <anonymous>: no visible global function definition for ‘na.omit’ xsAnnotate: no visible global function definition for ‘mpi.comm.size’ xsAnnotate: no visible global function definition for ‘mpi.spawn.Rslaves’ xsAnnotate: no visible global function definition for ‘makeCluster’ xsAnnotate: no visible binding for global variable ‘graphMethod’ findAdducts,xsAnnotate: no visible global function definition for ‘mpi.comm.size’ findAdducts,xsAnnotate: no visible global function definition for ‘xcmsPapply’ findIsotopesWithValidation,xsAnnotate : <anonymous>: no visible global function definition for ‘median’ getReducedPeaklist,xsAnnotate : <anonymous> : <anonymous>: no visible global function definition for ‘median’ getReducedPeaklist,xsAnnotate : <anonymous>: no visible global function definition for ‘prcomp’ getReducedPeaklist,xsAnnotate : <anonymous>: no visible global function definition for ‘na.omit’ groupComplete,xsAnnotate: no visible global function definition for ‘dist’ groupComplete,xsAnnotate: no visible global function definition for ‘cutree’ groupComplete,xsAnnotate: no visible global function definition for ‘hclust’ groupDen,xsAnnotate: no visible global function definition for ‘density’ groupFWHM,xsAnnotate : <anonymous>: no visible global function definition for ‘na.omit’ plotEICs,xsAnnotate: no visible global function definition for ‘rainbow’ plotEICs,xsAnnotate: no visible global function definition for ‘na.omit’ plotPeakEICs,xsAnnotate : <anonymous>: no visible binding for global variable ‘pc’ plotPeakEICs,xsAnnotate: no visible binding for global variable ‘pspec’ plotPeakEICs,xsAnnotate: no visible global function definition for ‘rainbow’ plotPeakEICs,xsAnnotate: no visible global function definition for ‘na.omit’ plotPsSpectrum,xsAnnotate: no visible global function definition for ‘median’ plotPsSpectrum,xsAnnotate: no visible global function definition for ‘na.omit’ Undefined global functions or variables: cutree density dist graphMethod hclust lines makeCluster median mpi.close.Rslaves mpi.comm.size mpi.spawn.Rslaves na.omit object papply_commondata pc prcomp pspec pt rainbow stopCluster tableMM48 tail write.table xcmsPapply Consider adding importFrom("grDevices", "rainbow") importFrom("graphics", "lines") importFrom("stats", "cutree", "density", "dist", "hclust", "median", "na.omit", "prcomp", "pt") importFrom("utils", "tail", "write.table") to your NAMESPACE file. * checking Rd files ... NOTE prepare_Rd: findKendrickMasses.Rd:21-22: Dropping empty section \details * checking Rd metadata ... OK * checking Rd cross-references ... OK * checking for missing documentation entries ... OK * checking for code/documentation mismatches ... OK * checking Rd \usage sections ... OK * checking Rd contents ... OK * checking for unstated dependencies in examples ... OK * checking contents of ‘data’ directory ... OK * checking data for non-ASCII characters ... OK * checking data for ASCII and uncompressed saves ... OK * checking line endings in C/C++/Fortran sources/headers ... OK * checking line endings in Makefiles ... OK * checking for GNU extensions in Makefiles ... OK * checking include directives in Makefiles ... OK * checking compiled code ... NOTE Note: information on .o files is not available * checking files in ‘vignettes’ ... OK * checking examples ... ERROR Running examples in ‘CAMERA-Ex.R’ failed The error most likely occurred in: > base::assign(".ptime", proc.time(), pos = "CheckExEnv") > ### Name: annotateDiffreport > ### Title: Automatic deconvolution/annotation of LC/ESI-MS data > ### Aliases: annotateDiffreport annotateDiffreport,xsAnnotate-methods > ### Keywords: methods > > ### ** Examples > > #Multiple sample > library(CAMERA) > library(faahKO) > xs.grp <- group(faahko) * checking for unstated dependencies in ‘tests’ ... OK * checking tests ... Running ‘runTests.R’/home/biocbuild/R/R-4.3.1/bin/BATCH: line 60: 477437 Killed ${R_HOME}/bin/R -f ${in} ${opts} ${R_BATCH_OPTIONS} > ${out} 2>&1 ERROR Running the tests in ‘tests/runTests.R’ failed. Last 13 lines of output: % finished: 10 20 30 40 50 60 70 80 90 100 New number of ps-groups: 314 xsAnnotate has now 314 groups, instead of 133 Generating peak matrix for peak annotation! Calculating possible adducts in 314 Groups... % finished: 10 20 30 40 50 60 70 80 90 100 Start grouping after retention time. Created 133 pseudospectra. Generating peak matrix! Run isotope peak annotation % finished: 10 20 30 40 50 60 70 80 90 100 Found isotopes: 61 Start grouping after correlation. Generating EIC's .. * checking for unstated dependencies in vignettes ... OK * checking package vignettes in ‘inst/doc’ ... OK * checking running R code from vignettes ... SKIPPED * checking re-building of vignette outputs ... SKIPPED * checking PDF version of manual ... OK * DONE Status: 2 ERRORs, 8 NOTEs See ‘/home/biocbuild/bbs-3.18-bioc/meat/CAMERA.Rcheck/00check.log’ for details.
CAMERA.Rcheck/00install.out
############################################################################## ############################################################################## ### ### Running command: ### ### /home/biocbuild/R/R-4.3.1/bin/R CMD INSTALL CAMERA ### ############################################################################## ############################################################################## * installing to library ‘/home/biocbuild/R/R-4.3.1/site-library’ * installing *source* package ‘CAMERA’ ... ** using staged installation ** libs using C compiler: ‘gcc (GCC) 10.3.1’ gcc -I"/home/biocbuild/R/R-4.3.1/include" -DNDEBUG -I/usr/local/include -fPIC -g -O2 -Wall -c fastMatch.c -o fastMatch.o gcc -shared -L/home/biocbuild/R/R-4.3.1/lib -L/usr/local/lib -o CAMERA.so fastMatch.o -L/home/biocbuild/R/R-4.3.1/lib -lR installing to /home/biocbuild/R/R-4.3.1/site-library/00LOCK-CAMERA/00new/CAMERA/libs ** R ** data ** inst ** byte-compile and prepare package for lazy loading ** help *** installing help indices ** building package indices ** installing vignettes ** testing if installed package can be loaded from temporary location ** checking absolute paths in shared objects and dynamic libraries ** testing if installed package can be loaded from final location ** testing if installed package keeps a record of temporary installation path * DONE (CAMERA)
CAMERA.Rcheck/tests/runTests.Rout.fail
R version 4.3.1 (2023-06-16) -- "Beagle Scouts" Copyright (C) 2023 The R Foundation for Statistical Computing Platform: aarch64-unknown-linux-gnu (64-bit) R is free software and comes with ABSOLUTELY NO WARRANTY. You are welcome to redistribute it under certain conditions. Type 'license()' or 'licence()' for distribution details. R is a collaborative project with many contributors. Type 'contributors()' for more information and 'citation()' on how to cite R or R packages in publications. Type 'demo()' for some demos, 'help()' for on-line help, or 'help.start()' for an HTML browser interface to help. Type 'q()' to quit R. > require("CAMERA") || stop("unable to load CAMERA") Loading required package: CAMERA Loading required package: Biobase Loading required package: BiocGenerics Attaching package: 'BiocGenerics' The following objects are masked from 'package:stats': IQR, mad, sd, var, xtabs The following objects are masked from 'package:base': Filter, Find, Map, Position, Reduce, anyDuplicated, aperm, append, as.data.frame, basename, cbind, colnames, dirname, do.call, duplicated, eval, evalq, get, grep, grepl, intersect, is.unsorted, lapply, mapply, match, mget, order, paste, pmax, pmax.int, pmin, pmin.int, rank, rbind, rownames, sapply, setdiff, sort, table, tapply, union, unique, unsplit, which.max, which.min Welcome to Bioconductor Vignettes contain introductory material; view with 'browseVignettes()'. To cite Bioconductor, see 'citation("Biobase")', and for packages 'citation("pkgname")'. Loading required package: xcms Loading required package: BiocParallel Loading required package: MSnbase Loading required package: mzR Loading required package: Rcpp Loading required package: S4Vectors Loading required package: stats4 Attaching package: 'S4Vectors' The following object is masked from 'package:utils': findMatches The following objects are masked from 'package:base': I, expand.grid, unname Loading required package: ProtGenerics Attaching package: 'ProtGenerics' The following object is masked from 'package:stats': smooth This is MSnbase version 2.28.0 Visit https://lgatto.github.io/MSnbase/ to get started. Attaching package: 'MSnbase' The following object is masked from 'package:base': trimws This is xcms version 4.0.0 Attaching package: 'xcms' The following object is masked from 'package:stats': sigma [1] TRUE > BiocGenerics:::testPackage("CAMERA") /home/biocbuild/R/R-4.3.1/site-library/faahKO/cdf/WT/wt19.CDF method: bin step: 0.1 /home/biocbuild/R/R-4.3.1/site-library/faahKO/cdf/WT/wt21.CDF method: bin step: 0.1 /home/biocbuild/R/R-4.3.1/site-library/faahKO/cdf/WT/wt22.CDF method: bin step: 0.1 /home/biocbuild/R/R-4.3.1/site-library/faahKO/cdf/KO/ko19.CDF method: bin step: 0.1 /home/biocbuild/R/R-4.3.1/site-library/faahKO/cdf/KO/ko21.CDF method: bin step: 0.1 /home/biocbuild/R/R-4.3.1/site-library/faahKO/cdf/KO/ko22.CDF method: bin step: 0.1 /home/biocbuild/R/R-4.3.1/site-library/faahKO/cdf/WT/wt15.CDF method: bin step: 0.1 /home/biocbuild/R/R-4.3.1/site-library/faahKO/cdf/WT/wt16.CDF method: bin step: 0.1 /home/biocbuild/R/R-4.3.1/site-library/faahKO/cdf/WT/wt18.CDF method: bin step: 0.1 /home/biocbuild/R/R-4.3.1/site-library/faahKO/cdf/KO/ko15.CDF method: bin step: 0.1 /home/biocbuild/R/R-4.3.1/site-library/faahKO/cdf/KO/ko16.CDF method: bin step: 0.1 /home/biocbuild/R/R-4.3.1/site-library/faahKO/cdf/KO/ko18.CDF method: bin step: 0.1 Start grouping after retention time. Created 133 pseudospectra. Generating peak matrix! Run isotope peak annotation % finished: 10 20 30 40 50 60 70 80 90 100 Found isotopes: 61 Start grouping after correlation. Generating EIC's .. Calculating peak correlations in 133 Groups... % finished: 10 20 30 40 50 60 70 80 90 100 Calculating graph cross linking in 133 Groups... % finished: 10 20 30 40 50 60 70 80 90 100 New number of ps-groups: 321 xsAnnotate has now 321 groups, instead of 133 Generating peak matrix for peak annotation! Calculating possible adducts in 321 Groups... % finished: 10 20 30 40 50 60 70 80 90 100 Start grouping after retention time. Created 133 pseudospectra. Generating peak matrix! Run isotope peak annotation % finished: 10 20 30 40 50 60 70 80 90 100 Found isotopes: 61 Start grouping after correlation. Generating EIC's .. Calculating peak correlations in 133 Groups... % finished: 10 20 30 40 50 60 70 80 90 100 Calculating peak correlations across samples. % finished: 10 20 30 40 50 60 70 80 90 100 Calculating graph cross linking in 133 Groups... % finished: 10 20 30 40 50 60 70 80 90 100 New number of ps-groups: 229 xsAnnotate has now 229 groups, instead of 133 Generating peak matrix for peak annotation! Calculating possible adducts in 229 Groups... % finished: 10 20 30 40 50 60 70 80 90 100 Start grouping after retention time. Created 133 pseudospectra. Generating peak matrix! Run isotope peak annotation % finished: 10 20 30 40 50 60 70 80 90 100 Found isotopes: 61 Start grouping after retention time. Created 133 pseudospectra. Generating peak matrix! Run isotope peak annotation % finished: 10 20 30 40 50 60 70 80 90 100 Found isotopes: 61 Start grouping after correlation. Calculating peak correlations across samples. % finished: 10 20 30 40 50 60 70 80 90 100 Calculating graph cross linking in 133 Groups... % finished: 10 20 30 40 50 60 70 80 90 100 New number of ps-groups: 244 xsAnnotate has now 244 groups, instead of 133 Generating peak matrix for peak annotation! Calculating possible adducts in 244 Groups... % finished: 10 20 30 40 50 60 70 80 90 100 Start grouping after retention time. Created 133 pseudospectra. Generating peak matrix! Run isotope peak annotation % finished: 10 20 30 40 50 60 70 80 90 100 Found isotopes: 61 Start grouping after correlation. Generating EIC's .. Calculating peak correlations in 133 Groups... % finished: 10 20 30 40 50 60 70 80 90 100 Calculating graph cross linking in 133 Groups... % finished: 10 20 30 40 50 60 70 80 90 100 New number of ps-groups: 321 xsAnnotate has now 321 groups, instead of 133 Generating peak matrix for peak annotation! Calculating possible adducts in 321 Groups... % finished: 10 20 30 40 50 60 70 80 90 100 Start grouping after retention time. Created 133 pseudospectra. Generating peak matrix! Run isotope peak annotation % finished: 10 20 30 40 50 60 70 80 90 100 Found isotopes: 61 Start grouping after correlation. Generating EIC's .. Calculating peak correlations in 133 Groups... % finished: 10 20 30 40 50 60 70 80 90 100 Calculating graph cross linking in 133 Groups... % finished: 10 20 30 40 50 60 70 80 90 100 New number of ps-groups: 321 xsAnnotate has now 321 groups, instead of 133 Generating peak matrix for peak annotation! Calculating possible adducts in 321 Groups... % finished: 10 20 30 40 50 60 70 80 90 100 Start grouping after retention time. Created 133 pseudospectra. Generating peak matrix! Run isotope peak annotation % finished: 10 20 30 40 50 60 70 80 90 100 Found isotopes: 61 Start grouping after correlation. Generating EIC's .. Calculating peak correlations in 133 Groups... % finished: 10 20 30 40 50 60 70 80 90 100 Calculating isotope assignments in 133 Groups... % finished: 10 20 30 40 50 60 70 80 90 100 Calculating graph cross linking in 133 Groups... % finished: 10 20 30 40 50 60 70 80 90 100 New number of ps-groups: 289 xsAnnotate has now 289 groups, instead of 133 Generating peak matrix for peak annotation! Calculating possible adducts in 289 Groups... % finished: 10 20 30 40 50 60 70 80 90 100 Start grouping after retention time. Created 133 pseudospectra. Generating peak matrix! Run isotope peak annotation % finished: 10 20 30 40 50 60 70 80 90 100 Found isotopes: 61 Start grouping after correlation. Generating EIC's .. Calculating peak correlations in 133 Groups... % finished: 10 20 30 40 50 60 70 80 90 100 Calculating graph cross linking in 133 Groups... % finished: 10 20 30 40 50 60 70 80 90 100 New number of ps-groups: 321 xsAnnotate has now 321 groups, instead of 133 Generating peak matrix for peak annotation! Calculating possible adducts in 321 Groups... % finished: 10 20 30 40 50 60 70 80 90 100 Start grouping after retention time. Created 133 pseudospectra. Generating peak matrix! Run isotope peak annotation % finished: 10 20 30 40 50 60 70 80 90 100 Found isotopes: 61 Start grouping after correlation. Generating EIC's .. Calculating peak correlations in 133 Groups... % finished: 10 20 30 40 50 60 70 80 90 100 Calculating graph cross linking in 133 Groups... % finished: 10 20 30 40 50 60 70 80 90 100 New number of ps-groups: 313 xsAnnotate has now 313 groups, instead of 133 Generating peak matrix for peak annotation! Calculating possible adducts in 313 Groups... % finished: 10 20 30 40 50 60 70 80 90 100 Start grouping after retention time. Created 133 pseudospectra. Generating peak matrix! Run isotope peak annotation % finished: 10 20 30 40 50 60 70 80 90 100 Found isotopes: 61 Start grouping after correlation. Generating EIC's .. Calculating peak correlations in 133 Groups... % finished: 10 20 30 40 50 60 70 80 90 100 Calculating peak correlations across samples. % finished: 10 20 30 40 50 60 70 80 90 100 Calculating graph cross linking in 133 Groups... % finished: 10 20 30 40 50 60 70 80 90 100 New number of ps-groups: 229 xsAnnotate has now 229 groups, instead of 133 Generating peak matrix for peak annotation! Calculating possible adducts in 229 Groups... % finished: 10 20 30 40 50 60 70 80 90 100 Start grouping after retention time. Created 133 pseudospectra. Generating peak matrix! Run isotope peak annotation % finished: 10 20 30 40 50 60 70 80 90 100 Found isotopes: 61 Start grouping after correlation. Generating EIC's .. Calculating peak correlations in 133 Groups... % finished: 10 20 30 40 50 60 70 80 90 100 Calculating peak correlations across samples. % finished: 10 20 30 40 50 60 70 80 90 100 Calculating graph cross linking in 133 Groups... % finished: 10 20 30 40 50 60 70 80 90 100 New number of ps-groups: 218 xsAnnotate has now 218 groups, instead of 133 Generating peak matrix for peak annotation! Calculating possible adducts in 218 Groups... % finished: 10 20 30 40 50 60 70 80 90 100 Start grouping after retention time. Created 133 pseudospectra. Generating peak matrix! Run isotope peak annotation % finished: 10 20 30 40 50 60 70 80 90 100 Found isotopes: 61 Start grouping after retention time. Created 133 pseudospectra. Generating peak matrix! Run isotope peak annotation % finished: 10 20 30 40 50 60 70 80 90 100 Found isotopes: 61 Start grouping after retention time. Created 133 pseudospectra. Generating peak matrix! Run isotope peak annotation % finished: 10 20 30 40 50 60 70 80 90 100 Found isotopes: 61 Start grouping after correlation. Generating EIC's .. Calculating peak correlations in 133 Groups... % finished: 10 20 30 40 50 60 70 80 90 100 Calculating graph cross linking in 133 Groups... % finished: 10 20 30 40 50 60 70 80 90 100 New number of ps-groups: 375 xsAnnotate has now 375 groups, instead of 133 Generating peak matrix for peak annotation! Calculating possible adducts in 375 Groups... % finished: 10 20 30 40 50 60 70 80 90 100 Start grouping after retention time. Created 133 pseudospectra. Generating peak matrix! Run isotope peak annotation % finished: 10 20 30 40 50 60 70 80 90 100 Found isotopes: 61 Start grouping after correlation. Generating EIC's .. Calculating peak correlations in 133 Groups... % finished: 10 20 30 40 50 60 70 80 90 100 Calculating graph cross linking in 133 Groups... % finished: 10 20 30 40 50 60 70 80 90 100 New number of ps-groups: 314 xsAnnotate has now 314 groups, instead of 133 Generating peak matrix for peak annotation! Calculating possible adducts in 314 Groups... % finished: 10 20 30 40 50 60 70 80 90 100 Start grouping after retention time. Created 133 pseudospectra. Generating peak matrix! Run isotope peak annotation % finished: 10 20 30 40 50 60 70 80 90 100 Found isotopes: 61 Start grouping after correlation. Generating EIC's ..
CAMERA.Rcheck/CAMERA-Ex.timings
name | user | system | elapsed | |
annotate-methods | 10.211 | 3.976 | 14.407 | |