Back to Multiple platform build/check report for BioC 3.18:   simplified   long
A[B]CDEFGHIJKLMNOPQRSTUVWXYZ

This page was generated on 2023-11-02 11:40:27 -0400 (Thu, 02 Nov 2023).

HostnameOSArch (*)R versionInstalled pkgs
nebbiolo2Linux (Ubuntu 22.04.2 LTS)x86_644.3.1 (2023-06-16) -- "Beagle Scouts" 4729
palomino4Windows Server 2022 Datacenterx644.3.1 (2023-06-16 ucrt) -- "Beagle Scouts" 4463
lconwaymacOS 12.6.5 Montereyx86_644.3.1 Patched (2023-06-17 r84564) -- "Beagle Scouts" 4478
kunpeng2Linux (openEuler 22.03 LTS-SP1)aarch644.3.1 (2023-06-16) -- "Beagle Scouts" 4464
Click on any hostname to see more info about the system (e.g. compilers)      (*) as reported by 'uname -p', except on Windows and Mac OS X

Package 179/2266HostnameOS / ArchINSTALLBUILDCHECKBUILD BIN
BiocHail 1.2.0  (landing page)
Vincent Carey
Snapshot Date: 2023-11-01 14:05:06 -0400 (Wed, 01 Nov 2023)
git_url: https://git.bioconductor.org/packages/BiocHail
git_branch: RELEASE_3_18
git_last_commit: 791b180
git_last_commit_date: 2023-10-24 11:48:54 -0400 (Tue, 24 Oct 2023)
nebbiolo2Linux (Ubuntu 22.04.2 LTS) / x86_64  OK    OK    OK  UNNEEDED, same version is already published
palomino4Windows Server 2022 Datacenter / x64... NOT SUPPORTED ...
lconwaymacOS 12.6.5 Monterey / x86_64... NOT SUPPORTED ...
kjohnson1macOS 13.6.1 Ventura / arm64see weekly results here
kunpeng2Linux (openEuler 22.03 LTS-SP1) / aarch64  OK    ERROR  skipped

BUILD results for BiocHail on kunpeng2


To the developers/maintainers of the BiocHail package:
- Allow up to 24 hours (and sometimes 48 hours) for your latest push to git@git.bioconductor.org:packages/BiocHail.git to reflect on this report. See Troubleshooting Build Report for more information.
- Use the following Renviron settings to reproduce errors and warnings.
- If 'R CMD check' started to fail recently on the Linux builder(s) over a missing dependency, add the missing dependency to 'Suggests:' in your DESCRIPTION file. See Renviron.bioc for more information.
- See Martin Grigorov's blog post for how to debug Linux ARM64 related issues on a x86_64 host.

raw results


Summary

Package: BiocHail
Version: 1.2.0
Command: /home/biocbuild/R/R-4.3.1/bin/R CMD build --keep-empty-dirs --no-resave-data BiocHail
StartedAt: 2023-11-01 22:39:58 -0000 (Wed, 01 Nov 2023)
EndedAt: 2023-11-01 22:40:29 -0000 (Wed, 01 Nov 2023)
EllapsedTime: 31.0 seconds
RetCode: 1
Status:   ERROR  
PackageFile: None
PackageFileSize: NA

Command output

##############################################################################
##############################################################################
###
### Running command:
###
###   /home/biocbuild/R/R-4.3.1/bin/R CMD build --keep-empty-dirs --no-resave-data BiocHail
###
##############################################################################
##############################################################################


* checking for file ‘BiocHail/DESCRIPTION’ ... OK
* preparing ‘BiocHail’:
* checking DESCRIPTION meta-information ... OK
* installing the package to build vignettes
* creating vignettes ... ERROR
--- re-building ‘gwas_tut.Rmd’ using rmarkdown
--- finished re-building ‘gwas_tut.Rmd’

--- re-building ‘large_t2t.Rmd’ using rmarkdown
2023-11-01 22:40:25.913 WARN  NativeCodeLoader:60 - Unable to load native-hadoop library for your platform... using builtin-java classes where applicable
Setting default log level to "WARN".
To adjust logging level use sc.setLogLevel(newLevel). For SparkR, use setLogLevel(newLevel).
2023-11-01 22:40:27.132 WARN  Utils:69 - Service 'sparkDriver' could not bind on a random free port. You may check whether configuring an appropriate binding address.
2023-11-01 22:40:27.135 WARN  Utils:69 - Service 'sparkDriver' could not bind on a random free port. You may check whether configuring an appropriate binding address.
2023-11-01 22:40:27.140 WARN  Utils:69 - Service 'sparkDriver' could not bind on a random free port. You may check whether configuring an appropriate binding address.
2023-11-01 22:40:27.144 WARN  Utils:69 - Service 'sparkDriver' could not bind on a random free port. You may check whether configuring an appropriate binding address.
2023-11-01 22:40:27.148 WARN  Utils:69 - Service 'sparkDriver' could not bind on a random free port. You may check whether configuring an appropriate binding address.
2023-11-01 22:40:27.152 WARN  Utils:69 - Service 'sparkDriver' could not bind on a random free port. You may check whether configuring an appropriate binding address.
2023-11-01 22:40:27.156 WARN  Utils:69 - Service 'sparkDriver' could not bind on a random free port. You may check whether configuring an appropriate binding address.
2023-11-01 22:40:27.160 WARN  Utils:69 - Service 'sparkDriver' could not bind on a random free port. You may check whether configuring an appropriate binding address.
2023-11-01 22:40:27.164 WARN  Utils:69 - Service 'sparkDriver' could not bind on a random free port. You may check whether configuring an appropriate binding address.
2023-11-01 22:40:27.168 WARN  Utils:69 - Service 'sparkDriver' could not bind on a random free port. You may check whether configuring an appropriate binding address.
2023-11-01 22:40:27.172 WARN  Utils:69 - Service 'sparkDriver' could not bind on a random free port. You may check whether configuring an appropriate binding address.
2023-11-01 22:40:27.214 WARN  Utils:69 - Service 'sparkDriver' could not bind on a random free port. You may check whether configuring an appropriate binding address.
2023-11-01 22:40:27.218 WARN  Utils:69 - Service 'sparkDriver' could not bind on a random free port. You may check whether configuring an appropriate binding address.
2023-11-01 22:40:27.222 WARN  Utils:69 - Service 'sparkDriver' could not bind on a random free port. You may check whether configuring an appropriate binding address.
2023-11-01 22:40:27.226 WARN  Utils:69 - Service 'sparkDriver' could not bind on a random free port. You may check whether configuring an appropriate binding address.
2023-11-01 22:40:27.232 WARN  Utils:69 - Service 'sparkDriver' could not bind on a random free port. You may check whether configuring an appropriate binding address.
2023-11-01 22:40:27.241 ERROR SparkContext:94 - Error initializing SparkContext.
java.net.BindException: Cannot assign requested address: Service 'sparkDriver' failed after 16 retries (on a random free port)! Consider explicitly setting the appropriate binding address for the service 'sparkDriver' (for example spark.driver.bindAddress for SparkDriver) to the correct binding address.
	at java.base/sun.nio.ch.Net.bind0(Native Method)
	at java.base/sun.nio.ch.Net.bind(Net.java:555)
	at java.base/sun.nio.ch.ServerSocketChannelImpl.netBind(ServerSocketChannelImpl.java:337)
	at java.base/sun.nio.ch.ServerSocketChannelImpl.bind(ServerSocketChannelImpl.java:294)
	at io.netty.channel.socket.nio.NioServerSocketChannel.doBind(NioServerSocketChannel.java:134)
	at io.netty.channel.AbstractChannel$AbstractUnsafe.bind(AbstractChannel.java:562)
	at io.netty.channel.DefaultChannelPipeline$HeadContext.bind(DefaultChannelPipeline.java:1334)
	at io.netty.channel.AbstractChannelHandlerContext.invokeBind(AbstractChannelHandlerContext.java:506)
	at io.netty.channel.AbstractChannelHandlerContext.bind(AbstractChannelHandlerContext.java:491)
	at io.netty.channel.DefaultChannelPipeline.bind(DefaultChannelPipeline.java:973)
	at io.netty.channel.AbstractChannel.bind(AbstractChannel.java:260)
	at io.netty.bootstrap.AbstractBootstrap$2.run(AbstractBootstrap.java:356)
	at io.netty.util.concurrent.AbstractEventExecutor.safeExecute(AbstractEventExecutor.java:164)
	at io.netty.util.concurrent.SingleThreadEventExecutor.runAllTasks(SingleThreadEventExecutor.java:472)
	at io.netty.channel.nio.NioEventLoop.run(NioEventLoop.java:500)
	at io.netty.util.concurrent.SingleThreadEventExecutor$4.run(SingleThreadEventExecutor.java:989)
	at io.netty.util.internal.ThreadExecutorMap$2.run(ThreadExecutorMap.java:74)
	at io.netty.util.concurrent.FastThreadLocalRunnable.run(FastThreadLocalRunnable.java:30)
	at java.base/java.lang.Thread.run(Thread.java:833)
Initializing Hail with default parameters...
2023-11-01 22:40:27.305 WARN  SparkContext:69 - Another SparkContext is being constructed (or threw an exception in its constructor). This may indicate an error, since only one SparkContext should be running in this JVM (see SPARK-2243). The other SparkContext was created at:
org.apache.spark.SparkContext.<init>(SparkContext.scala:85)
is.hail.backend.spark.SparkBackend$.configureAndCreateSparkContext(SparkBackend.scala:148)
is.hail.backend.spark.SparkBackend$.apply(SparkBackend.scala:230)
is.hail.backend.spark.SparkBackend.apply(SparkBackend.scala)
java.base/jdk.internal.reflect.NativeMethodAccessorImpl.invoke0(Native Method)
java.base/jdk.internal.reflect.NativeMethodAccessorImpl.invoke(NativeMethodAccessorImpl.java:77)
java.base/jdk.internal.reflect.DelegatingMethodAccessorImpl.invoke(DelegatingMethodAccessorImpl.java:43)
java.base/java.lang.reflect.Method.invoke(Method.java:568)
py4j.reflection.MethodInvoker.invoke(MethodInvoker.java:244)
py4j.reflection.ReflectionEngine.invoke(ReflectionEngine.java:357)
py4j.Gateway.invoke(Gateway.java:282)
py4j.commands.AbstractCommand.invokeMethod(AbstractCommand.java:132)
py4j.commands.CallCommand.execute(CallCommand.java:79)
py4j.GatewayConnection.run(GatewayConnection.java:238)
java.base/java.lang.Thread.run(Thread.java:833)
2023-11-01 22:40:27.339 WARN  Utils:69 - Service 'sparkDriver' could not bind on a random free port. You may check whether configuring an appropriate binding address.
2023-11-01 22:40:27.343 WARN  Utils:69 - Service 'sparkDriver' could not bind on a random free port. You may check whether configuring an appropriate binding address.
2023-11-01 22:40:27.347 WARN  Utils:69 - Service 'sparkDriver' could not bind on a random free port. You may check whether configuring an appropriate binding address.
2023-11-01 22:40:27.351 WARN  Utils:69 - Service 'sparkDriver' could not bind on a random free port. You may check whether configuring an appropriate binding address.
2023-11-01 22:40:27.354 WARN  Utils:69 - Service 'sparkDriver' could not bind on a random free port. You may check whether configuring an appropriate binding address.
2023-11-01 22:40:27.358 WARN  Utils:69 - Service 'sparkDriver' could not bind on a random free port. You may check whether configuring an appropriate binding address.
2023-11-01 22:40:27.361 WARN  Utils:69 - Service 'sparkDriver' could not bind on a random free port. You may check whether configuring an appropriate binding address.
2023-11-01 22:40:27.365 WARN  Utils:69 - Service 'sparkDriver' could not bind on a random free port. You may check whether configuring an appropriate binding address.
2023-11-01 22:40:27.369 WARN  Utils:69 - Service 'sparkDriver' could not bind on a random free port. You may check whether configuring an appropriate binding address.
2023-11-01 22:40:27.373 WARN  Utils:69 - Service 'sparkDriver' could not bind on a random free port. You may check whether configuring an appropriate binding address.
2023-11-01 22:40:27.377 WARN  Utils:69 - Service 'sparkDriver' could not bind on a random free port. You may check whether configuring an appropriate binding address.
2023-11-01 22:40:27.380 WARN  Utils:69 - Service 'sparkDriver' could not bind on a random free port. You may check whether configuring an appropriate binding address.
2023-11-01 22:40:27.383 WARN  Utils:69 - Service 'sparkDriver' could not bind on a random free port. You may check whether configuring an appropriate binding address.
2023-11-01 22:40:27.386 WARN  Utils:69 - Service 'sparkDriver' could not bind on a random free port. You may check whether configuring an appropriate binding address.
2023-11-01 22:40:27.390 WARN  Utils:69 - Service 'sparkDriver' could not bind on a random free port. You may check whether configuring an appropriate binding address.
2023-11-01 22:40:27.393 WARN  Utils:69 - Service 'sparkDriver' could not bind on a random free port. You may check whether configuring an appropriate binding address.
2023-11-01 22:40:27.397 ERROR SparkContext:94 - Error initializing SparkContext.
java.net.BindException: Cannot assign requested address: Service 'sparkDriver' failed after 16 retries (on a random free port)! Consider explicitly setting the appropriate binding address for the service 'sparkDriver' (for example spark.driver.bindAddress for SparkDriver) to the correct binding address.
	at java.base/sun.nio.ch.Net.bind0(Native Method)
	at java.base/sun.nio.ch.Net.bind(Net.java:555)
	at java.base/sun.nio.ch.ServerSocketChannelImpl.netBind(ServerSocketChannelImpl.java:337)
	at java.base/sun.nio.ch.ServerSocketChannelImpl.bind(ServerSocketChannelImpl.java:294)
	at io.netty.channel.socket.nio.NioServerSocketChannel.doBind(NioServerSocketChannel.java:134)
	at io.netty.channel.AbstractChannel$AbstractUnsafe.bind(AbstractChannel.java:562)
	at io.netty.channel.DefaultChannelPipeline$HeadContext.bind(DefaultChannelPipeline.java:1334)
	at io.netty.channel.AbstractChannelHandlerContext.invokeBind(AbstractChannelHandlerContext.java:506)
	at io.netty.channel.AbstractChannelHandlerContext.bind(AbstractChannelHandlerContext.java:491)
	at io.netty.channel.DefaultChannelPipeline.bind(DefaultChannelPipeline.java:973)
	at io.netty.channel.AbstractChannel.bind(AbstractChannel.java:260)
	at io.netty.bootstrap.AbstractBootstrap$2.run(AbstractBootstrap.java:356)
	at io.netty.util.concurrent.AbstractEventExecutor.safeExecute(AbstractEventExecutor.java:164)
	at io.netty.util.concurrent.SingleThreadEventExecutor.runAllTasks(SingleThreadEventExecutor.java:472)
	at io.netty.channel.nio.NioEventLoop.run(NioEventLoop.java:500)
	at io.netty.util.concurrent.SingleThreadEventExecutor$4.run(SingleThreadEventExecutor.java:989)
	at io.netty.util.internal.ThreadExecutorMap$2.run(ThreadExecutorMap.java:74)
	at io.netty.util.concurrent.FastThreadLocalRunnable.run(FastThreadLocalRunnable.java:30)
	at java.base/java.lang.Thread.run(Thread.java:833)

Quitting from lines 69-79 [do17] (large_t2t.Rmd)
Error: processing vignette 'large_t2t.Rmd' failed with diagnostics:
py4j.protocol.Py4JJavaError: An error occurred while calling z:is.hail.backend.spark.SparkBackend.apply.
: java.net.BindException: Cannot assign requested address: Service 'sparkDriver' failed after 16 retries (on a random free port)! Consider explicitly setting the appropriate binding address for the service 'sparkDriver' (for example spark.driver.bindAddress for SparkDriver) to the correct binding address.
<...truncated...>Executor.java:164)
	at io.netty.util.concurrent.SingleThreadEventExecutor.runAllTasks(SingleThreadEventExecutor.java:472)
	at io.netty.channel.nio.NioEventLoop.run(NioEventLoop.java:500)
	at io.netty.util.concurrent.SingleThreadEventExecutor$4.run(SingleThreadEventExecutor.java:989)
	at io.netty.util.internal.ThreadExecutorMap$2.run(ThreadExecutorMap.java:74)
	at io.netty.util.concurrent.FastThreadLocalRunnable.run(FastThreadLocalRunnable.java:30)
	at java.base/java.lang.Thread.run(Thread.java:833)

Run `reticulate::py_last_error()` for details.
--- failed re-building ‘large_t2t.Rmd’

--- re-building ‘ukbb.Rmd’ using rmarkdown
--- finished re-building ‘ukbb.Rmd’

SUMMARY: processing the following file failed:
  ‘large_t2t.Rmd’

Error: Vignette re-building failed.
Execution halted