| Back to Multiple platform build/check report for BioC 3.18: simplified long |
|
This page was generated on 2023-11-02 11:40:27 -0400 (Thu, 02 Nov 2023).
| Hostname | OS | Arch (*) | R version | Installed pkgs |
|---|---|---|---|---|
| nebbiolo2 | Linux (Ubuntu 22.04.2 LTS) | x86_64 | 4.3.1 (2023-06-16) -- "Beagle Scouts" | 4729 |
| palomino4 | Windows Server 2022 Datacenter | x64 | 4.3.1 (2023-06-16 ucrt) -- "Beagle Scouts" | 4463 |
| lconway | macOS 12.6.5 Monterey | x86_64 | 4.3.1 Patched (2023-06-17 r84564) -- "Beagle Scouts" | 4478 |
| kunpeng2 | Linux (openEuler 22.03 LTS-SP1) | aarch64 | 4.3.1 (2023-06-16) -- "Beagle Scouts" | 4464 |
| Click on any hostname to see more info about the system (e.g. compilers) (*) as reported by 'uname -p', except on Windows and Mac OS X | ||||
| Package 177/2266 | Hostname | OS / Arch | INSTALL | BUILD | CHECK | BUILD BIN | ||||||||
| BiocGenerics 0.48.1 (landing page) Hervé Pagès
| nebbiolo2 | Linux (Ubuntu 22.04.2 LTS) / x86_64 | OK | OK | WARNINGS | |||||||||
| palomino4 | Windows Server 2022 Datacenter / x64 | OK | OK | WARNINGS | OK | |||||||||
| lconway | macOS 12.6.5 Monterey / x86_64 | OK | OK | WARNINGS | OK | |||||||||
| kjohnson1 | macOS 13.6.1 Ventura / arm64 | see weekly results here | ||||||||||||
| kunpeng2 | Linux (openEuler 22.03 LTS-SP1) / aarch64 | OK | OK | ERROR | ||||||||||
|
To the developers/maintainers of the BiocGenerics package: - Allow up to 24 hours (and sometimes 48 hours) for your latest push to git@git.bioconductor.org:packages/BiocGenerics.git to reflect on this report. See Troubleshooting Build Report for more information. - Use the following Renviron settings to reproduce errors and warnings. - If 'R CMD check' started to fail recently on the Linux builder(s) over a missing dependency, add the missing dependency to 'Suggests:' in your DESCRIPTION file. See Renviron.bioc for more information. - See Martin Grigorov's blog post for how to debug Linux ARM64 related issues on a x86_64 host. |
| Package: BiocGenerics |
| Version: 0.48.1 |
| Command: /home/biocbuild/R/R-4.3.1/bin/R CMD check --install=check:BiocGenerics.install-out.txt --library=/home/biocbuild/R/R-4.3.1/site-library --no-vignettes --timings BiocGenerics_0.48.1.tar.gz |
| StartedAt: 2023-11-02 08:40:33 -0000 (Thu, 02 Nov 2023) |
| EndedAt: 2023-11-02 08:41:34 -0000 (Thu, 02 Nov 2023) |
| EllapsedTime: 61.3 seconds |
| RetCode: 1 |
| Status: ERROR |
| CheckDir: BiocGenerics.Rcheck |
| Warnings: NA |
##############################################################################
##############################################################################
###
### Running command:
###
### /home/biocbuild/R/R-4.3.1/bin/R CMD check --install=check:BiocGenerics.install-out.txt --library=/home/biocbuild/R/R-4.3.1/site-library --no-vignettes --timings BiocGenerics_0.48.1.tar.gz
###
##############################################################################
##############################################################################
* using log directory ‘/home/biocbuild/bbs-3.18-bioc/meat/BiocGenerics.Rcheck’
* using R version 4.3.1 (2023-06-16)
* using platform: aarch64-unknown-linux-gnu (64-bit)
* R was compiled by
gcc (GCC) 10.3.1
GNU Fortran (GCC) 10.3.1
* running under: openEuler 22.03 (LTS-SP1)
* using session charset: UTF-8
* using option ‘--no-vignettes’
* checking for file ‘BiocGenerics/DESCRIPTION’ ... OK
* this is package ‘BiocGenerics’ version ‘0.48.1’
* package encoding: UTF-8
* checking package namespace information ... OK
* checking package dependencies ... OK
* checking if this is a source package ... OK
* checking if there is a namespace ... OK
* checking for hidden files and directories ... OK
* checking for portable file names ... OK
* checking for sufficient/correct file permissions ... OK
* checking whether package ‘BiocGenerics’ can be installed ... OK
* checking installed package size ... OK
* checking package directory ... OK
* checking DESCRIPTION meta-information ... NOTE
Packages listed in more than one of Depends, Imports, Suggests, Enhances:
‘methods’ ‘utils’ ‘graphics’ ‘stats’
A package should be listed in only one of these fields.
* checking top-level files ... OK
* checking for left-over files ... OK
* checking index information ... OK
* checking package subdirectories ... OK
* checking R files for non-ASCII characters ... OK
* checking R files for syntax errors ... OK
* checking whether the package can be loaded ... OK
* checking whether the package can be loaded with stated dependencies ... OK
* checking whether the package can be unloaded cleanly ... OK
* checking whether the namespace can be loaded with stated dependencies ... OK
* checking whether the namespace can be unloaded cleanly ... OK
* checking loading without being on the library search path ... OK
* checking dependencies in R code ... NOTE
'library' or 'require' call to ‘RUnit’ in package code.
Please use :: or requireNamespace() instead.
See section 'Suggested packages' in the 'Writing R Extensions' manual.
* checking S3 generic/method consistency ... OK
* checking replacement functions ... OK
* checking foreign function calls ... OK
* checking R code for possible problems ... OK
* checking Rd files ... OK
* checking Rd metadata ... OK
* checking Rd cross-references ... WARNING
Missing link or links in documentation object 'as.data.frame.Rd':
‘[IRanges]{as.data.frame,IntegerRanges-method}’
Missing link or links in documentation object 'order.Rd':
‘[IRanges]{order,IntegerRanges-method}’
Missing link or links in documentation object 'type.Rd':
‘[DelayedArray]{type,ANY-method}’
See section 'Cross-references' in the 'Writing R Extensions' manual.
* checking for missing documentation entries ... OK
* checking for code/documentation mismatches ... OK
* checking Rd \usage sections ... OK
* checking Rd contents ... OK
* checking for unstated dependencies in examples ... OK
* checking examples ... ERROR
Running examples in ‘BiocGenerics-Ex.R’ failed
The error most likely occurred in:
> base::assign(".ptime", proc.time(), pos = "CheckExEnv")
> ### Name: plotPCA
> ### Title: PCA-plot: Principal Component Analysis plot
> ### Aliases: plotPCA
> ### Keywords: methods
>
> ### ** Examples
>
> showMethods("plotPCA")
Function: plotPCA (package BiocGenerics)
object="DESeqTransform"
>
> suppressWarnings(
+ if(require("DESeq2"))
+ example("plotPCA", package="DESeq2", local=TRUE)
+ )
Loading required package: DESeq2
Loading required package: S4Vectors
Loading required package: stats4
Attaching package: ‘S4Vectors’
The following object is masked from ‘package:utils’:
findMatches
The following objects are masked from ‘package:base’:
I, expand.grid, unname
Loading required package: IRanges
Loading required package: GenomicRanges
Loading required package: GenomeInfoDb
Loading required package: SummarizedExperiment
Loading required package: MatrixGenerics
Loading required package: matrixStats
Attaching package: ‘MatrixGenerics’
The following objects are masked from ‘package:matrixStats’:
colAlls, colAnyNAs, colAnys, colAvgsPerRowSet, colCollapse,
colCounts, colCummaxs, colCummins, colCumprods, colCumsums,
colDiffs, colIQRDiffs, colIQRs, colLogSumExps, colMadDiffs,
colMads, colMaxs, colMeans2, colMedians, colMins, colOrderStats,
colProds, colQuantiles, colRanges, colRanks, colSdDiffs, colSds,
colSums2, colTabulates, colVarDiffs, colVars, colWeightedMads,
colWeightedMeans, colWeightedMedians, colWeightedSds,
colWeightedVars, rowAlls, rowAnyNAs, rowAnys, rowAvgsPerColSet,
rowCollapse, rowCounts, rowCummaxs, rowCummins, rowCumprods,
rowCumsums, rowDiffs, rowIQRDiffs, rowIQRs, rowLogSumExps,
rowMadDiffs, rowMads, rowMaxs, rowMeans2, rowMedians, rowMins,
rowOrderStats, rowProds, rowQuantiles, rowRanges, rowRanks,
rowSdDiffs, rowSds, rowSums2, rowTabulates, rowVarDiffs, rowVars,
rowWeightedMads, rowWeightedMeans, rowWeightedMedians,
rowWeightedSds, rowWeightedVars
Loading required package: Biobase
Welcome to Bioconductor
Vignettes contain introductory material; view with
'browseVignettes()'. To cite Bioconductor, see
'citation("Biobase")', and for packages 'citation("pkgname")'.
Attaching package: ‘Biobase’
The following object is masked from ‘package:MatrixGenerics’:
rowMedians
The following objects are masked from ‘package:matrixStats’:
anyMissing, rowMedians
pltPCA> # using rlog transformed data:
pltPCA> dds <- makeExampleDESeqDataSet(betaSD=1)
pltPCA> vsd <- vst(dds, nsub=500)
* checking for unstated dependencies in ‘tests’ ... OK
* checking tests ...
Running ‘run_unitTests.R’
OK
* checking PDF version of manual ... OK
* DONE
Status: 1 ERROR, 1 WARNING, 2 NOTEs
See
‘/home/biocbuild/bbs-3.18-bioc/meat/BiocGenerics.Rcheck/00check.log’
for details.
BiocGenerics.Rcheck/00install.out
############################################################################## ############################################################################## ### ### Running command: ### ### /home/biocbuild/R/R-4.3.1/bin/R CMD INSTALL BiocGenerics ### ############################################################################## ############################################################################## * installing to library ‘/home/biocbuild/R/R-4.3.1/site-library’ * installing *source* package ‘BiocGenerics’ ... ** using staged installation ** R ** inst ** byte-compile and prepare package for lazy loading Creating a new generic function for ‘aperm’ in package ‘BiocGenerics’ Creating a new generic function for ‘append’ in package ‘BiocGenerics’ Creating a new generic function for ‘as.data.frame’ in package ‘BiocGenerics’ Creating a new generic function for ‘cbind’ in package ‘BiocGenerics’ Creating a new generic function for ‘rbind’ in package ‘BiocGenerics’ Creating a new generic function for ‘do.call’ in package ‘BiocGenerics’ Creating a new generic function for ‘duplicated’ in package ‘BiocGenerics’ Creating a new generic function for ‘anyDuplicated’ in package ‘BiocGenerics’ Creating a new generic function for ‘eval’ in package ‘BiocGenerics’ Creating a new generic function for ‘pmax’ in package ‘BiocGenerics’ Creating a new generic function for ‘pmin’ in package ‘BiocGenerics’ Creating a new generic function for ‘pmax.int’ in package ‘BiocGenerics’ Creating a new generic function for ‘pmin.int’ in package ‘BiocGenerics’ Creating a new generic function for ‘Reduce’ in package ‘BiocGenerics’ Creating a new generic function for ‘Filter’ in package ‘BiocGenerics’ Creating a new generic function for ‘Find’ in package ‘BiocGenerics’ Creating a new generic function for ‘Map’ in package ‘BiocGenerics’ Creating a new generic function for ‘Position’ in package ‘BiocGenerics’ Creating a new generic function for ‘get’ in package ‘BiocGenerics’ Creating a new generic function for ‘mget’ in package ‘BiocGenerics’ Creating a new generic function for ‘grep’ in package ‘BiocGenerics’ Creating a new generic function for ‘grepl’ in package ‘BiocGenerics’ Creating a new generic function for ‘is.unsorted’ in package ‘BiocGenerics’ Creating a new generic function for ‘lapply’ in package ‘BiocGenerics’ Creating a new generic function for ‘sapply’ in package ‘BiocGenerics’ Creating a new generic function for ‘mapply’ in package ‘BiocGenerics’ Creating a new generic function for ‘match’ in package ‘BiocGenerics’ Creating a new generic function for ‘order’ in package ‘BiocGenerics’ Creating a new generic function for ‘paste’ in package ‘BiocGenerics’ Creating a new generic function for ‘rank’ in package ‘BiocGenerics’ Creating a new generic function for ‘rownames’ in package ‘BiocGenerics’ Creating a new generic function for ‘colnames’ in package ‘BiocGenerics’ Creating a new generic function for ‘union’ in package ‘BiocGenerics’ Creating a new generic function for ‘intersect’ in package ‘BiocGenerics’ Creating a new generic function for ‘setdiff’ in package ‘BiocGenerics’ Creating a new generic function for ‘sort’ in package ‘BiocGenerics’ Creating a new generic function for ‘table’ in package ‘BiocGenerics’ Creating a new generic function for ‘tapply’ in package ‘BiocGenerics’ Creating a new generic function for ‘unique’ in package ‘BiocGenerics’ Creating a new generic function for ‘unsplit’ in package ‘BiocGenerics’ Creating a new generic function for ‘var’ in package ‘BiocGenerics’ Creating a new generic function for ‘sd’ in package ‘BiocGenerics’ Creating a new generic function for ‘which.min’ in package ‘BiocGenerics’ Creating a new generic function for ‘which.max’ in package ‘BiocGenerics’ Creating a new generic function for ‘IQR’ in package ‘BiocGenerics’ Creating a new generic function for ‘mad’ in package ‘BiocGenerics’ Creating a new generic function for ‘xtabs’ in package ‘BiocGenerics’ Creating a new generic function for ‘basename’ in package ‘BiocGenerics’ Creating a new generic function for ‘dirname’ in package ‘BiocGenerics’ ** help *** installing help indices ** building package indices ** testing if installed package can be loaded from temporary location ** testing if installed package can be loaded from final location ** testing if installed package keeps a record of temporary installation path * DONE (BiocGenerics)
BiocGenerics.Rcheck/tests/run_unitTests.Rout
R version 4.3.1 (2023-06-16) -- "Beagle Scouts"
Copyright (C) 2023 The R Foundation for Statistical Computing
Platform: aarch64-unknown-linux-gnu (64-bit)
R is free software and comes with ABSOLUTELY NO WARRANTY.
You are welcome to redistribute it under certain conditions.
Type 'license()' or 'licence()' for distribution details.
R is a collaborative project with many contributors.
Type 'contributors()' for more information and
'citation()' on how to cite R or R packages in publications.
Type 'demo()' for some demos, 'help()' for on-line help, or
'help.start()' for an HTML browser interface to help.
Type 'q()' to quit R.
> require("BiocGenerics") || stop("unable to load BiocGenerics package")
Loading required package: BiocGenerics
Attaching package: 'BiocGenerics'
The following objects are masked from 'package:stats':
IQR, mad, sd, var, xtabs
The following objects are masked from 'package:base':
Filter, Find, Map, Position, Reduce, anyDuplicated, aperm, append,
as.data.frame, basename, cbind, colnames, dirname, do.call,
duplicated, eval, evalq, get, grep, grepl, intersect, is.unsorted,
lapply, mapply, match, mget, order, paste, pmax, pmax.int, pmin,
pmin.int, rank, rbind, rownames, sapply, setdiff, sort, table,
tapply, union, unique, unsplit, which.max, which.min
[1] TRUE
> BiocGenerics:::.test()
Loading required package: S4Vectors
Loading required package: stats4
Attaching package: 'S4Vectors'
The following object is masked from 'package:utils':
findMatches
The following objects are masked from 'package:base':
I, expand.grid, unname
RUNIT TEST PROTOCOL -- Thu Nov 2 08:41:26 2023
***********************************************
Number of test functions: 25
Number of errors: 0
Number of failures: 0
1 Test Suite :
BiocGenerics RUnit Tests - 25 test functions, 0 errors, 0 failures
Number of test functions: 25
Number of errors: 0
Number of failures: 0
>
> proc.time()
user system elapsed
2.670 0.112 2.777
BiocGenerics.Rcheck/BiocGenerics-Ex.timings
| name | user | system | elapsed | |
| BiocGenerics-package | 0.001 | 0.000 | 0.001 | |
| Extremes | 0.004 | 0.004 | 0.009 | |
| IQR | 0.002 | 0.000 | 0.002 | |
| Ontology | 4.409 | 0.224 | 4.642 | |
| annotation | 0.016 | 0.000 | 0.016 | |
| aperm | 0.002 | 0.000 | 0.002 | |
| append | 0.002 | 0.000 | 0.002 | |
| as.data.frame | 0.003 | 0.000 | 0.003 | |
| as.list | 0.029 | 0.000 | 0.029 | |
| as.vector | 0.004 | 0.000 | 0.003 | |
| boxplot | 0.130 | 0.000 | 0.131 | |
| cbind | 0.028 | 0.000 | 0.028 | |
| combine | 0.06 | 0.00 | 0.06 | |
| dbconn | 0.066 | 0.004 | 0.074 | |
| density | 0.002 | 0.000 | 0.002 | |
| dims | 0.040 | 0.000 | 0.039 | |
| do.call | 0.002 | 0.000 | 0.003 | |
| duplicated | 0.006 | 0.000 | 0.005 | |
| eval | 0.003 | 0.000 | 0.003 | |
| evalq | 0 | 0 | 0 | |
| fileName | 3.524 | 0.818 | 5.799 | |
| format | 0.001 | 0.002 | 0.004 | |
| funprog | 0.000 | 0.009 | 0.009 | |
| get | 0.005 | 0.000 | 0.004 | |
| grep | 0.003 | 0.000 | 0.003 | |
| image | 0.032 | 0.003 | 0.050 | |
| is.unsorted | 0.003 | 0.000 | 0.003 | |
| lapply | 0.005 | 0.000 | 0.005 | |
| mad | 0.002 | 0.000 | 0.002 | |
| mapply | 0.002 | 0.000 | 0.002 | |
| match | 0.004 | 0.004 | 0.008 | |
| mean | 0.002 | 0.000 | 0.002 | |
| normalize | 0.027 | 0.008 | 0.044 | |
| nrow | 0.01 | 0.00 | 0.01 | |
| order | 0.003 | 0.000 | 0.004 | |
| organism_species | 0.181 | 0.038 | 0.245 | |
| paste | 0.003 | 0.000 | 0.003 | |
| path | 0.038 | 0.001 | 0.038 | |
| plotMA | 9.731 | 0.999 | 11.934 | |