| Back to Multiple platform build/check report for BioC 3.18: simplified long |
|
This page was generated on 2023-11-02 11:40:25 -0400 (Thu, 02 Nov 2023).
| Hostname | OS | Arch (*) | R version | Installed pkgs |
|---|---|---|---|---|
| nebbiolo2 | Linux (Ubuntu 22.04.2 LTS) | x86_64 | 4.3.1 (2023-06-16) -- "Beagle Scouts" | 4729 |
| palomino4 | Windows Server 2022 Datacenter | x64 | 4.3.1 (2023-06-16 ucrt) -- "Beagle Scouts" | 4463 |
| lconway | macOS 12.6.5 Monterey | x86_64 | 4.3.1 Patched (2023-06-17 r84564) -- "Beagle Scouts" | 4478 |
| kunpeng2 | Linux (openEuler 22.03 LTS-SP1) | aarch64 | 4.3.1 (2023-06-16) -- "Beagle Scouts" | 4464 |
| Click on any hostname to see more info about the system (e.g. compilers) (*) as reported by 'uname -p', except on Windows and Mac OS X | ||||
| Package 128/2266 | Hostname | OS / Arch | INSTALL | BUILD | CHECK | BUILD BIN | ||||||||
| Basic4Cseq 1.38.0 (landing page) Carolin Walter
| nebbiolo2 | Linux (Ubuntu 22.04.2 LTS) / x86_64 | OK | OK | OK | |||||||||
| palomino4 | Windows Server 2022 Datacenter / x64 | OK | OK | OK | OK | |||||||||
| lconway | macOS 12.6.5 Monterey / x86_64 | OK | OK | OK | OK | |||||||||
| kjohnson1 | macOS 13.6.1 Ventura / arm64 | see weekly results here | ||||||||||||
| kunpeng2 | Linux (openEuler 22.03 LTS-SP1) / aarch64 | OK | OK | ERROR | ||||||||||
|
To the developers/maintainers of the Basic4Cseq package: - Allow up to 24 hours (and sometimes 48 hours) for your latest push to git@git.bioconductor.org:packages/Basic4Cseq.git to reflect on this report. See Troubleshooting Build Report for more information. - Use the following Renviron settings to reproduce errors and warnings. - If 'R CMD check' started to fail recently on the Linux builder(s) over a missing dependency, add the missing dependency to 'Suggests:' in your DESCRIPTION file. See Renviron.bioc for more information. - See Martin Grigorov's blog post for how to debug Linux ARM64 related issues on a x86_64 host. |
| Package: Basic4Cseq |
| Version: 1.38.0 |
| Command: /home/biocbuild/R/R-4.3.1/bin/R CMD check --install=check:Basic4Cseq.install-out.txt --library=/home/biocbuild/R/R-4.3.1/site-library --no-vignettes --timings Basic4Cseq_1.38.0.tar.gz |
| StartedAt: 2023-11-02 08:31:10 -0000 (Thu, 02 Nov 2023) |
| EndedAt: 2023-11-02 08:36:41 -0000 (Thu, 02 Nov 2023) |
| EllapsedTime: 330.8 seconds |
| RetCode: 1 |
| Status: ERROR |
| CheckDir: Basic4Cseq.Rcheck |
| Warnings: NA |
##############################################################################
##############################################################################
###
### Running command:
###
### /home/biocbuild/R/R-4.3.1/bin/R CMD check --install=check:Basic4Cseq.install-out.txt --library=/home/biocbuild/R/R-4.3.1/site-library --no-vignettes --timings Basic4Cseq_1.38.0.tar.gz
###
##############################################################################
##############################################################################
* using log directory ‘/home/biocbuild/bbs-3.18-bioc/meat/Basic4Cseq.Rcheck’
* using R version 4.3.1 (2023-06-16)
* using platform: aarch64-unknown-linux-gnu (64-bit)
* R was compiled by
gcc (GCC) 10.3.1
GNU Fortran (GCC) 10.3.1
* running under: openEuler 22.03 (LTS-SP1)
* using session charset: UTF-8
* using option ‘--no-vignettes’
* checking for file ‘Basic4Cseq/DESCRIPTION’ ... OK
* checking extension type ... Package
* this is package ‘Basic4Cseq’ version ‘1.38.0’
* checking package namespace information ... OK
* checking package dependencies ... OK
* checking if this is a source package ... OK
* checking if there is a namespace ... OK
* checking for hidden files and directories ... OK
* checking for portable file names ... OK
* checking for sufficient/correct file permissions ... OK
* checking whether package ‘Basic4Cseq’ can be installed ... OK
* checking installed package size ... OK
* checking package directory ... OK
* checking ‘build’ directory ... OK
* checking DESCRIPTION meta-information ... OK
* checking top-level files ... OK
* checking for left-over files ... OK
* checking index information ... OK
* checking package subdirectories ... OK
* checking R files for non-ASCII characters ... OK
* checking R files for syntax errors ... OK
* checking whether the package can be loaded ... OK
* checking whether the package can be loaded with stated dependencies ... OK
* checking whether the package can be unloaded cleanly ... OK
* checking whether the namespace can be loaded with stated dependencies ... OK
* checking whether the namespace can be unloaded cleanly ... OK
* checking loading without being on the library search path ... OK
* checking dependencies in R code ... OK
* checking S3 generic/method consistency ... OK
* checking replacement functions ... OK
* checking foreign function calls ... OK
* checking R code for possible problems ... OK
* checking Rd files ... OK
* checking Rd metadata ... OK
* checking Rd cross-references ... OK
* checking for missing documentation entries ... OK
* checking for code/documentation mismatches ... OK
* checking Rd \usage sections ... OK
* checking Rd contents ... OK
* checking for unstated dependencies in examples ... OK
* checking contents of ‘data’ directory ... OK
* checking data for non-ASCII characters ... OK
* checking data for ASCII and uncompressed saves ... OK
* checking files in ‘vignettes’ ... OK
* checking examples ... ERROR
Running examples in ‘Basic4Cseq-Ex.R’ failed
The error most likely occurred in:
> base::assign(".ptime", proc.time(), pos = "CheckExEnv")
> ### Name: readsToFragments
> ### Title: Determine fragment coverage of a 4C-seq fragment library
> ### Aliases: readsToFragments readsToFragments,Data4Cseq,character-method
> ### Keywords: readsToFragments
>
> ### ** Examples
>
> data(liverData)
> file <- system.file("extdata", "vfl_aagctt_catg_mm9_54_vp.csv", package="Basic4Cseq")
> rawFragments(liverData) = readsToFragments(liverData, file)
* checking for unstated dependencies in vignettes ... OK
* checking package vignettes in ‘inst/doc’ ... OK
* checking running R code from vignettes ... SKIPPED
* checking re-building of vignette outputs ... SKIPPED
* checking PDF version of manual ... OK
* DONE
Status: 1 ERROR
See
‘/home/biocbuild/bbs-3.18-bioc/meat/Basic4Cseq.Rcheck/00check.log’
for details.
Basic4Cseq.Rcheck/00install.out
############################################################################## ############################################################################## ### ### Running command: ### ### /home/biocbuild/R/R-4.3.1/bin/R CMD INSTALL Basic4Cseq ### ############################################################################## ############################################################################## * installing to library ‘/home/biocbuild/R/R-4.3.1/site-library’ * installing *source* package ‘Basic4Cseq’ ... ** using staged installation ** R ** data ** inst ** byte-compile and prepare package for lazy loading ** help *** installing help indices ** building package indices ** installing vignettes ** testing if installed package can be loaded from temporary location ** testing if installed package can be loaded from final location ** testing if installed package keeps a record of temporary installation path * DONE (Basic4Cseq)
Basic4Cseq.Rcheck/Basic4Cseq-Ex.timings
| name | user | system | elapsed | |
| Data4Cseq-class | 0.002 | 0.000 | 0.001 | |
| Data4Cseq | 0.130 | 0.012 | 0.145 | |
| checkRestrictionEnzymeSequence | 0.000 | 0.000 | 0.001 | |
| chooseNearCisFragments | 0.009 | 0.004 | 0.013 | |
| createVirtualFragmentLibrary | 0.001 | 0.000 | 0.001 | |
| drawDigestionFragmentHistogram | 0.003 | 0.003 | 0.007 | |
| drawHeatmap | 0 | 0 | 0 | |
| exportVisualizationFragmentData | 0 | 0 | 0 | |
| getReadDistribution | 0.238 | 0.004 | 0.243 | |
| giveEnzymeSequence | 0.000 | 0.002 | 0.003 | |
| importVisualizationFragmentData | 0.005 | 0.004 | 0.009 | |
| liverData | 0.004 | 0.000 | 0.003 | |
| liverDataRaw | 0.003 | 0.000 | 0.003 | |
| normalizeFragmentData | 0.002 | 0.004 | 0.006 | |
| plotTransInteractions | 0 | 0 | 0 | |
| prepare4CseqData | 0 | 0 | 0 | |
| printBEDFragmentLibrary | 0.001 | 0.000 | 0.000 | |
| printWigFile | 0 | 0 | 0 | |
| readPointsOfInterestFile | 0.003 | 0.000 | 0.003 | |