| Back to Multiple platform build/check report for BioC 3.17 |
|
This page was generated on 2023-04-12 10:55:42 -0400 (Wed, 12 Apr 2023).
| Hostname | OS | Arch (*) | R version | Installed pkgs |
|---|---|---|---|---|
| nebbiolo1 | Linux (Ubuntu 22.04.1 LTS) | x86_64 | 4.3.0 alpha (2023-04-03 r84154) | 4547 |
| nebbiolo2 | Linux (Ubuntu 20.04.5 LTS) | x86_64 | R Under development (unstable) (2023-02-14 r83833) -- "Unsuffered Consequences" | 4333 |
| Click on any hostname to see more info about the system (e.g. compilers) (*) as reported by 'uname -p', except on Windows and Mac OS X | ||||
|
To the developers/maintainers of the spatialDE package: - Allow up to 24 hours (and sometimes 48 hours) for your latest push to git@git.bioconductor.org:packages/spatialDE.git to reflect on this report. See Troubleshooting Build Report for more information. - Use the following Renviron settings to reproduce errors and warnings. Note: If "R CMD check" recently failed on the Linux builder over a missing dependency, add the missing dependency to "Suggests" in your DESCRIPTION file. See the Renviron.bioc for details. |
| Package 1951/2207 | Hostname | OS / Arch | INSTALL | BUILD | CHECK | BUILD BIN | ||||||||
| spatialDE 1.5.5 (landing page) Gabriele Sales
| nebbiolo1 | Linux (Ubuntu 22.04.1 LTS) / x86_64 | OK | OK | OK | |||||||||
| nebbiolo2 | Linux (Ubuntu 20.04.5 LTS) / x86_64 | OK | ERROR | skipped | ||||||||||
| Package: spatialDE |
| Version: 1.5.5 |
| Command: /home/biocbuild/bbs-3.17-bioc/R/bin/R CMD build --keep-empty-dirs --no-resave-data spatialDE |
| StartedAt: 2023-04-12 04:15:39 -0400 (Wed, 12 Apr 2023) |
| EndedAt: 2023-04-12 04:16:57 -0400 (Wed, 12 Apr 2023) |
| EllapsedTime: 78.3 seconds |
| RetCode: 1 |
| Status: ERROR |
| PackageFile: None |
| PackageFileSize: NA |
##############################################################################
##############################################################################
###
### Running command:
###
### /home/biocbuild/bbs-3.17-bioc/R/bin/R CMD build --keep-empty-dirs --no-resave-data spatialDE
###
##############################################################################
##############################################################################
* checking for file ‘spatialDE/DESCRIPTION’ ... OK
* preparing ‘spatialDE’:
* checking DESCRIPTION meta-information ... OK
* installing the package to build vignettes
* creating vignettes ... ERROR
--- re-building ‘spatialDE.Rmd’ using rmarkdown
WARNING: ignoring environment value of R_HOME
WARNING: ignoring environment value of R_HOME
Warning in for (v in val) { :
closing unused connection 5 (<-localhost:11134)
WARNING: ignoring environment value of R_HOME
Quitting from lines 142-147 (spatialDE.Rmd)
Error: processing vignette 'spatialDE.Rmd' failed with diagnostics:
one node produced an error: object '.set_fake_tqdm' not found
--- failed re-building ‘spatialDE.Rmd’
SUMMARY: processing the following file failed:
‘spatialDE.Rmd’
Error: Vignette re-building failed.
Execution halted