| Back to Multiple platform build/check report for BioC 3.17 |
|
This page was generated on 2023-04-12 10:55:31 -0400 (Wed, 12 Apr 2023).
| Hostname | OS | Arch (*) | R version | Installed pkgs |
|---|---|---|---|---|
| nebbiolo1 | Linux (Ubuntu 22.04.1 LTS) | x86_64 | 4.3.0 alpha (2023-04-03 r84154) | 4547 |
| nebbiolo2 | Linux (Ubuntu 20.04.5 LTS) | x86_64 | R Under development (unstable) (2023-02-14 r83833) -- "Unsuffered Consequences" | 4333 |
| Click on any hostname to see more info about the system (e.g. compilers) (*) as reported by 'uname -p', except on Windows and Mac OS X | ||||
|
To the developers/maintainers of the snpStats package: - Allow up to 24 hours (and sometimes 48 hours) for your latest push to git@git.bioconductor.org:packages/snpStats.git to reflect on this report. See Troubleshooting Build Report for more information. - Use the following Renviron settings to reproduce errors and warnings. Note: If "R CMD check" recently failed on the Linux builder over a missing dependency, add the missing dependency to "Suggests" in your DESCRIPTION file. See the Renviron.bioc for details. |
| Package 1938/2207 | Hostname | OS / Arch | INSTALL | BUILD | CHECK | BUILD BIN | ||||||||
| snpStats 1.49.0 (landing page) David Clayton
| nebbiolo1 | Linux (Ubuntu 22.04.1 LTS) / x86_64 | OK | OK | WARNINGS | |||||||||
| nebbiolo2 | Linux (Ubuntu 20.04.5 LTS) / x86_64 | OK | OK | WARNINGS | ||||||||||
| Package: snpStats |
| Version: 1.49.0 |
| Command: /home/biocbuild/bbs-3.17-bioc/R/bin/R CMD check --install=check:snpStats.install-out.txt --library=/home/biocbuild/bbs-3.17-bioc/R/site-library --timings snpStats_1.49.0.tar.gz |
| StartedAt: 2023-04-11 23:43:23 -0400 (Tue, 11 Apr 2023) |
| EndedAt: 2023-04-11 23:46:25 -0400 (Tue, 11 Apr 2023) |
| EllapsedTime: 181.9 seconds |
| RetCode: 0 |
| Status: WARNINGS |
| CheckDir: snpStats.Rcheck |
| Warnings: 2 |
##############################################################################
##############################################################################
###
### Running command:
###
### /home/biocbuild/bbs-3.17-bioc/R/bin/R CMD check --install=check:snpStats.install-out.txt --library=/home/biocbuild/bbs-3.17-bioc/R/site-library --timings snpStats_1.49.0.tar.gz
###
##############################################################################
##############################################################################
* using log directory ‘/home/biocbuild/bbs-3.17-bioc/meat/snpStats.Rcheck’
* using R version 4.3.0 alpha (2023-04-03 r84154)
* using platform: x86_64-pc-linux-gnu (64-bit)
* R was compiled by
gcc (Ubuntu 11.3.0-1ubuntu1~22.04) 11.3.0
GNU Fortran (Ubuntu 11.3.0-1ubuntu1~22.04) 11.3.0
* running under: Ubuntu 22.04.2 LTS
* using session charset: UTF-8
* checking for file ‘snpStats/DESCRIPTION’ ... OK
* this is package ‘snpStats’ version ‘1.49.0’
* checking package namespace information ... OK
* checking package dependencies ... OK
* checking if this is a source package ... OK
* checking if there is a namespace ... OK
* checking for hidden files and directories ... OK
* checking for portable file names ... OK
* checking for sufficient/correct file permissions ... OK
* checking whether package ‘snpStats’ can be installed ... WARNING
Found the following significant warnings:
/usr/include/x86_64-linux-gnu/bits/string_fortified.h:95:10: warning: ‘__builtin_strncpy’ output may be truncated copying 127 bytes from a string of length 127 [-Wstringop-truncation]
readped.c:234:33: warning: ‘%d’ directive output may be truncated writing between 1 and 11 bytes into a region of size between 0 and 127 [-Wformat-truncation=]
testBig.c:31:27: warning: ‘%d’ directive writing between 1 and 10 bytes into a region of size 9 [-Wformat-overflow=]
See ‘/home/biocbuild/bbs-3.17-bioc/meat/snpStats.Rcheck/00install.out’ for details.
* used C compiler: ‘gcc (Ubuntu 11.3.0-1ubuntu1~22.04) 11.3.0’
* checking installed package size ... NOTE
installed size is 5.9Mb
sub-directories of 1Mb or more:
data 4.1Mb
* checking package directory ... OK
* checking ‘build’ directory ... OK
* checking DESCRIPTION meta-information ... OK
* checking top-level files ... OK
* checking for left-over files ... OK
* checking index information ... OK
* checking package subdirectories ... OK
* checking R files for non-ASCII characters ... OK
* checking R files for syntax errors ... OK
* checking whether the package can be loaded ... OK
* checking whether the package can be loaded with stated dependencies ... OK
* checking whether the package can be unloaded cleanly ... OK
* checking whether the namespace can be loaded with stated dependencies ... OK
* checking whether the namespace can be unloaded cleanly ... OK
* checking loading without being on the library search path ... OK
* checking dependencies in R code ... OK
* checking S3 generic/method consistency ... OK
* checking replacement functions ... OK
* checking foreign function calls ... OK
* checking R code for possible problems ... OK
* checking Rd files ... OK
* checking Rd metadata ... OK
* checking Rd cross-references ... OK
* checking for missing documentation entries ... OK
* checking for code/documentation mismatches ... OK
* checking Rd \usage sections ... OK
* checking Rd contents ... OK
* checking for unstated dependencies in examples ... OK
* checking contents of ‘data’ directory ... OK
* checking data for non-ASCII characters ... OK
* checking data for ASCII and uncompressed saves ... OK
* checking line endings in C/C++/Fortran sources/headers ... OK
* checking line endings in Makefiles ... OK
* checking compilation flags in Makevars ... OK
* checking for GNU extensions in Makefiles ... OK
* checking for portable use of $(BLAS_LIBS) and $(LAPACK_LIBS) ... OK
* checking use of PKG_*FLAGS in Makefiles ... OK
* checking compiled code ... WARNING
Note: information on .o files is not available
File ‘/home/biocbuild/bbs-3.17-bioc/R/site-library/snpStats/libs/snpStats.so’:
Found ‘__sprintf_chk’, possibly from ‘sprintf’ (C)
Found ‘rand’, possibly from ‘rand’ (C)
File ‘snpStats/libs/snpStats.so’:
Found non-API call to R: ‘R_data_class’
Compiled code should not call entry points which might terminate R nor
write to stdout/stderr instead of to the console, nor use Fortran I/O
nor system RNGs nor [v]sprintf. The detected symbols are linked into
the code but might come from libraries and not actually be called.
Compiled code should not call non-API entry points in R.
See ‘Writing portable packages’ in the ‘Writing R Extensions’ manual.
* checking files in ‘vignettes’ ... OK
* checking examples ... OK
* checking for unstated dependencies in vignettes ... OK
* checking package vignettes in ‘inst/doc’ ... OK
* checking running R code from vignettes ...
‘Fst-vignette.Rnw’... OK
‘data-input-vignette.Rnw’... OK
‘differences.Rnw’... OK
‘imputation-vignette.Rnw’... OK
‘ld-vignette.Rnw’... OK
‘pca-vignette.Rnw’... OK
‘snpStats-vignette.Rnw’... OK
‘tdt-vignette.Rnw’... OK
OK
* checking re-building of vignette outputs ... OK
* checking PDF version of manual ... OK
* DONE
Status: 2 WARNINGs, 1 NOTE
See
‘/home/biocbuild/bbs-3.17-bioc/meat/snpStats.Rcheck/00check.log’
for details.
snpStats.Rcheck/00install.out
##############################################################################
##############################################################################
###
### Running command:
###
### /home/biocbuild/bbs-3.17-bioc/R/bin/R CMD INSTALL snpStats
###
##############################################################################
##############################################################################
* installing to library ‘/home/biocbuild/bbs-3.17-bioc/R/site-library’
* installing *source* package ‘snpStats’ ...
** using staged installation
** libs
using C compiler: ‘gcc (Ubuntu 11.3.0-1ubuntu1~22.04) 11.3.0’
gcc -I"/home/biocbuild/bbs-3.17-bioc/R/include" -DNDEBUG -I/usr/local/include -fpic -g -O2 -Wall -c Runcertain.c -o Runcertain.o
gcc -I"/home/biocbuild/bbs-3.17-bioc/R/include" -DNDEBUG -I/usr/local/include -fpic -g -O2 -Wall -c bind.c -o bind.o
gcc -I"/home/biocbuild/bbs-3.17-bioc/R/include" -DNDEBUG -I/usr/local/include -fpic -g -O2 -Wall -c count_gt.c -o count_gt.o
gcc -I"/home/biocbuild/bbs-3.17-bioc/R/include" -DNDEBUG -I/usr/local/include -fpic -g -O2 -Wall -c covwin.c -o covwin.o
gcc -I"/home/biocbuild/bbs-3.17-bioc/R/include" -DNDEBUG -I/usr/local/include -fpic -g -O2 -Wall -c force_hom.c -o force_hom.o
gcc -I"/home/biocbuild/bbs-3.17-bioc/R/include" -DNDEBUG -I/usr/local/include -fpic -g -O2 -Wall -c fst.c -o fst.o
gcc -I"/home/biocbuild/bbs-3.17-bioc/R/include" -DNDEBUG -I/usr/local/include -fpic -g -O2 -Wall -c glm_test.c -o glm_test.o
gcc -I"/home/biocbuild/bbs-3.17-bioc/R/include" -DNDEBUG -I/usr/local/include -fpic -g -O2 -Wall -c glm_test_R.c -o glm_test_R.o
glm_test_R.c: In function ‘snp_rhs_score’:
glm_test_R.c:368:7: warning: unused variable ‘max_name_length’ [-Wunused-variable]
368 | int max_name_length = MAX_NAME_LENGTH -1;
| ^~~~~~~~~~~~~~~
gcc -I"/home/biocbuild/bbs-3.17-bioc/R/include" -DNDEBUG -I/usr/local/include -fpic -g -O2 -Wall -c hash_index.c -o hash_index.o
gcc -I"/home/biocbuild/bbs-3.17-bioc/R/include" -DNDEBUG -I/usr/local/include -fpic -g -O2 -Wall -c hphase.c -o hphase.o
gcc -I"/home/biocbuild/bbs-3.17-bioc/R/include" -DNDEBUG -I/usr/local/include -fpic -g -O2 -Wall -c imputation.c -o imputation.o
gcc -I"/home/biocbuild/bbs-3.17-bioc/R/include" -DNDEBUG -I/usr/local/include -fpic -g -O2 -Wall -c in.c -o in.o
gcc -I"/home/biocbuild/bbs-3.17-bioc/R/include" -DNDEBUG -I/usr/local/include -fpic -g -O2 -Wall -c input.c -o input.o
In file included from /usr/include/string.h:535,
from input.c:6:
In function ‘strncpy’,
inlined from ‘simplify_names’ at input.c:788:5:
/usr/include/x86_64-linux-gnu/bits/string_fortified.h:95:10: warning: ‘__builtin_strncpy’ output may be truncated copying 127 bytes from a string of length 127 [-Wstringop-truncation]
95 | return __builtin___strncpy_chk (__dest, __src, __len,
| ^~~~~~~~~~~~~~~~~~~~~~~~~~~~~~~~~~~~~~~~~~~~~~
96 | __glibc_objsize (__dest));
| ~~~~~~~~~~~~~~~~~~~~~~~~~
In function ‘strncpy’,
inlined from ‘insnp_new’ at input.c:442:4:
/usr/include/x86_64-linux-gnu/bits/string_fortified.h:95:10: warning: ‘__builtin_strncpy’ output may be truncated copying 127 bytes from a string of length 127 [-Wstringop-truncation]
95 | return __builtin___strncpy_chk (__dest, __src, __len,
| ^~~~~~~~~~~~~~~~~~~~~~~~~~~~~~~~~~~~~~~~~~~~~~
96 | __glibc_objsize (__dest));
| ~~~~~~~~~~~~~~~~~~~~~~~~~
In function ‘strncpy’,
inlined from ‘insnp_new’ at input.c:438:4:
/usr/include/x86_64-linux-gnu/bits/string_fortified.h:95:10: warning: ‘__builtin_strncpy’ output may be truncated copying 127 bytes from a string of length 127 [-Wstringop-truncation]
95 | return __builtin___strncpy_chk (__dest, __src, __len,
| ^~~~~~~~~~~~~~~~~~~~~~~~~~~~~~~~~~~~~~~~~~~~~~
96 | __glibc_objsize (__dest));
| ~~~~~~~~~~~~~~~~~~~~~~~~~
In function ‘strncpy’,
inlined from ‘insnp_new’ at input.c:435:4:
/usr/include/x86_64-linux-gnu/bits/string_fortified.h:95:10: warning: ‘__builtin_strncpy’ output may be truncated copying 127 bytes from a string of length 127 [-Wstringop-truncation]
95 | return __builtin___strncpy_chk (__dest, __src, __len,
| ^~~~~~~~~~~~~~~~~~~~~~~~~~~~~~~~~~~~~~~~~~~~~~
96 | __glibc_objsize (__dest));
| ~~~~~~~~~~~~~~~~~~~~~~~~~
In function ‘strncpy’,
inlined from ‘insnp_new’ at input.c:432:4:
/usr/include/x86_64-linux-gnu/bits/string_fortified.h:95:10: warning: ‘__builtin_strncpy’ output may be truncated copying 127 bytes from a string of length 127 [-Wstringop-truncation]
95 | return __builtin___strncpy_chk (__dest, __src, __len,
| ^~~~~~~~~~~~~~~~~~~~~~~~~~~~~~~~~~~~~~~~~~~~~~
96 | __glibc_objsize (__dest));
| ~~~~~~~~~~~~~~~~~~~~~~~~~
In function ‘strncpy’,
inlined from ‘insnp_new’ at input.c:429:4:
/usr/include/x86_64-linux-gnu/bits/string_fortified.h:95:10: warning: ‘__builtin_strncpy’ output may be truncated copying 127 bytes from a string of length 127 [-Wstringop-truncation]
95 | return __builtin___strncpy_chk (__dest, __src, __len,
| ^~~~~~~~~~~~~~~~~~~~~~~~~~~~~~~~~~~~~~~~~~~~~~
96 | __glibc_objsize (__dest));
| ~~~~~~~~~~~~~~~~~~~~~~~~~
gcc -I"/home/biocbuild/bbs-3.17-bioc/R/include" -DNDEBUG -I/usr/local/include -fpic -g -O2 -Wall -c invert.c -o invert.o
gcc -I"/home/biocbuild/bbs-3.17-bioc/R/include" -DNDEBUG -I/usr/local/include -fpic -g -O2 -Wall -c ipf.c -o ipf.o
gcc -I"/home/biocbuild/bbs-3.17-bioc/R/include" -DNDEBUG -I/usr/local/include -fpic -g -O2 -Wall -c ld.c -o ld.o
gcc -I"/home/biocbuild/bbs-3.17-bioc/R/include" -DNDEBUG -I/usr/local/include -fpic -g -O2 -Wall -c misc.c -o misc.o
gcc -I"/home/biocbuild/bbs-3.17-bioc/R/include" -DNDEBUG -I/usr/local/include -fpic -g -O2 -Wall -c mla.c -o mla.o
gcc -I"/home/biocbuild/bbs-3.17-bioc/R/include" -DNDEBUG -I/usr/local/include -fpic -g -O2 -Wall -c mvphenotype.c -o mvphenotype.o
gcc -I"/home/biocbuild/bbs-3.17-bioc/R/include" -DNDEBUG -I/usr/local/include -fpic -g -O2 -Wall -c outdata.c -o outdata.o
gcc -I"/home/biocbuild/bbs-3.17-bioc/R/include" -DNDEBUG -I/usr/local/include -fpic -g -O2 -Wall -c plink.c -o plink.o
gcc -I"/home/biocbuild/bbs-3.17-bioc/R/include" -DNDEBUG -I/usr/local/include -fpic -g -O2 -Wall -c read_uncertain.c -o read_uncertain.o
gcc -I"/home/biocbuild/bbs-3.17-bioc/R/include" -DNDEBUG -I/usr/local/include -fpic -g -O2 -Wall -c readped.c -o readped.o
readped.c: In function ‘readped’:
readped.c:234:33: warning: ‘%d’ directive output may be truncated writing between 1 and 11 bytes into a region of size between 0 and 127 [-Wformat-truncation=]
234 | snprintf(fmid, MAX_ID, "%s%c%d", fid, sepchar, memi);
| ^~
In file included from /usr/include/stdio.h:894,
from /home/biocbuild/bbs-3.17-bioc/R/include/R.h:44,
from readped.c:3:
/usr/include/x86_64-linux-gnu/bits/stdio2.h:71:10: note: ‘__builtin___snprintf_chk’ output between 3 and 140 bytes into a destination of size 128
71 | return __builtin___snprintf_chk (__s, __n, __USE_FORTIFY_LEVEL - 1,
| ^~~~~~~~~~~~~~~~~~~~~~~~~~~~~~~~~~~~~~~~~~~~~~~~~~~~~~~~~~~~
72 | __glibc_objsize (__s), __fmt,
| ~~~~~~~~~~~~~~~~~~~~~~~~~~~~~
73 | __va_arg_pack ());
| ~~~~~~~~~~~~~~~~~
gcc -I"/home/biocbuild/bbs-3.17-bioc/R/include" -DNDEBUG -I/usr/local/include -fpic -g -O2 -Wall -c single_snp_tests.c -o single_snp_tests.o
single_snp_tests.c: In function ‘score_single’:
single_snp_tests.c:223:11: warning: ‘name_index’ may be used uninitialized in this function [-Wmaybe-uninitialized]
223 | do_impute(Snps, n, NULL, subset, nsubj, name_index, Rule, gt2ht,
| ^~~~~~~~~~~~~~~~~~~~~~~~~~~~~~~~~~~~~~~~~~~~~~~~~~~~~~~~~~~~~~~~
224 | xadd, xdom);
| ~~~~~~~~~~~
gcc -I"/home/biocbuild/bbs-3.17-bioc/R/include" -DNDEBUG -I/usr/local/include -fpic -g -O2 -Wall -c snp_summary.c -o snp_summary.o
gcc -I"/home/biocbuild/bbs-3.17-bioc/R/include" -DNDEBUG -I/usr/local/include -fpic -g -O2 -Wall -c snpmpy.c -o snpmpy.o
gcc -I"/home/biocbuild/bbs-3.17-bioc/R/include" -DNDEBUG -I/usr/local/include -fpic -g -O2 -Wall -c solve_cubic.c -o solve_cubic.o
gcc -I"/home/biocbuild/bbs-3.17-bioc/R/include" -DNDEBUG -I/usr/local/include -fpic -g -O2 -Wall -c structure.c -o structure.o
gcc -I"/home/biocbuild/bbs-3.17-bioc/R/include" -DNDEBUG -I/usr/local/include -fpic -g -O2 -Wall -c subset.c -o subset.o
gcc -I"/home/biocbuild/bbs-3.17-bioc/R/include" -DNDEBUG -I/usr/local/include -fpic -g -O2 -Wall -c switch.c -o switch.o
switch.c: In function ‘test_switch’:
switch.c:32:8: warning: variable ‘female2’ set but not used [-Wunused-but-set-variable]
32 | int *female2 = NULL;
| ^~~~~~~
gcc -I"/home/biocbuild/bbs-3.17-bioc/R/include" -DNDEBUG -I/usr/local/include -fpic -g -O2 -Wall -c tdt.c -o tdt.o
gcc -I"/home/biocbuild/bbs-3.17-bioc/R/include" -DNDEBUG -I/usr/local/include -fpic -g -O2 -Wall -c testBig.c -o testBig.o
testBig.c: In function ‘snp_big’:
testBig.c:31:27: warning: ‘%d’ directive writing between 1 and 10 bytes into a region of size 9 [-Wformat-overflow=]
31 | sprintf(name, "Subject%d", i+1);
| ^~
testBig.c:31:19: note: directive argument in the range [1, 2147483647]
31 | sprintf(name, "Subject%d", i+1);
| ^~~~~~~~~~~
In file included from /usr/include/stdio.h:894,
from /home/biocbuild/bbs-3.17-bioc/R/include/R.h:44,
from testBig.c:1:
/usr/include/x86_64-linux-gnu/bits/stdio2.h:38:10: note: ‘__builtin___sprintf_chk’ output between 9 and 18 bytes into a destination of size 16
38 | return __builtin___sprintf_chk (__s, __USE_FORTIFY_LEVEL - 1,
| ^~~~~~~~~~~~~~~~~~~~~~~~~~~~~~~~~~~~~~~~~~~~~~~~~~~~~~
39 | __glibc_objsize (__s), __fmt,
| ~~~~~~~~~~~~~~~~~~~~~~~~~~~~~
40 | __va_arg_pack ());
| ~~~~~~~~~~~~~~~~~
gcc -I"/home/biocbuild/bbs-3.17-bioc/R/include" -DNDEBUG -I/usr/local/include -fpic -g -O2 -Wall -c uncertain.c -o uncertain.o
gcc -shared -L/home/biocbuild/bbs-3.17-bioc/R/lib -L/usr/local/lib -o snpStats.so Runcertain.o bind.o count_gt.o covwin.o force_hom.o fst.o glm_test.o glm_test_R.o hash_index.o hphase.o imputation.o in.o input.o invert.o ipf.o ld.o misc.o mla.o mvphenotype.o outdata.o plink.o read_uncertain.o readped.o single_snp_tests.o snp_summary.o snpmpy.o solve_cubic.o structure.o subset.o switch.o tdt.o testBig.o uncertain.o -lz -L/home/biocbuild/bbs-3.17-bioc/R/lib -lR
installing to /home/biocbuild/bbs-3.17-bioc/R/site-library/00LOCK-snpStats/00new/snpStats/libs
** R
** data
** inst
** byte-compile and prepare package for lazy loading
** help
*** installing help indices
** building package indices
** installing vignettes
** testing if installed package can be loaded from temporary location
** checking absolute paths in shared objects and dynamic libraries
** testing if installed package can be loaded from final location
** testing if installed package keeps a record of temporary installation path
* DONE (snpStats)
snpStats.Rcheck/snpStats-Ex.timings
| name | user | system | elapsed | |
| Fst | 0.507 | 0.045 | 0.552 | |
| GlmEstimates-class | 0.001 | 0.000 | 0.001 | |
| GlmTests-class | 0.001 | 0.000 | 0.001 | |
| ImputationRules-class | 0.000 | 0.000 | 0.001 | |
| SingleSnpTests-class | 0.001 | 0.000 | 0.001 | |
| SnpMatrix-class | 0.167 | 0.015 | 0.182 | |
| XSnpMatrix-class | 0.083 | 0.009 | 0.091 | |
| chi.squared | 0.072 | 0.004 | 0.076 | |
| families | 0.019 | 0.000 | 0.019 | |
| filter.rules | 0.000 | 0.000 | 0.001 | |
| for.exercise | 1.144 | 0.023 | 1.168 | |
| ibsCount | 0.401 | 0.008 | 0.410 | |
| ibsDist | 0.263 | 0.000 | 0.263 | |
| imputation.maf | 0 | 0 | 0 | |
| impute.snps | 0.661 | 0.052 | 0.713 | |
| ld | 0.075 | 0.000 | 0.075 | |
| mean2g | 0.075 | 0.004 | 0.079 | |
| misinherits | 0.034 | 0.019 | 0.055 | |
| mvtests | 0 | 0 | 0 | |
| plotUncertainty | 0.000 | 0.000 | 0.001 | |
| pool | 0.175 | 0.000 | 0.175 | |
| pp | 0.054 | 0.003 | 0.058 | |
| qq.chisq | 0 | 0 | 0 | |
| random.snps | 0.004 | 0.000 | 0.004 | |
| read.beagle | 0 | 0 | 0 | |
| read.impute | 0 | 0 | 0 | |
| read.long | 0.000 | 0.000 | 0.001 | |
| read.mach | 0 | 0 | 0 | |
| read.pedfile | 0 | 0 | 0 | |
| row.summary | 0.124 | 0.002 | 0.125 | |
| single.snp.tests | 0.088 | 0.011 | 0.100 | |
| sm.compare | 0 | 0 | 0 | |
| snp.cor | 0.374 | 0.006 | 0.381 | |
| snp.imputation | 0.708 | 0.020 | 0.728 | |
| snp.lhs.estimates | 0.182 | 0.031 | 0.214 | |
| snp.lhs.tests | 0.081 | 0.004 | 0.085 | |
| snp.pre.multiply | 0.077 | 0.016 | 0.093 | |
| snp.rhs.estimates | 0.087 | 0.028 | 0.115 | |
| snp.rhs.tests | 0.077 | 0.003 | 0.079 | |
| switch.alleles | 0.075 | 0.008 | 0.084 | |
| tdt.snp | 0.02 | 0.00 | 0.02 | |
| test.allele.switch | 0.103 | 0.008 | 0.111 | |
| testdata | 0.121 | 0.004 | 0.125 | |
| write.plink | 0.113 | 0.008 | 0.122 | |
| xxt | 0.302 | 0.004 | 0.306 | |