| Back to Multiple platform build/check report for BioC 3.17 |
|
This page was generated on 2023-04-12 10:55:30 -0400 (Wed, 12 Apr 2023).
| Hostname | OS | Arch (*) | R version | Installed pkgs |
|---|---|---|---|---|
| nebbiolo1 | Linux (Ubuntu 22.04.1 LTS) | x86_64 | 4.3.0 alpha (2023-04-03 r84154) | 4547 |
| nebbiolo2 | Linux (Ubuntu 20.04.5 LTS) | x86_64 | R Under development (unstable) (2023-02-14 r83833) -- "Unsuffered Consequences" | 4333 |
| Click on any hostname to see more info about the system (e.g. compilers) (*) as reported by 'uname -p', except on Windows and Mac OS X | ||||
|
To the developers/maintainers of the rnaEditr package: - Allow up to 24 hours (and sometimes 48 hours) for your latest push to git@git.bioconductor.org:packages/rnaEditr.git to reflect on this report. See Troubleshooting Build Report for more information. - Use the following Renviron settings to reproduce errors and warnings. Note: If "R CMD check" recently failed on the Linux builder over a missing dependency, add the missing dependency to "Suggests" in your DESCRIPTION file. See the Renviron.bioc for details. |
| Package 1722/2207 | Hostname | OS / Arch | INSTALL | BUILD | CHECK | BUILD BIN | ||||||||
| rnaEditr 1.9.0 (landing page) Lanyu Zhang
| nebbiolo1 | Linux (Ubuntu 22.04.1 LTS) / x86_64 | OK | OK | WARNINGS | |||||||||
| nebbiolo2 | Linux (Ubuntu 20.04.5 LTS) / x86_64 | OK | OK | WARNINGS | ||||||||||
| Package: rnaEditr |
| Version: 1.9.0 |
| Command: /home/biocbuild/bbs-3.17-bioc/R/bin/R CMD check --install=check:rnaEditr.install-out.txt --library=/home/biocbuild/bbs-3.17-bioc/R/site-library --timings rnaEditr_1.9.0.tar.gz |
| StartedAt: 2023-04-11 23:03:50 -0400 (Tue, 11 Apr 2023) |
| EndedAt: 2023-04-11 23:08:41 -0400 (Tue, 11 Apr 2023) |
| EllapsedTime: 291.2 seconds |
| RetCode: 0 |
| Status: WARNINGS |
| CheckDir: rnaEditr.Rcheck |
| Warnings: 1 |
##############################################################################
##############################################################################
###
### Running command:
###
### /home/biocbuild/bbs-3.17-bioc/R/bin/R CMD check --install=check:rnaEditr.install-out.txt --library=/home/biocbuild/bbs-3.17-bioc/R/site-library --timings rnaEditr_1.9.0.tar.gz
###
##############################################################################
##############################################################################
* using log directory ‘/home/biocbuild/bbs-3.17-bioc/meat/rnaEditr.Rcheck’
* using R version 4.3.0 alpha (2023-04-03 r84154)
* using platform: x86_64-pc-linux-gnu (64-bit)
* R was compiled by
gcc (Ubuntu 11.3.0-1ubuntu1~22.04) 11.3.0
GNU Fortran (Ubuntu 11.3.0-1ubuntu1~22.04) 11.3.0
* running under: Ubuntu 22.04.2 LTS
* using session charset: UTF-8
* checking for file ‘rnaEditr/DESCRIPTION’ ... OK
* this is package ‘rnaEditr’ version ‘1.9.0’
* package encoding: UTF-8
* checking package namespace information ... OK
* checking package dependencies ... OK
* checking if this is a source package ... OK
* checking if there is a namespace ... OK
* checking for hidden files and directories ... OK
* checking for portable file names ... OK
* checking for sufficient/correct file permissions ... OK
* checking whether package ‘rnaEditr’ can be installed ... OK
* checking installed package size ... OK
* checking package directory ... OK
* checking ‘build’ directory ... OK
* checking DESCRIPTION meta-information ... OK
* checking top-level files ... OK
* checking for left-over files ... OK
* checking index information ... OK
* checking package subdirectories ... OK
* checking R files for non-ASCII characters ... OK
* checking R files for syntax errors ... OK
* checking whether the package can be loaded ... OK
* checking whether the package can be loaded with stated dependencies ... OK
* checking whether the package can be unloaded cleanly ... OK
* checking whether the namespace can be loaded with stated dependencies ... OK
* checking whether the namespace can be unloaded cleanly ... OK
* checking loading without being on the library search path ... OK
* checking dependencies in R code ... OK
* checking S3 generic/method consistency ... OK
* checking replacement functions ... OK
* checking foreign function calls ... OK
* checking R code for possible problems ... OK
* checking Rd files ... WARNING
checkRd: (7) TestSingleRegion.Rd:38: Invalid URL: "https://www.jstor.org/stable/2336755"
* checking Rd metadata ... OK
* checking Rd cross-references ... OK
* checking for missing documentation entries ... OK
* checking for code/documentation mismatches ... OK
* checking Rd \usage sections ... OK
* checking Rd contents ... OK
* checking for unstated dependencies in examples ... OK
* checking contents of ‘data’ directory ... OK
* checking data for non-ASCII characters ... OK
* checking data for ASCII and uncompressed saves ... OK
* checking files in ‘vignettes’ ... OK
* checking examples ... OK
* checking for unstated dependencies in ‘tests’ ... OK
* checking tests ...
Running ‘testthat.R’
OK
* checking for unstated dependencies in vignettes ... OK
* checking package vignettes in ‘inst/doc’ ... OK
* checking running R code from vignettes ...
‘introduction_to_rnaEditr.Rmd’ using ‘UTF-8’... OK
NONE
* checking re-building of vignette outputs ... OK
* checking PDF version of manual ... OK
* DONE
Status: 1 WARNING
See
‘/home/biocbuild/bbs-3.17-bioc/meat/rnaEditr.Rcheck/00check.log’
for details.
rnaEditr.Rcheck/00install.out
############################################################################## ############################################################################## ### ### Running command: ### ### /home/biocbuild/bbs-3.17-bioc/R/bin/R CMD INSTALL rnaEditr ### ############################################################################## ############################################################################## * installing to library ‘/home/biocbuild/bbs-3.17-bioc/R/site-library’ * installing *source* package ‘rnaEditr’ ... ** using staged installation ** R ** data ** inst ** byte-compile and prepare package for lazy loading ** help *** installing help indices ** building package indices ** installing vignettes ** testing if installed package can be loaded from temporary location ** testing if installed package can be loaded from final location ** testing if installed package keeps a record of temporary installation path * DONE (rnaEditr)
rnaEditr.Rcheck/tests/testthat.Rout
R version 4.3.0 alpha (2023-04-03 r84154)
Copyright (C) 2023 The R Foundation for Statistical Computing
Platform: x86_64-pc-linux-gnu (64-bit)
R is free software and comes with ABSOLUTELY NO WARRANTY.
You are welcome to redistribute it under certain conditions.
Type 'license()' or 'licence()' for distribution details.
R is a collaborative project with many contributors.
Type 'contributors()' for more information and
'citation()' on how to cite R or R packages in publications.
Type 'demo()' for some demos, 'help()' for on-line help, or
'help.start()' for an HTML browser interface to help.
Type 'q()' to quit R.
> library(testthat)
> library(rnaEditr)
>
> test_check("rnaEditr")
| | 0%
|================= |33.33333% ~2 s remaining
|================================== |66.66667% ~1 s remaining
|====================================================|100% ~0 s remaining
|====================================================|100% Completed after 1 s
| | 0%
|================= |33.33333% ~0 s remaining
|================================== |66.66667% ~0 s remaining
|====================================================|100% ~0 s remaining
|====================================================|100% Completed after 0 s
| | 0%
|================= |33.33333% ~0 s remaining
|================================== |66.66667% ~0 s remaining
|====================================================|100% ~0 s remaining
|====================================================|100% Completed after 0 s
| | 0%
|====== |12.5% ~0 s remaining
|============= | 25% ~0 s remaining
|=================== |37.5% ~0 s remaining
|========================== | 50% ~0 s remaining
|================================ |62.5% ~0 s remaining
|======================================= | 75% ~0 s remaining
|============================================= |87.5% ~0 s remaining
|====================================================|100% ~0 s remaining
|====================================================|100% Completed after 1 s
| | 0%
|=== |7.142857% ~1 s remaining
|======= |14.28571% ~1 s remaining
|=========== |21.42857% ~1 s remaining
|============== |28.57143% ~1 s remaining
|================== |35.71429% ~0 s remaining
|====================== |42.85714% ~0 s remaining
|========================== | 50% ~0 s remaining
|============================= |57.14286% ~0 s remaining
|================================= |64.28571% ~0 s remaining
|===================================== |71.42857% ~0 s remaining
|======================================== |78.57143% ~0 s remaining
|============================================ |85.71429% ~0 s remaining
|================================================ |92.85714% ~0 s remaining
|====================================================|100% ~0 s remaining
|====================================================|100% Completed after 1 s
| | 0%
|=== |7.142857% ~0 s remaining
|======= |14.28571% ~0 s remaining
|=========== |21.42857% ~0 s remaining
|============== |28.57143% ~0 s remaining
|================== |35.71429% ~0 s remaining
|====================== |42.85714% ~0 s remaining
|========================== | 50% ~0 s remaining
|============================= |57.14286% ~0 s remaining
|================================= |64.28571% ~0 s remaining
|===================================== |71.42857% ~0 s remaining
|======================================== |78.57143% ~0 s remaining
|============================================ |85.71429% ~0 s remaining
|================================================ |92.85714% ~0 s remaining
|====================================================|100% ~0 s remaining
|====================================================|100% Completed after 0 s
| | 0%
|================= |33.33333% ~0 s remaining
|================================== |66.66667% ~0 s remaining
|====================================================|100% ~0 s remaining
|====================================================|100% Completed after 0 s
| | 0%
|==== |7.692308% ~1 s remaining
|======== |15.38462% ~1 s remaining
|============ |23.07692% ~1 s remaining
|================ |30.76923% ~1 s remaining
|==================== |38.46154% ~0 s remaining
|======================== |46.15385% ~0 s remaining
|============================ |53.84615% ~0 s remaining
|================================ |61.53846% ~0 s remaining
|==================================== |69.23077% ~0 s remaining
|======================================== |76.92308% ~0 s remaining
|============================================ |84.61538% ~0 s remaining
|================================================ |92.30769% ~0 s remaining
|====================================================|100% ~0 s remaining
|====================================================|100% Completed after 1 s
| | 0%
|================= |33.33333% ~0 s remaining
|================================== |66.66667% ~0 s remaining
|====================================================|100% ~0 s remaining
|====================================================|100% Completed after 0 s
| | 0%
|==== |7.692308% ~1 s remaining
|======== |15.38462% ~1 s remaining
|============ |23.07692% ~1 s remaining
|================ |30.76923% ~0 s remaining
|==================== |38.46154% ~0 s remaining
|======================== |46.15385% ~0 s remaining
|============================ |53.84615% ~0 s remaining
|================================ |61.53846% ~0 s remaining
|==================================== |69.23077% ~0 s remaining
|======================================== |76.92308% ~0 s remaining
|============================================ |84.61538% ~0 s remaining
|================================================ |92.30769% ~0 s remaining
|====================================================|100% ~0 s remaining
|====================================================|100% Completed after 1 s
| | 0%
|==== |7.692308% ~0 s remaining
|======== |15.38462% ~0 s remaining
|============ |23.07692% ~0 s remaining
|================ |30.76923% ~0 s remaining
|==================== |38.46154% ~0 s remaining
|======================== |46.15385% ~0 s remaining
|============================ |53.84615% ~0 s remaining
|================================ |61.53846% ~0 s remaining
|==================================== |69.23077% ~0 s remaining
|======================================== |76.92308% ~0 s remaining
|============================================ |84.61538% ~0 s remaining
|================================================ |92.30769% ~0 s remaining
|====================================================|100% ~0 s remaining
|====================================================|100% Completed after 0 s
[ FAIL 0 | WARN 0 | SKIP 0 | PASS 8 ]
>
> proc.time()
user system elapsed
17.747 0.744 18.482
rnaEditr.Rcheck/rnaEditr-Ex.timings
| name | user | system | elapsed | |
| AddMetaData | 0.591 | 0.024 | 0.616 | |
| AllCloseByRegions | 0.395 | 0.012 | 0.406 | |
| AllCoeditedRegions | 0.592 | 0.004 | 0.596 | |
| AnnotateResults | 2.428 | 0.048 | 2.475 | |
| CountSamplesPerGroup | 0.003 | 0.000 | 0.002 | |
| CreateEditingTable | 0.036 | 0.000 | 0.035 | |
| CreateOutputDF | 0.034 | 0.004 | 0.037 | |
| CreateRdrop | 0.012 | 0.000 | 0.012 | |
| FindCorrelatedRegions | 0.014 | 0.000 | 0.014 | |
| GetMinPairwiseCor | 0.005 | 0.000 | 0.005 | |
| GetSitesLocations | 0.08 | 0.00 | 0.08 | |
| MakeModelFormula | 0.000 | 0.000 | 0.001 | |
| MarkCoeditedSites | 0.012 | 0.000 | 0.013 | |
| OrderSitesByLocation | 0.001 | 0.000 | 0.002 | |
| PlotEditingCorrelations | 0.587 | 0.016 | 0.603 | |
| RegionSummaryMethod | 0.050 | 0.004 | 0.054 | |
| SingleCloseByRegion | 0.089 | 0.004 | 0.093 | |
| SingleCoeditedRegion | 0.966 | 0.104 | 1.069 | |
| SitesToRegion | 0.030 | 0.000 | 0.029 | |
| SummarizeAllRegions | 1.312 | 0.071 | 1.384 | |
| SummarizeSingleRegion | 0.091 | 0.000 | 0.091 | |
| TestAssociations | 2.082 | 0.036 | 2.118 | |
| TestSingleRegion | 0.036 | 0.004 | 0.039 | |
| TransformToGR | 0.056 | 0.000 | 0.056 | |