| Back to Multiple platform build/check report for BioC 3.17 |
|
This page was generated on 2023-04-12 10:55:40 -0400 (Wed, 12 Apr 2023).
| Hostname | OS | Arch (*) | R version | Installed pkgs |
|---|---|---|---|---|
| nebbiolo1 | Linux (Ubuntu 22.04.1 LTS) | x86_64 | 4.3.0 alpha (2023-04-03 r84154) | 4547 |
| nebbiolo2 | Linux (Ubuntu 20.04.5 LTS) | x86_64 | R Under development (unstable) (2023-02-14 r83833) -- "Unsuffered Consequences" | 4333 |
| Click on any hostname to see more info about the system (e.g. compilers) (*) as reported by 'uname -p', except on Windows and Mac OS X | ||||
|
To the developers/maintainers of the regioneR package: - Allow up to 24 hours (and sometimes 48 hours) for your latest push to git@git.bioconductor.org:packages/regioneR.git to reflect on this report. See Troubleshooting Build Report for more information. - Use the following Renviron settings to reproduce errors and warnings. Note: If "R CMD check" recently failed on the Linux builder over a missing dependency, add the missing dependency to "Suggests" in your DESCRIPTION file. See the Renviron.bioc for details. |
| Package 1663/2207 | Hostname | OS / Arch | INSTALL | BUILD | CHECK | BUILD BIN | ||||||||
| regioneR 1.31.0 (landing page) Bernat Gel
| nebbiolo1 | Linux (Ubuntu 22.04.1 LTS) / x86_64 | OK | OK | WARNINGS | |||||||||
| nebbiolo2 | Linux (Ubuntu 20.04.5 LTS) / x86_64 | OK | OK | WARNINGS | ||||||||||
| Package: regioneR |
| Version: 1.31.0 |
| Command: /home/biocbuild/bbs-3.17-bioc/R/bin/R CMD check --install=check:regioneR.install-out.txt --library=/home/biocbuild/bbs-3.17-bioc/R/site-library --timings regioneR_1.31.0.tar.gz |
| StartedAt: 2023-04-12 08:44:22 -0400 (Wed, 12 Apr 2023) |
| EndedAt: 2023-04-12 08:54:23 -0400 (Wed, 12 Apr 2023) |
| EllapsedTime: 600.7 seconds |
| RetCode: 0 |
| Status: WARNINGS |
| CheckDir: regioneR.Rcheck |
| Warnings: 1 |
##############################################################################
##############################################################################
###
### Running command:
###
### /home/biocbuild/bbs-3.17-bioc/R/bin/R CMD check --install=check:regioneR.install-out.txt --library=/home/biocbuild/bbs-3.17-bioc/R/site-library --timings regioneR_1.31.0.tar.gz
###
##############################################################################
##############################################################################
* using log directory ‘/home/biocbuild/bbs-3.17-bioc/meat/regioneR.Rcheck’
* using R Under development (unstable) (2023-02-14 r83833)
* using platform: x86_64-pc-linux-gnu (64-bit)
* R was compiled by
gcc (Ubuntu 9.4.0-1ubuntu1~20.04.1) 9.4.0
GNU Fortran (Ubuntu 9.4.0-1ubuntu1~20.04.1) 9.4.0
* running under: Ubuntu 20.04.6 LTS
* using session charset: UTF-8
* checking for file ‘regioneR/DESCRIPTION’ ... OK
* checking extension type ... Package
* this is package ‘regioneR’ version ‘1.31.0’
* package encoding: UTF-8
* checking package namespace information ... OK
* checking package dependencies ... OK
* checking if this is a source package ... OK
* checking if there is a namespace ... OK
* checking for hidden files and directories ... OK
* checking for portable file names ... OK
* checking for sufficient/correct file permissions ... OK
* checking whether package ‘regioneR’ can be installed ... OK
* checking installed package size ... OK
* checking package directory ... OK
* checking ‘build’ directory ... OK
* checking DESCRIPTION meta-information ... NOTE
Package listed in more than one of Depends, Imports, Suggests, Enhances:
‘GenomicRanges’
A package should be listed in only one of these fields.
* checking top-level files ... OK
* checking for left-over files ... OK
* checking index information ... OK
* checking package subdirectories ... OK
* checking R files for non-ASCII characters ... OK
* checking R files for syntax errors ... OK
* checking whether the package can be loaded ... OK
* checking whether the package can be loaded with stated dependencies ... OK
* checking whether the package can be unloaded cleanly ... OK
* checking whether the namespace can be loaded with stated dependencies ... OK
* checking whether the namespace can be unloaded cleanly ... OK
* checking loading without being on the library search path ... OK
* checking dependencies in R code ... OK
* checking S3 generic/method consistency ... OK
* checking replacement functions ... OK
* checking foreign function calls ... OK
* checking R code for possible problems ... OK
* checking Rd files ... OK
* checking Rd metadata ... OK
* checking Rd cross-references ... OK
* checking for missing documentation entries ... OK
* checking for code/documentation mismatches ... OK
* checking Rd \usage sections ... WARNING
Undocumented arguments in documentation object 'resampleGenome'
‘min.tile.width’
Documented arguments not in \usage in documentation object 'resampleGenome':
‘integer’
Functions with \usage entries need to have the appropriate \alias
entries, and all their arguments documented.
The \usage entries must correspond to syntactically valid R code.
See chapter ‘Writing R documentation files’ in the ‘Writing R
Extensions’ manual.
* checking Rd contents ... OK
* checking for unstated dependencies in examples ... OK
* checking files in ‘vignettes’ ... OK
* checking examples ... OK
Examples with CPU (user + system) or elapsed time > 5s
user system elapsed
maskFromBSGenome 46.268 9.579 53.099
circularRandomizeRegions 40.712 5.989 46.862
getMask 34.366 5.564 39.931
filterChromosomes 32.968 5.468 38.440
resampleGenome 8.978 0.516 9.493
localZScore 4.381 0.643 6.298
* checking for unstated dependencies in ‘tests’ ... OK
* checking tests ...
Running ‘testthat.R’
OK
* checking for unstated dependencies in vignettes ... OK
* checking package vignettes in ‘inst/doc’ ... OK
* checking running R code from vignettes ...
‘regioneR.Rmd’ using ‘UTF-8’... OK
NONE
* checking re-building of vignette outputs ... OK
* checking PDF version of manual ... OK
* DONE
Status: 1 WARNING, 1 NOTE
See
‘/home/biocbuild/bbs-3.17-bioc/meat/regioneR.Rcheck/00check.log’
for details.
regioneR.Rcheck/00install.out
############################################################################## ############################################################################## ### ### Running command: ### ### /home/biocbuild/bbs-3.17-bioc/R/bin/R CMD INSTALL regioneR ### ############################################################################## ############################################################################## * installing to library ‘/home/biocbuild/bbs-3.17-bioc/R/site-library’ * installing *source* package ‘regioneR’ ... ** using staged installation ** R ** inst ** byte-compile and prepare package for lazy loading ** help *** installing help indices ** building package indices ** installing vignettes ** testing if installed package can be loaded from temporary location ** testing if installed package can be loaded from final location ** testing if installed package keeps a record of temporary installation path * DONE (regioneR)
regioneR.Rcheck/tests/testthat.Rout
R Under development (unstable) (2023-02-14 r83833) -- "Unsuffered Consequences"
Copyright (C) 2023 The R Foundation for Statistical Computing
Platform: x86_64-pc-linux-gnu (64-bit)
R is free software and comes with ABSOLUTELY NO WARRANTY.
You are welcome to redistribute it under certain conditions.
Type 'license()' or 'licence()' for distribution details.
R is a collaborative project with many contributors.
Type 'contributors()' for more information and
'citation()' on how to cite R or R packages in publications.
Type 'demo()' for some demos, 'help()' for on-line help, or
'help.start()' for an HTML browser interface to help.
Type 'q()' to quit R.
> library(testthat)
> library(regioneR)
Loading required package: GenomicRanges
Loading required package: stats4
Loading required package: BiocGenerics
Attaching package: 'BiocGenerics'
The following objects are masked from 'package:stats':
IQR, mad, sd, var, xtabs
The following objects are masked from 'package:base':
Filter, Find, Map, Position, Reduce, anyDuplicated, aperm, append,
as.data.frame, basename, cbind, colnames, dirname, do.call,
duplicated, eval, evalq, get, grep, grepl, intersect, is.unsorted,
lapply, mapply, match, mget, order, paste, pmax, pmax.int, pmin,
pmin.int, rank, rbind, rownames, sapply, setdiff, sort, table,
tapply, union, unique, unsplit, which.max, which.min
Loading required package: S4Vectors
Attaching package: 'S4Vectors'
The following objects are masked from 'package:base':
I, expand.grid, unname
Loading required package: IRanges
Loading required package: GenomeInfoDb
>
> test_check("regioneR")
[ FAIL 0 | WARN 0 | SKIP 0 | PASS 89 ]
>
> proc.time()
user system elapsed
48.652 10.107 58.748
regioneR.Rcheck/regioneR-Ex.timings
| name | user | system | elapsed | |
| characterToBSGenome | 0.166 | 0.028 | 0.195 | |
| circularRandomizeRegions | 40.712 | 5.989 | 46.862 | |
| commonRegions | 0.351 | 0.008 | 0.358 | |
| createFunctionsList | 0.657 | 0.000 | 0.657 | |
| createRandomRegions | 0.274 | 0.000 | 0.273 | |
| emptyCacheRegioneR | 0.001 | 0.000 | 0.001 | |
| extendRegions | 0.184 | 0.004 | 0.188 | |
| filterChromosomes | 32.968 | 5.468 | 38.440 | |
| getChromosomesByOrganism | 0.001 | 0.000 | 0.001 | |
| getGenome | 0.249 | 0.004 | 0.253 | |
| getGenomeAndMask | 0.095 | 0.000 | 0.095 | |
| getMask | 34.366 | 5.564 | 39.931 | |
| joinRegions | 0.133 | 0.003 | 0.137 | |
| listChrTypes | 0.009 | 0.000 | 0.010 | |
| localZScore | 4.381 | 0.643 | 6.298 | |
| maskFromBSGenome | 46.268 | 9.579 | 53.099 | |
| meanDistance | 0.083 | 0.027 | 0.110 | |
| meanInRegions | 0.137 | 0.009 | 0.146 | |
| mergeRegions | 0.117 | 0.000 | 0.117 | |
| numOverlaps | 0.230 | 0.004 | 0.234 | |
| overlapGraphicalSummary | 0.112 | 0.000 | 0.111 | |
| overlapPermTest | 2.250 | 0.051 | 2.303 | |
| overlapRegions | 0.068 | 0.000 | 0.068 | |
| permTest | 1.616 | 0.028 | 1.644 | |
| plot.localZScoreResults | 1.614 | 0.028 | 1.642 | |
| plot.localZScoreResultsList | 3.394 | 0.068 | 3.462 | |
| plot.permTestResults | 2.697 | 0.004 | 2.701 | |
| plot.permTestResultsList | 2.807 | 0.048 | 2.856 | |
| plotRegions | 0.065 | 0.008 | 0.074 | |
| print.permTestResults | 1.768 | 0.004 | 1.772 | |
| randomizeRegions | 0.329 | 0.004 | 0.333 | |
| recomputePermTest | 1.040 | 0.032 | 1.073 | |
| resampleGenome | 8.978 | 0.516 | 9.493 | |
| resampleRegions | 0.040 | 0.000 | 0.041 | |
| splitRegions | 0.074 | 0.000 | 0.075 | |
| subtractRegions | 0.192 | 0.020 | 0.211 | |
| toDataframe | 0.017 | 0.000 | 0.018 | |
| toGRanges | 0.778 | 0.028 | 0.806 | |
| uniqueRegions | 0.408 | 0.000 | 0.408 | |