| Back to Multiple platform build/check report for BioC 3.17 |
|
This page was generated on 2023-04-12 10:55:30 -0400 (Wed, 12 Apr 2023).
| Hostname | OS | Arch (*) | R version | Installed pkgs |
|---|---|---|---|---|
| nebbiolo1 | Linux (Ubuntu 22.04.1 LTS) | x86_64 | 4.3.0 alpha (2023-04-03 r84154) | 4547 |
| nebbiolo2 | Linux (Ubuntu 20.04.5 LTS) | x86_64 | R Under development (unstable) (2023-02-14 r83833) -- "Unsuffered Consequences" | 4333 |
| Click on any hostname to see more info about the system (e.g. compilers) (*) as reported by 'uname -p', except on Windows and Mac OS X | ||||
|
To the developers/maintainers of the recountmethylation package: - Allow up to 24 hours (and sometimes 48 hours) for your latest push to git@git.bioconductor.org:packages/recountmethylation.git to reflect on this report. See Troubleshooting Build Report for more information. - Use the following Renviron settings to reproduce errors and warnings. Note: If "R CMD check" recently failed on the Linux builder over a missing dependency, add the missing dependency to "Suggests" in your DESCRIPTION file. See the Renviron.bioc for details. |
| Package 1656/2207 | Hostname | OS / Arch | INSTALL | BUILD | CHECK | BUILD BIN | ||||||||
| recountmethylation 1.9.1 (landing page) Sean K Maden
| nebbiolo1 | Linux (Ubuntu 22.04.1 LTS) / x86_64 | OK | OK | ERROR | |||||||||
| nebbiolo2 | Linux (Ubuntu 20.04.5 LTS) / x86_64 | OK | OK | ERROR | ||||||||||
| Package: recountmethylation |
| Version: 1.9.1 |
| Command: /home/biocbuild/bbs-3.17-bioc/R/bin/R CMD check --install=check:recountmethylation.install-out.txt --library=/home/biocbuild/bbs-3.17-bioc/R/site-library --timings recountmethylation_1.9.1.tar.gz |
| StartedAt: 2023-04-11 22:53:28 -0400 (Tue, 11 Apr 2023) |
| EndedAt: 2023-04-11 22:56:43 -0400 (Tue, 11 Apr 2023) |
| EllapsedTime: 195.2 seconds |
| RetCode: 1 |
| Status: ERROR |
| CheckDir: recountmethylation.Rcheck |
| Warnings: NA |
##############################################################################
##############################################################################
###
### Running command:
###
### /home/biocbuild/bbs-3.17-bioc/R/bin/R CMD check --install=check:recountmethylation.install-out.txt --library=/home/biocbuild/bbs-3.17-bioc/R/site-library --timings recountmethylation_1.9.1.tar.gz
###
##############################################################################
##############################################################################
* using log directory ‘/home/biocbuild/bbs-3.17-bioc/meat/recountmethylation.Rcheck’
* using R version 4.3.0 alpha (2023-04-03 r84154)
* using platform: x86_64-pc-linux-gnu (64-bit)
* R was compiled by
gcc (Ubuntu 11.3.0-1ubuntu1~22.04) 11.3.0
GNU Fortran (Ubuntu 11.3.0-1ubuntu1~22.04) 11.3.0
* running under: Ubuntu 22.04.2 LTS
* using session charset: UTF-8
* checking for file ‘recountmethylation/DESCRIPTION’ ... OK
* this is package ‘recountmethylation’ version ‘1.9.1’
* package encoding: UTF-8
* checking package namespace information ... OK
* checking package dependencies ... OK
* checking if this is a source package ... OK
* checking if there is a namespace ... OK
* checking for hidden files and directories ... OK
* checking for portable file names ... OK
* checking for sufficient/correct file permissions ... OK
* checking whether package ‘recountmethylation’ can be installed ... OK
* checking installed package size ... OK
* checking package directory ... OK
* checking ‘build’ directory ... OK
* checking DESCRIPTION meta-information ... OK
* checking top-level files ... OK
* checking for left-over files ... OK
* checking index information ... OK
* checking package subdirectories ... OK
* checking R files for non-ASCII characters ... OK
* checking R files for syntax errors ... OK
* checking whether the package can be loaded ... OK
* checking whether the package can be loaded with stated dependencies ... OK
* checking whether the package can be unloaded cleanly ... OK
* checking whether the namespace can be loaded with stated dependencies ... OK
* checking whether the namespace can be unloaded cleanly ... OK
* checking loading without being on the library search path ... OK
* checking startup messages can be suppressed ... OK
* checking dependencies in R code ... OK
* checking S3 generic/method consistency ... OK
* checking replacement functions ... OK
* checking foreign function calls ... OK
* checking R code for possible problems ... NOTE
get_fh : <anonymous>: no visible global function definition for
‘make_fhmatrix_autolabel’
make_si : <anonymous>: no visible global function definition for
‘make_hnsw_si’
query_si: no visible binding for global variable ‘v’
query_si : <anonymous>: no visible global function definition for
‘make_dfk_sampleid’
Undefined global functions or variables:
make_dfk_sampleid make_fhmatrix_autolabel make_hnsw_si v
* checking Rd files ... OK
* checking Rd metadata ... OK
* checking Rd cross-references ... OK
* checking for missing documentation entries ... OK
* checking for code/documentation mismatches ... OK
* checking Rd \usage sections ... OK
* checking Rd contents ... OK
* checking for unstated dependencies in examples ... OK
* checking files in ‘vignettes’ ... OK
* checking examples ... OK
Examples with CPU (user + system) or elapsed time > 5s
user system elapsed
bactrl 13.158 0.684 13.845
gds_idat2rg 6.821 1.017 16.963
gds_idatquery 0.547 0.193 6.134
get_rmdl 0.285 0.058 6.278
* checking for unstated dependencies in ‘tests’ ... OK
* checking tests ...
Running ‘test-servermatrix.R’
OK
* checking for unstated dependencies in vignettes ... OK
* checking package vignettes in ‘inst/doc’ ... OK
* checking running R code from vignettes ...
‘cpg_probe_annotations.Rmd’ using ‘UTF-8’... OK
‘exporting_saving_data.Rmd’ using ‘UTF-8’... OK
‘recountmethylation_data_analyses.Rmd’ using ‘UTF-8’... OK
‘recountmethylation_glint.Rmd’ using ‘UTF-8’... OK
‘recountmethylation_pwrewas.Rmd’ using ‘UTF-8’... OK
‘recountmethylation_search_index.Rmd’ using ‘UTF-8’... OK
‘recountmethylation_users_guide.Rmd’ using ‘UTF-8’... OK
NONE
* checking re-building of vignette outputs ... ERROR
Error(s) in re-building vignettes:
--- re-building ‘cpg_probe_annotations.Rmd’ using rmarkdown
Quitting from lines 28-31 (cpg_probe_annotations.Rmd)
Error: processing vignette 'cpg_probe_annotations.Rmd' failed with diagnostics:
there is no package called 'minfiDataEPIC'
--- failed re-building ‘cpg_probe_annotations.Rmd’
--- re-building ‘exporting_saving_data.Rmd’ using rmarkdown
--- finished re-building ‘exporting_saving_data.Rmd’
--- re-building ‘recountmethylation_data_analyses.Rmd’ using rmarkdown
--- finished re-building ‘recountmethylation_data_analyses.Rmd’
--- re-building ‘recountmethylation_glint.Rmd’ using rmarkdown
--- finished re-building ‘recountmethylation_glint.Rmd’
--- re-building ‘recountmethylation_pwrewas.Rmd’ using rmarkdown
--- finished re-building ‘recountmethylation_pwrewas.Rmd’
--- re-building ‘recountmethylation_search_index.Rmd’ using rmarkdown
--- finished re-building ‘recountmethylation_search_index.Rmd’
--- re-building ‘recountmethylation_users_guide.Rmd’ using rmarkdown
--- finished re-building ‘recountmethylation_users_guide.Rmd’
SUMMARY: processing the following file failed:
‘cpg_probe_annotations.Rmd’
Error: Vignette re-building failed.
Execution halted
* checking PDF version of manual ... OK
* DONE
Status: 1 ERROR, 1 NOTE
See
‘/home/biocbuild/bbs-3.17-bioc/meat/recountmethylation.Rcheck/00check.log’
for details.
recountmethylation.Rcheck/00install.out
############################################################################## ############################################################################## ### ### Running command: ### ### /home/biocbuild/bbs-3.17-bioc/R/bin/R CMD INSTALL recountmethylation ### ############################################################################## ############################################################################## * installing to library ‘/home/biocbuild/bbs-3.17-bioc/R/site-library’ * installing *source* package ‘recountmethylation’ ... ** using staged installation ** R ** inst ** byte-compile and prepare package for lazy loading ** help *** installing help indices ** building package indices ** installing vignettes ** testing if installed package can be loaded from temporary location ** testing if installed package can be loaded from final location ** testing if installed package keeps a record of temporary installation path * DONE (recountmethylation)
recountmethylation.Rcheck/tests/test-servermatrix.Rout
R version 4.3.0 alpha (2023-04-03 r84154)
Copyright (C) 2023 The R Foundation for Statistical Computing
Platform: x86_64-pc-linux-gnu (64-bit)
R is free software and comes with ABSOLUTELY NO WARRANTY.
You are welcome to redistribute it under certain conditions.
Type 'license()' or 'licence()' for distribution details.
R is a collaborative project with many contributors.
Type 'contributors()' for more information and
'citation()' on how to cite R or R packages in publications.
Type 'demo()' for some demos, 'help()' for on-line help, or
'help.start()' for an HTML browser interface to help.
Type 'q()' to quit R.
> testthat::context("Test the server matrix properties")
>
> testthat::test_that("Properties of server matrix returned from get_rmdl
+ and servermatrix", {
+ sm <- recountmethylation::get_servermatrix()
+ testthat::expect_true(is(sm, "matrix"))
+ testthat::expect_equal(ncol(sm), 4)
+ testthat::expect_true(is(sm[,1], "character"))
+ })
Test passed 🥳
>
> proc.time()
user system elapsed
1.327 0.090 6.823
recountmethylation.Rcheck/recountmethylation-Ex.timings
| name | user | system | elapsed | |
| bactrl | 13.158 | 0.684 | 13.845 | |
| bathresh | 0.001 | 0.000 | 0.001 | |
| data_mdpost | 0.007 | 0.004 | 0.013 | |
| gds_idat2rg | 6.821 | 1.017 | 16.963 | |
| gds_idatquery | 0.547 | 0.193 | 6.134 | |
| get_crossreactive_cpgs | 0.253 | 0.004 | 0.261 | |
| get_fh | 0 | 0 | 0 | |
| get_qcsignal | 2.668 | 0.424 | 3.115 | |
| get_rmdl | 0.285 | 0.058 | 6.278 | |
| get_servermatrix | 0.011 | 0.008 | 0.020 | |
| getdb | 0 | 0 | 0 | |
| getrg | 0.114 | 0.012 | 0.127 | |
| hread | 0.008 | 0.000 | 0.008 | |
| make_si | 0 | 0 | 0 | |
| matchds_1to2 | 0.000 | 0.001 | 0.002 | |
| query_si | 0.000 | 0.001 | 0.001 | |
| rgse | 0.299 | 0.034 | 0.333 | |
| servermatrix | 0.014 | 0.004 | 0.313 | |
| smfilt | 0.003 | 0.000 | 0.003 | |