| Back to Multiple platform build/check report for BioC 3.17 |
|
This page was generated on 2023-04-12 10:55:40 -0400 (Wed, 12 Apr 2023).
| Hostname | OS | Arch (*) | R version | Installed pkgs |
|---|---|---|---|---|
| nebbiolo1 | Linux (Ubuntu 22.04.1 LTS) | x86_64 | 4.3.0 alpha (2023-04-03 r84154) | 4547 |
| nebbiolo2 | Linux (Ubuntu 20.04.5 LTS) | x86_64 | R Under development (unstable) (2023-02-14 r83833) -- "Unsuffered Consequences" | 4333 |
| Click on any hostname to see more info about the system (e.g. compilers) (*) as reported by 'uname -p', except on Windows and Mac OS X | ||||
|
To the developers/maintainers of the pwOmics package: - Allow up to 24 hours (and sometimes 48 hours) for your latest push to git@git.bioconductor.org:packages/pwOmics.git to reflect on this report. See Troubleshooting Build Report for more information. - Use the following Renviron settings to reproduce errors and warnings. Note: If "R CMD check" recently failed on the Linux builder over a missing dependency, add the missing dependency to "Suggests" in your DESCRIPTION file. See the Renviron.bioc for details. |
| Package 1576/2207 | Hostname | OS / Arch | INSTALL | BUILD | CHECK | BUILD BIN | ||||||||
| pwOmics 1.31.0 (landing page) Maren Sitte
| nebbiolo1 | Linux (Ubuntu 22.04.1 LTS) / x86_64 | OK | OK | ERROR | |||||||||
| nebbiolo2 | Linux (Ubuntu 20.04.5 LTS) / x86_64 | OK | OK | ERROR | ||||||||||
| Package: pwOmics |
| Version: 1.31.0 |
| Command: /home/biocbuild/bbs-3.17-bioc/R/bin/R CMD check --install=check:pwOmics.install-out.txt --library=/home/biocbuild/bbs-3.17-bioc/R/site-library --timings pwOmics_1.31.0.tar.gz |
| StartedAt: 2023-04-12 08:34:17 -0400 (Wed, 12 Apr 2023) |
| EndedAt: 2023-04-12 08:39:01 -0400 (Wed, 12 Apr 2023) |
| EllapsedTime: 284.7 seconds |
| RetCode: 1 |
| Status: ERROR |
| CheckDir: pwOmics.Rcheck |
| Warnings: NA |
##############################################################################
##############################################################################
###
### Running command:
###
### /home/biocbuild/bbs-3.17-bioc/R/bin/R CMD check --install=check:pwOmics.install-out.txt --library=/home/biocbuild/bbs-3.17-bioc/R/site-library --timings pwOmics_1.31.0.tar.gz
###
##############################################################################
##############################################################################
* using log directory ‘/home/biocbuild/bbs-3.17-bioc/meat/pwOmics.Rcheck’
* using R Under development (unstable) (2023-02-14 r83833)
* using platform: x86_64-pc-linux-gnu (64-bit)
* R was compiled by
gcc (Ubuntu 9.4.0-1ubuntu1~20.04.1) 9.4.0
GNU Fortran (Ubuntu 9.4.0-1ubuntu1~20.04.1) 9.4.0
* running under: Ubuntu 20.04.6 LTS
* using session charset: UTF-8
* checking for file ‘pwOmics/DESCRIPTION’ ... OK
* checking extension type ... Package
* this is package ‘pwOmics’ version ‘1.31.0’
* checking package namespace information ... OK
* checking package dependencies ... OK
* checking if this is a source package ... OK
* checking if there is a namespace ... OK
* checking for hidden files and directories ... OK
* checking for portable file names ... OK
* checking for sufficient/correct file permissions ... OK
* checking whether package ‘pwOmics’ can be installed ... OK
* checking installed package size ... OK
* checking package directory ... OK
* checking DESCRIPTION meta-information ... OK
* checking top-level files ... OK
* checking for left-over files ... OK
* checking index information ... OK
* checking package subdirectories ... OK
* checking R files for non-ASCII characters ... OK
* checking R files for syntax errors ... OK
* checking whether the package can be loaded ... OK
* checking whether the package can be loaded with stated dependencies ... OK
* checking whether the package can be unloaded cleanly ... OK
* checking whether the namespace can be loaded with stated dependencies ... OK
* checking whether the namespace can be unloaded cleanly ... OK
* checking loading without being on the library search path ... OK
* checking dependencies in R code ... OK
* checking S3 generic/method consistency ... OK
* checking replacement functions ... OK
* checking foreign function calls ... OK
* checking R code for possible problems ... NOTE
identifyPWTFTGs: no visible binding for global variable ‘upreg’
identifyPWTFTGs: no visible binding for global variable ‘phosphoeffect’
infoConsensusGraph: no visible global function definition for ‘from’
Undefined global functions or variables:
from phosphoeffect upreg
* checking Rd files ... OK
* checking Rd metadata ... OK
* checking Rd cross-references ... OK
* checking for missing documentation entries ... OK
* checking for code/documentation mismatches ... OK
* checking Rd \usage sections ... WARNING
Documented arguments not in \usage in documentation object 'plotTimeProfileClusters':
‘...’
Documented arguments not in \usage in documentation object 'temp_correlations':
‘...’
Functions with \usage entries need to have the appropriate \alias
entries, and all their arguments documented.
The \usage entries must correspond to syntactically valid R code.
See chapter ‘Writing R documentation files’ in the ‘Writing R
Extensions’ manual.
* checking Rd contents ... OK
* checking for unstated dependencies in examples ... OK
* checking contents of ‘data’ directory ... OK
* checking data for non-ASCII characters ... OK
* checking data for ASCII and uncompressed saves ... OK
* checking examples ... OK
Examples with CPU (user + system) or elapsed time > 5s
user system elapsed
temp_correlations 128.68 1.035 130.563
* checking for unstated dependencies in ‘tests’ ... OK
* checking tests ...
Running ‘runTests.R’
ERROR
Running the tests in ‘tests/runTests.R’ failed.
Complete output:
> BiocGenerics:::testPackage("pwOmics")
Error in library("RUnit", quietly = TRUE) :
there is no package called 'RUnit'
Calls: <Anonymous> -> library
Execution halted
* checking PDF version of manual ... OK
* DONE
Status: 1 ERROR, 1 WARNING, 1 NOTE
See
‘/home/biocbuild/bbs-3.17-bioc/meat/pwOmics.Rcheck/00check.log’
for details.
pwOmics.Rcheck/00install.out
############################################################################## ############################################################################## ### ### Running command: ### ### /home/biocbuild/bbs-3.17-bioc/R/bin/R CMD INSTALL pwOmics ### ############################################################################## ############################################################################## * installing to library ‘/home/biocbuild/bbs-3.17-bioc/R/site-library’ * installing *source* package ‘pwOmics’ ... ** using staged installation ** R ** data ** inst ** byte-compile and prepare package for lazy loading ** help *** installing help indices ** building package indices ** testing if installed package can be loaded from temporary location ** testing if installed package can be loaded from final location ** testing if installed package keeps a record of temporary installation path * DONE (pwOmics)
pwOmics.Rcheck/tests/runTests.Rout.fail
R Under development (unstable) (2023-02-14 r83833) -- "Unsuffered Consequences"
Copyright (C) 2023 The R Foundation for Statistical Computing
Platform: x86_64-pc-linux-gnu (64-bit)
R is free software and comes with ABSOLUTELY NO WARRANTY.
You are welcome to redistribute it under certain conditions.
Type 'license()' or 'licence()' for distribution details.
R is a collaborative project with many contributors.
Type 'contributors()' for more information and
'citation()' on how to cite R or R packages in publications.
Type 'demo()' for some demos, 'help()' for on-line help, or
'help.start()' for an HTML browser interface to help.
Type 'q()' to quit R.
> BiocGenerics:::testPackage("pwOmics")
Error in library("RUnit", quietly = TRUE) :
there is no package called 'RUnit'
Calls: <Anonymous> -> library
Execution halted
pwOmics.Rcheck/pwOmics-Ex.timings
| name | user | system | elapsed | |
| clusterTimeProfiles | 0 | 0 | 0 | |
| consDynamicNet | 0 | 0 | 0 | |
| findSignalingAxes | 0 | 0 | 0 | |
| generate_DSSignalingBase | 0 | 0 | 0 | |
| getBiopaxModel | 0.001 | 0.000 | 0.000 | |
| getDS_PWs | 0 | 0 | 0 | |
| getDS_TFs | 0.001 | 0.000 | 0.000 | |
| getDS_TGs | 0 | 0 | 0 | |
| getGenesIntersection | 0.001 | 0.000 | 0.000 | |
| getOmicsDataset | 0 | 0 | 0 | |
| getOmicsTimepoints | 0.001 | 0.000 | 0.000 | |
| getOmicsallGeneIDs | 0 | 0 | 0 | |
| getOmicsallProteinIDs | 0 | 0 | 0 | |
| getProteinIntersection | 0 | 0 | 0 | |
| getTFIntersection | 0.001 | 0.000 | 0.000 | |
| getUS_PWs | 0 | 0 | 0 | |
| getUS_TFs | 0.001 | 0.000 | 0.000 | |
| getUS_regulators | 0 | 0 | 0 | |
| get_matching_transcripts | 0 | 0 | 0 | |
| gettpIntersection | 0.000 | 0.000 | 0.001 | |
| identifyPR | 0 | 0 | 0 | |
| identifyPWTFTGs | 0.000 | 0.000 | 0.001 | |
| identifyPWs | 0 | 0 | 0 | |
| identifyRsofTFs | 0.000 | 0.000 | 0.001 | |
| identifyTFs | 0 | 0 | 0 | |
| infoConsensusGraph | 0.000 | 0.000 | 0.001 | |
| plotConsDynNet | 0 | 0 | 0 | |
| plotConsensusGraph | 0 | 0 | 0 | |
| plotConsensusProfiles | 0 | 0 | 0 | |
| plotTimeProfileClusters | 0 | 0 | 0 | |
| readOmics | 0 | 0 | 0 | |
| readPWdata | 0 | 0 | 0 | |
| readPhosphodata | 0 | 0 | 0 | |
| readTFdata | 0 | 0 | 0 | |
| staticConsensusNet | 0 | 0 | 0 | |
| temp_correlations | 128.680 | 1.035 | 130.563 | |