| Back to Multiple platform build/check report for BioC 3.17 |
|
This page was generated on 2023-04-12 10:55:29 -0400 (Wed, 12 Apr 2023).
| Hostname | OS | Arch (*) | R version | Installed pkgs |
|---|---|---|---|---|
| nebbiolo1 | Linux (Ubuntu 22.04.1 LTS) | x86_64 | 4.3.0 alpha (2023-04-03 r84154) | 4547 |
| nebbiolo2 | Linux (Ubuntu 20.04.5 LTS) | x86_64 | R Under development (unstable) (2023-02-14 r83833) -- "Unsuffered Consequences" | 4333 |
| Click on any hostname to see more info about the system (e.g. compilers) (*) as reported by 'uname -p', except on Windows and Mac OS X | ||||
|
To the developers/maintainers of the psichomics package: - Allow up to 24 hours (and sometimes 48 hours) for your latest push to git@git.bioconductor.org:packages/psichomics.git to reflect on this report. See Troubleshooting Build Report for more information. - Use the following Renviron settings to reproduce errors and warnings. Note: If "R CMD check" recently failed on the Linux builder over a missing dependency, add the missing dependency to "Suggests" in your DESCRIPTION file. See the Renviron.bioc for details. |
| Package 1565/2207 | Hostname | OS / Arch | INSTALL | BUILD | CHECK | BUILD BIN | ||||||||
| psichomics 1.25.0 (landing page) Nuno Saraiva-Agostinho
| nebbiolo1 | Linux (Ubuntu 22.04.1 LTS) / x86_64 | OK | OK | WARNINGS | |||||||||
| nebbiolo2 | Linux (Ubuntu 20.04.5 LTS) / x86_64 | OK | OK | OK | ||||||||||
| Package: psichomics |
| Version: 1.25.0 |
| Command: /home/biocbuild/bbs-3.17-bioc/R/bin/R CMD check --install=check:psichomics.install-out.txt --library=/home/biocbuild/bbs-3.17-bioc/R/site-library --timings psichomics_1.25.0.tar.gz |
| StartedAt: 2023-04-11 22:41:41 -0400 (Tue, 11 Apr 2023) |
| EndedAt: 2023-04-11 22:50:34 -0400 (Tue, 11 Apr 2023) |
| EllapsedTime: 532.9 seconds |
| RetCode: 0 |
| Status: WARNINGS |
| CheckDir: psichomics.Rcheck |
| Warnings: 1 |
##############################################################################
##############################################################################
###
### Running command:
###
### /home/biocbuild/bbs-3.17-bioc/R/bin/R CMD check --install=check:psichomics.install-out.txt --library=/home/biocbuild/bbs-3.17-bioc/R/site-library --timings psichomics_1.25.0.tar.gz
###
##############################################################################
##############################################################################
* using log directory ‘/home/biocbuild/bbs-3.17-bioc/meat/psichomics.Rcheck’
* using R version 4.3.0 alpha (2023-04-03 r84154)
* using platform: x86_64-pc-linux-gnu (64-bit)
* R was compiled by
gcc (Ubuntu 11.3.0-1ubuntu1~22.04) 11.3.0
GNU Fortran (Ubuntu 11.3.0-1ubuntu1~22.04) 11.3.0
* running under: Ubuntu 22.04.2 LTS
* using session charset: UTF-8
* checking for file ‘psichomics/DESCRIPTION’ ... OK
* this is package ‘psichomics’ version ‘1.25.0’
* package encoding: UTF-8
* checking package namespace information ... OK
* checking package dependencies ... OK
* checking if this is a source package ... OK
* checking if there is a namespace ... OK
* checking for hidden files and directories ... NOTE
Found the following hidden files and directories:
.devcontainer
These were most likely included in error. See section ‘Package
structure’ in the ‘Writing R Extensions’ manual.
* checking for portable file names ... OK
* checking for sufficient/correct file permissions ... OK
* checking whether package ‘psichomics’ can be installed ... OK
* used C++ compiler: ‘g++ (Ubuntu 11.3.0-1ubuntu1~22.04) 11.3.0’
* checking installed package size ... OK
* checking package directory ... OK
* checking ‘build’ directory ... OK
* checking DESCRIPTION meta-information ... OK
* checking top-level files ... OK
* checking for left-over files ... OK
* checking index information ... OK
* checking package subdirectories ... OK
* checking R files for non-ASCII characters ... OK
* checking R files for syntax errors ... OK
* checking whether the package can be loaded ... OK
* checking whether the package can be loaded with stated dependencies ... OK
* checking whether the package can be unloaded cleanly ... OK
* checking whether the namespace can be loaded with stated dependencies ... OK
* checking whether the namespace can be unloaded cleanly ... OK
* checking loading without being on the library search path ... OK
* checking startup messages can be suppressed ... OK
* checking dependencies in R code ... OK
* checking S3 generic/method consistency ... WARNING
survfit:
function(formula, ...)
survfit.survTerms:
function(survTerms, ...)
See section ‘Generic functions and methods’ in the ‘Writing R
Extensions’ manual.
* checking replacement functions ... OK
* checking foreign function calls ... OK
* checking R code for possible problems ... OK
* checking Rd files ... OK
* checking Rd metadata ... OK
* checking Rd cross-references ... OK
* checking for missing documentation entries ... OK
* checking for code/documentation mismatches ... OK
* checking Rd \usage sections ... OK
* checking Rd contents ... OK
* checking for unstated dependencies in examples ... OK
* checking line endings in C/C++/Fortran sources/headers ... OK
* checking compiled code ... NOTE
Note: information on .o files is not available
* checking files in ‘vignettes’ ... OK
* checking examples ... OK
Examples with CPU (user + system) or elapsed time > 5s
user system elapsed
convertGeneIdentifiers 15.276 1.400 17.907
listSplicingAnnotations 10.969 1.292 12.998
queryEnsemblByGene 0.152 0.015 6.308
* checking for unstated dependencies in ‘tests’ ... OK
* checking tests ...
Running ‘spelling.R’
Running ‘testthat.R’
OK
* checking for unstated dependencies in vignettes ... OK
* checking package vignettes in ‘inst/doc’ ... OK
* checking running R code from vignettes ...
‘AS_events_preparation.Rmd’ using ‘UTF-8’... OK
‘CLI_tutorial.Rmd’ using ‘UTF-8’... OK
‘GUI_tutorial.Rmd’ using ‘UTF-8’... OK
‘custom_data.Rmd’ using ‘UTF-8’... OK
NONE
* checking re-building of vignette outputs ... OK
* checking PDF version of manual ... OK
* DONE
Status: 1 WARNING, 2 NOTEs
See
‘/home/biocbuild/bbs-3.17-bioc/meat/psichomics.Rcheck/00check.log’
for details.
psichomics.Rcheck/00install.out
############################################################################## ############################################################################## ### ### Running command: ### ### /home/biocbuild/bbs-3.17-bioc/R/bin/R CMD INSTALL psichomics ### ############################################################################## ############################################################################## * installing to library ‘/home/biocbuild/bbs-3.17-bioc/R/site-library’ * installing *source* package ‘psichomics’ ... ** using staged installation ** libs using C++ compiler: ‘g++ (Ubuntu 11.3.0-1ubuntu1~22.04) 11.3.0’ g++ -std=gnu++17 -I"/home/biocbuild/bbs-3.17-bioc/R/include" -DNDEBUG -I'/home/biocbuild/bbs-3.17-bioc/R/site-library/Rcpp/include' -I/usr/local/include -fpic -g -O2 -Wall -c RcppExports.cpp -o RcppExports.o g++ -std=gnu++17 -I"/home/biocbuild/bbs-3.17-bioc/R/include" -DNDEBUG -I'/home/biocbuild/bbs-3.17-bioc/R/site-library/Rcpp/include' -I/usr/local/include -fpic -g -O2 -Wall -c progressBar.cpp -o progressBar.o g++ -std=gnu++17 -I"/home/biocbuild/bbs-3.17-bioc/R/include" -DNDEBUG -I'/home/biocbuild/bbs-3.17-bioc/R/site-library/Rcpp/include' -I/usr/local/include -fpic -g -O2 -Wall -c psiFastCalc.cpp -o psiFastCalc.o g++ -std=gnu++17 -I"/home/biocbuild/bbs-3.17-bioc/R/include" -DNDEBUG -I'/home/biocbuild/bbs-3.17-bioc/R/site-library/Rcpp/include' -I/usr/local/include -fpic -g -O2 -Wall -c vastToolsParser.cpp -o vastToolsParser.o g++ -std=gnu++17 -shared -L/home/biocbuild/bbs-3.17-bioc/R/lib -L/usr/local/lib -o psichomics.so RcppExports.o progressBar.o psiFastCalc.o vastToolsParser.o -L/home/biocbuild/bbs-3.17-bioc/R/lib -lR installing to /home/biocbuild/bbs-3.17-bioc/R/site-library/00LOCK-psichomics/00new/psichomics/libs ** R ** inst ** byte-compile and prepare package for lazy loading Creating a generic function for ‘colSums’ from package ‘base’ in package ‘psichomics’ ** help *** installing help indices *** copying figures ** building package indices ** installing vignettes ** testing if installed package can be loaded from temporary location ** checking absolute paths in shared objects and dynamic libraries ** testing if installed package can be loaded from final location ** testing if installed package keeps a record of temporary installation path * DONE (psichomics)
psichomics.Rcheck/tests/spelling.Rout
R version 4.3.0 alpha (2023-04-03 r84154)
Copyright (C) 2023 The R Foundation for Statistical Computing
Platform: x86_64-pc-linux-gnu (64-bit)
R is free software and comes with ABSOLUTELY NO WARRANTY.
You are welcome to redistribute it under certain conditions.
Type 'license()' or 'licence()' for distribution details.
R is a collaborative project with many contributors.
Type 'contributors()' for more information and
'citation()' on how to cite R or R packages in publications.
Type 'demo()' for some demos, 'help()' for on-line help, or
'help.start()' for an HTML browser interface to help.
Type 'q()' to quit R.
> if(requireNamespace('spelling', quietly = TRUE))
+ spelling::spell_check_test(vignettes = TRUE, error = FALSE,
+ skip_on_cran = TRUE)
NULL
>
> proc.time()
user system elapsed
0.166 0.022 0.176
psichomics.Rcheck/tests/testthat.Rout
R version 4.3.0 alpha (2023-04-03 r84154)
Copyright (C) 2023 The R Foundation for Statistical Computing
Platform: x86_64-pc-linux-gnu (64-bit)
R is free software and comes with ABSOLUTELY NO WARRANTY.
You are welcome to redistribute it under certain conditions.
Type 'license()' or 'licence()' for distribution details.
R is a collaborative project with many contributors.
Type 'contributors()' for more information and
'citation()' on how to cite R or R packages in publications.
Type 'demo()' for some demos, 'help()' for on-line help, or
'help.start()' for an HTML browser interface to help.
Type 'q()' to quit R.
> library(testthat)
> library(psichomics)
Loading required package: shiny
Loading required package: shinyBS
Setting options('download.file.method.GEOquery'='auto')
Setting options('GEOquery.inmemory.gpl'=FALSE)
psichomics 1.25.0: start the visual interface by running psichomics()
Full documentation and tutorials at https://nuno-agostinho.github.io/psichomics
>
> test_check("psichomics")
| | 0%
|======== | 20%
|================ | 40%
|======================== | 60%
|================================ | 80%
|========================================| 100%
| | 0%
|======== | 20%
|================ | 40%
|======================== | 60%
|================================ | 80%
|========================================| 100%
| | 0%
|======== | 20%
|================ | 40%
|======================== | 60%
|================================ | 80%
|========================================| 100%
| | 0%
|======== | 20%
|================ | 40%
|======================== | 60%
|================================ | 80%
|========================================| 100%
Retrieving rMATS annotation...
Parsing rMATS annotation...
Retrieving rMATS annotation...
Parsing rMATS annotation...
Retrieving MISO annotation...
Parsing MISO annotation...
| | 0%
|======== | 20%
|================ | 40%
|======================== | 60%
|================================ | 80%
|========================================| 100%
| | 0%
|======== | 20%
|================ | 40%
|======================== | 60%
|================================ | 80%
|========================================| 100%
| | 0%
|======== | 20%
|================ | 40%
|======================== | 60%
|================================ | 80%
|========================================| 100%
| | 0%
|======== | 20%
|================ | 40%
|======================== | 60%
|================================ | 80%
|========================================| 100%
| | 0%
|======== | 20%
|================ | 40%
|======================== | 60%
|================================ | 80%
|========================================| 100%
| | 0%
|======== | 20%
|================ | 40%
|======================== | 60%
|================================ | 80%
|========================================| 100%
| | 0%
|======== | 20%
|================ | 40%
|======================== | 60%
|================================ | 80%
|========================================| 100%
| | 0%
|======== | 20%
|================ | 40%
|======================== | 60%
|================================ | 80%
|========================================| 100%
Retrieving SUPPA annotation...
Parsing SUPPA annotation...
Retrieving VAST-TOOLS annotation...
Parsing VAST-TOOLS annotation...
ALT3
ALT5
COMBI
EXSK
IR
MERGE3m
MIC
MULTI
[ FAIL 0 | WARN 1 | SKIP 4 | PASS 1418 ]
══ Skipped tests ═══════════════════════════════════════════════════════════════
• Couldn't resolve host name (1)
• On Bioconductor (2)
• On CRAN (1)
[ FAIL 0 | WARN 1 | SKIP 4 | PASS 1418 ]
>
> proc.time()
user system elapsed
22.763 1.564 26.468
psichomics.Rcheck/psichomics-Ex.timings
| name | user | system | elapsed | |
| addObjectAttrs | 0.001 | 0.000 | 0.001 | |
| assignValuePerSubject | 0.016 | 0.005 | 0.021 | |
| blendColours | 0.001 | 0.000 | 0.001 | |
| calculateLoadingsContribution | 0.01 | 0.00 | 0.01 | |
| convertGeneIdentifiers | 15.276 | 1.400 | 17.907 | |
| correlateGEandAS | 0.017 | 0.004 | 0.022 | |
| createGroupByAttribute | 0.001 | 0.000 | 0.001 | |
| createJunctionsTemplate | 0.002 | 0.000 | 0.002 | |
| customRowMeans | 0.002 | 0.000 | 0.002 | |
| diffAnalyses | 0.069 | 0.008 | 0.077 | |
| downloadFiles | 0 | 0 | 0 | |
| ensemblToUniprot | 0.025 | 0.000 | 1.043 | |
| filterGeneExpr | 0.003 | 0.004 | 0.007 | |
| filterGroups | 0.001 | 0.000 | 0.001 | |
| filterPSI | 0.010 | 0.004 | 0.014 | |
| getAttributesTime | 0.002 | 0.000 | 0.002 | |
| getDownloadsFolder | 0.001 | 0.000 | 0.000 | |
| getFirebrowseDateFormat | 0.001 | 0.000 | 0.000 | |
| getGeneList | 0.004 | 0.000 | 0.004 | |
| getGtexDataTypes | 0.106 | 0.000 | 0.532 | |
| getGtexTissues | 0 | 0 | 0 | |
| getNumerics | 0.000 | 0.002 | 0.002 | |
| getSampleFromSubject | 0.000 | 0.000 | 0.001 | |
| getSplicingEventFromGenes | 0.004 | 0.001 | 0.005 | |
| getSplicingEventTypes | 0.000 | 0.000 | 0.001 | |
| getSubjectFromSample | 0.000 | 0.000 | 0.001 | |
| getTCGAdataTypes | 0.032 | 0.003 | 0.309 | |
| getValidEvents | 0.004 | 0.000 | 0.004 | |
| groupPerElem | 0.001 | 0.000 | 0.000 | |
| hchart.survfit | 0.229 | 0.060 | 0.304 | |
| isFirebrowseUp | 0.004 | 0.000 | 0.011 | |
| labelBasedOnCutoff | 0.000 | 0.001 | 0.001 | |
| leveneTest | 0.003 | 0.003 | 0.006 | |
| listAllAnnotations | 2.385 | 0.333 | 2.997 | |
| listSplicingAnnotations | 10.969 | 1.292 | 12.998 | |
| loadAnnotation | 2.833 | 0.300 | 3.336 | |
| loadGtexData | 0.000 | 0.000 | 0.001 | |
| loadLocalFiles | 0 | 0 | 0 | |
| loadSRAproject | 0 | 0 | 0 | |
| loadTCGAdata | 0.012 | 0.000 | 0.024 | |
| missingDataModal | 0 | 0 | 0 | |
| normaliseGeneExpression | 0.026 | 0.000 | 0.026 | |
| optimalSurvivalCutoff | 0.085 | 0.004 | 0.089 | |
| parseCategoricalGroups | 0.000 | 0.001 | 0.001 | |
| parseFirebrowseMetadata | 0.043 | 0.010 | 0.094 | |
| parseMatsEvent | 0.005 | 0.000 | 0.005 | |
| parseMatsGeneric | 0.020 | 0.000 | 0.021 | |
| parseMisoAnnotation | 0.142 | 0.008 | 0.155 | |
| parseMisoEvent | 0.004 | 0.000 | 0.004 | |
| parseMisoEventID | 0.002 | 0.004 | 0.006 | |
| parseMisoGeneric | 0.028 | 0.004 | 0.032 | |
| parseMisoId | 0.001 | 0.000 | 0.001 | |
| parseSplicingEvent | 0.002 | 0.004 | 0.006 | |
| parseSuppaEvent | 0.004 | 0.000 | 0.004 | |
| parseSuppaGeneric | 0.02 | 0.00 | 0.02 | |
| parseTcgaSampleInfo | 0.004 | 0.000 | 0.005 | |
| parseUrlsFromFirebrowseResponse | 0.032 | 0.000 | 0.074 | |
| parseVastToolsEvent | 0.006 | 0.000 | 0.006 | |
| parseVastToolsSE | 0.007 | 0.012 | 0.019 | |
| performICA | 0.005 | 0.004 | 0.010 | |
| performPCA | 0.001 | 0.000 | 0.001 | |
| plot.GEandAScorrelation | 0.432 | 0.016 | 0.448 | |
| plotDistribution | 0.747 | 0.016 | 0.763 | |
| plotGeneExprPerSample | 0.099 | 0.004 | 0.103 | |
| plotGroupIndependence | 0.159 | 0.004 | 0.163 | |
| plotICA | 0.112 | 0.001 | 0.114 | |
| plotLibrarySize | 0.211 | 0.012 | 0.223 | |
| plotPCA | 0.226 | 0.027 | 0.254 | |
| plotPCAvariance | 0.047 | 0.003 | 0.051 | |
| plotProtein | 0.675 | 0.020 | 3.270 | |
| plotRowStats | 0.366 | 0.000 | 0.365 | |
| plotSingleICA | 0.166 | 0.020 | 0.186 | |
| plotSplicingEvent | 0.042 | 0.000 | 0.043 | |
| plotSurvivalCurves | 0.074 | 0.012 | 0.087 | |
| plotSurvivalPvaluesByCutoff | 0.445 | 0.012 | 0.457 | |
| plotTranscripts | 0.021 | 0.000 | 1.915 | |
| prepareAnnotationFromEvents | 0.157 | 0.000 | 0.158 | |
| prepareFirebrowseArchives | 0 | 0 | 0 | |
| prepareJunctionQuantSTAR | 0.001 | 0.000 | 0.001 | |
| prepareSRAmetadata | 0 | 0 | 0 | |
| processSurvTerms | 0.008 | 0.000 | 0.008 | |
| psichomics | 0.000 | 0.000 | 0.001 | |
| quantifySplicing | 0.006 | 0.007 | 0.012 | |
| queryEnsembl | 0.031 | 0.000 | 0.778 | |
| queryEnsemblByGene | 0.152 | 0.015 | 6.308 | |
| queryFirebrowseData | 0.059 | 0.007 | 0.147 | |
| queryPubMed | 0.191 | 0.004 | 1.725 | |
| queryUniprot | 0.038 | 0.004 | 1.159 | |
| readFile | 0.001 | 0.000 | 0.002 | |
| renameDuplicated | 0.001 | 0.000 | 0.001 | |
| renderBoxplot | 0.082 | 0.004 | 0.085 | |
| survdiffTerms | 0.003 | 0.004 | 0.006 | |
| survfit.survTerms | 0.020 | 0.004 | 0.023 | |
| testGroupIndependence | 0.003 | 0.000 | 0.003 | |
| testSurvival | 0.02 | 0.00 | 0.02 | |
| textSuggestions | 0.001 | 0.000 | 0.001 | |
| trimWhitespace | 0.001 | 0.000 | 0.001 | |