| Back to Multiple platform build/check report for BioC 3.17 |
|
This page was generated on 2023-04-12 10:55:40 -0400 (Wed, 12 Apr 2023).
| Hostname | OS | Arch (*) | R version | Installed pkgs |
|---|---|---|---|---|
| nebbiolo1 | Linux (Ubuntu 22.04.1 LTS) | x86_64 | 4.3.0 alpha (2023-04-03 r84154) | 4547 |
| nebbiolo2 | Linux (Ubuntu 20.04.5 LTS) | x86_64 | R Under development (unstable) (2023-02-14 r83833) -- "Unsuffered Consequences" | 4333 |
| Click on any hostname to see more info about the system (e.g. compilers) (*) as reported by 'uname -p', except on Windows and Mac OS X | ||||
|
To the developers/maintainers of the proBatch package: - Allow up to 24 hours (and sometimes 48 hours) for your latest push to git@git.bioconductor.org:packages/proBatch.git to reflect on this report. See Troubleshooting Build Report for more information. - Use the following Renviron settings to reproduce errors and warnings. Note: If "R CMD check" recently failed on the Linux builder over a missing dependency, add the missing dependency to "Suggests" in your DESCRIPTION file. See the Renviron.bioc for details. |
| Package 1543/2207 | Hostname | OS / Arch | INSTALL | BUILD | CHECK | BUILD BIN | ||||||||
Chloe H. Lee
| nebbiolo1 | Linux (Ubuntu 22.04.1 LTS) / x86_64 | OK | OK | ERROR | |||||||||
| nebbiolo2 | Linux (Ubuntu 20.04.5 LTS) / x86_64 | OK | OK | ERROR | ||||||||||
| Package: proBatch |
| Version: 1.15.1 |
| Command: /home/biocbuild/bbs-3.17-bioc/R/bin/R CMD check --install=check:proBatch.install-out.txt --library=/home/biocbuild/bbs-3.17-bioc/R/site-library --timings proBatch_1.15.1.tar.gz |
| StartedAt: 2023-04-12 08:28:45 -0400 (Wed, 12 Apr 2023) |
| EndedAt: 2023-04-12 08:35:49 -0400 (Wed, 12 Apr 2023) |
| EllapsedTime: 424.1 seconds |
| RetCode: 1 |
| Status: ERROR |
| CheckDir: proBatch.Rcheck |
| Warnings: NA |
##############################################################################
##############################################################################
###
### Running command:
###
### /home/biocbuild/bbs-3.17-bioc/R/bin/R CMD check --install=check:proBatch.install-out.txt --library=/home/biocbuild/bbs-3.17-bioc/R/site-library --timings proBatch_1.15.1.tar.gz
###
##############################################################################
##############################################################################
* using log directory ‘/home/biocbuild/bbs-3.17-bioc/meat/proBatch.Rcheck’
* using R Under development (unstable) (2023-02-14 r83833)
* using platform: x86_64-pc-linux-gnu (64-bit)
* R was compiled by
gcc (Ubuntu 9.4.0-1ubuntu1~20.04.1) 9.4.0
GNU Fortran (Ubuntu 9.4.0-1ubuntu1~20.04.1) 9.4.0
* running under: Ubuntu 20.04.6 LTS
* using session charset: UTF-8
* checking for file ‘proBatch/DESCRIPTION’ ... OK
* checking extension type ... Package
* this is package ‘proBatch’ version ‘1.15.1’
* package encoding: UTF-8
* checking package namespace information ... OK
* checking package dependencies ... OK
* checking if this is a source package ... OK
* checking if there is a namespace ... OK
* checking for hidden files and directories ... OK
* checking for portable file names ... OK
* checking for sufficient/correct file permissions ... OK
* checking whether package ‘proBatch’ can be installed ... WARNING
Found the following significant warnings:
Warning: Package 'proBatch' is deprecated and will be removed from Bioconductor
See ‘/home/biocbuild/bbs-3.17-bioc/meat/proBatch.Rcheck/00install.out’ for details.
* checking installed package size ... OK
* checking package directory ... OK
* checking ‘build’ directory ... OK
* checking DESCRIPTION meta-information ... OK
* checking top-level files ... OK
* checking for left-over files ... OK
* checking index information ... OK
* checking package subdirectories ... OK
* checking R files for non-ASCII characters ... OK
* checking R files for syntax errors ... OK
* checking whether the package can be loaded ... OK
* checking whether the package can be loaded with stated dependencies ... OK
* checking whether the package can be unloaded cleanly ... OK
* checking whether the namespace can be loaded with stated dependencies ... OK
* checking whether the namespace can be unloaded cleanly ... OK
* checking loading without being on the library search path ... OK
* checking dependencies in R code ... OK
* checking S3 generic/method consistency ... OK
* checking replacement functions ... OK
* checking foreign function calls ... OK
* checking R code for possible problems ... OK
* checking Rd files ... OK
* checking Rd metadata ... OK
* checking Rd cross-references ... OK
* checking for missing documentation entries ... OK
* checking for code/documentation mismatches ... OK
* checking Rd \usage sections ... OK
* checking Rd contents ... OK
* checking for unstated dependencies in examples ... OK
* checking contents of ‘data’ directory ... OK
* checking data for non-ASCII characters ... OK
* checking LazyData ... OK
* checking data for ASCII and uncompressed saves ... OK
* checking files in ‘vignettes’ ... OK
* checking examples ... ERROR
Running examples in ‘proBatch-Ex.R’ failed
The error most likely occurred in:
> base::assign(".ptime", proc.time(), pos = "CheckExEnv")
> ### Name: plot_protein_corrplot
> ### Title: Peptide correlation matrix (heatmap)
> ### Aliases: plot_protein_corrplot
>
> ### ** Examples
>
> protein_corrplot_plot <- plot_protein_corrplot(example_proteome_matrix,
+ protein_name = 'Haao', peptide_annotation = example_peptide_annotation,
+ protein_col = 'Gene')
Warning in plot_corr_matrix(corr_matrix, annotation = peptide_annotation, :
color_list for annotation (cols & rows) not defined, inferring automatically.
Numeric/factor columns are guessed, for more controlled color mapping use
sample_annotation_to_colors()
Warning in sample_annotation_to_colors(sample_annotation = annotation, sample_id_col = annotation_id_col, :
The following columns will not be mapped to colors: Gene if these have to be mapped, please assign
them to factor, date or numeric
Warning in sample_annotation_to_colors(sample_annotation = annotation, sample_id_col = annotation_id_col, :
numeric columns not specified,
extracting numeric columns from factors
converting columns to corresponding classes
(factor, numeric)
>
> protein_corrplot_plot <- plot_protein_corrplot(example_proteome_matrix,
+ protein_name = c('Haao', 'Dhtkd1'),
+ peptide_annotation = example_peptide_annotation,
+ protein_col = 'Gene', factors_to_plot = 'Gene')
Warning in plot_corr_matrix(corr_matrix, annotation = peptide_annotation, :
color_list for annotation (cols & rows) not defined, inferring automatically.
Numeric/factor columns are guessed, for more controlled color mapping use
sample_annotation_to_colors()
Warning in sample_annotation_to_colors(sample_annotation = annotation, sample_id_col = annotation_id_col, :
The following columns will not be mapped to colors: ProteinName if these have to be mapped, please assign
them to factor, date or numeric
Warning in sample_annotation_to_colors(sample_annotation = annotation, sample_id_col = annotation_id_col, :
numeric columns not specified,
extracting numeric columns from factors
converting columns to corresponding classes
(factor, numeric)
Error in if (is.na(main)) { : the condition has length > 1
Calls: plot_protein_corrplot ... plot_heatmap_generic -> pheatmap -> heatmap_motor -> lo
Execution halted
* checking for unstated dependencies in ‘tests’ ... OK
* checking tests ...
Running ‘spelling.R’
Running ‘testthat.R’
OK
* checking for unstated dependencies in vignettes ... OK
* checking package vignettes in ‘inst/doc’ ... OK
* checking running R code from vignettes ...
‘proBatch.Rmd’ using ‘UTF-8’... OK
NONE
* checking re-building of vignette outputs ... OK
* checking PDF version of manual ... OK
* DONE
Status: 1 ERROR, 1 WARNING
See
‘/home/biocbuild/bbs-3.17-bioc/meat/proBatch.Rcheck/00check.log’
for details.
proBatch.Rcheck/00install.out
############################################################################## ############################################################################## ### ### Running command: ### ### /home/biocbuild/bbs-3.17-bioc/R/bin/R CMD INSTALL proBatch ### ############################################################################## ############################################################################## * installing to library ‘/home/biocbuild/bbs-3.17-bioc/R/site-library’ * installing *source* package ‘proBatch’ ... ** using staged installation ** R ** data *** moving datasets to lazyload DB ** inst ** byte-compile and prepare package for lazy loading ** help *** installing help indices ** building package indices ** installing vignettes ** testing if installed package can be loaded from temporary location Warning: Package 'proBatch' is deprecated and will be removed from Bioconductor version 3.18 ** testing if installed package can be loaded from final location Warning: Package 'proBatch' is deprecated and will be removed from Bioconductor version 3.18 ** testing if installed package keeps a record of temporary installation path * DONE (proBatch)
proBatch.Rcheck/tests/spelling.Rout
R Under development (unstable) (2023-02-14 r83833) -- "Unsuffered Consequences"
Copyright (C) 2023 The R Foundation for Statistical Computing
Platform: x86_64-pc-linux-gnu (64-bit)
R is free software and comes with ABSOLUTELY NO WARRANTY.
You are welcome to redistribute it under certain conditions.
Type 'license()' or 'licence()' for distribution details.
R is a collaborative project with many contributors.
Type 'contributors()' for more information and
'citation()' on how to cite R or R packages in publications.
Type 'demo()' for some demos, 'help()' for on-line help, or
'help.start()' for an HTML browser interface to help.
Type 'q()' to quit R.
> if(requireNamespace('spelling', quietly = TRUE))
+ spelling::spell_check_test(vignettes = TRUE, error = FALSE,
+ skip_on_cran = TRUE)
NULL
>
> proc.time()
user system elapsed
0.267 0.028 0.282
proBatch.Rcheck/tests/testthat.Rout
R Under development (unstable) (2023-02-14 r83833) -- "Unsuffered Consequences"
Copyright (C) 2023 The R Foundation for Statistical Computing
Platform: x86_64-pc-linux-gnu (64-bit)
R is free software and comes with ABSOLUTELY NO WARRANTY.
You are welcome to redistribute it under certain conditions.
Type 'license()' or 'licence()' for distribution details.
R is a collaborative project with many contributors.
Type 'contributors()' for more information and
'citation()' on how to cite R or R packages in publications.
Type 'demo()' for some demos, 'help()' for on-line help, or
'help.start()' for an HTML browser interface to help.
Type 'q()' to quit R.
> library(testthat)
> library(proBatch)
Warning message:
Package 'proBatch' is deprecated and will be removed from Bioconductor
version 3.18
>
> test_check("proBatch")
[ FAIL 0 | WARN 36 | SKIP 0 | PASS 159 ]
[ FAIL 0 | WARN 36 | SKIP 0 | PASS 159 ]
>
> proc.time()
user system elapsed
37.072 1.007 38.074
proBatch.Rcheck/proBatch-Ex.timings
| name | user | system | elapsed | |
| calculate_PVCA | 24.103 | 0.479 | 24.668 | |
| calculate_feature_CV | 0.519 | 0.016 | 0.536 | |
| calculate_peptide_corr_distr | 0.033 | 0.000 | 0.033 | |
| calculate_sample_corr_distr | 1.544 | 0.080 | 1.631 | |
| check_sample_consistency | 0.048 | 0.024 | 0.072 | |
| correct_batch_effects | 9.817 | 0.199 | 10.092 | |
| create_peptide_annotation | 0.008 | 0.000 | 0.008 | |
| date_to_sample_order | 0.202 | 0.000 | 0.202 | |
| dates_to_posix | 0.009 | 0.000 | 0.009 | |
| define_sample_order | 0.055 | 0.003 | 0.059 | |
| feature_level_diagnostics | 8.262 | 0.103 | 8.381 | |
| fit_nonlinear | 0.019 | 0.000 | 0.019 | |
| long_to_matrix | 0.075 | 0.000 | 0.076 | |
| matrix_to_long | 0.018 | 0.004 | 0.022 | |
| normalize | 0.117 | 0.000 | 0.126 | |
| plot_CV_distr | 1.066 | 0.036 | 1.103 | |
| plot_PCA | 1.178 | 0.008 | 1.195 | |
| plot_PVCA | 16.610 | 0.117 | 16.726 | |
| plot_PVCA.df | 16.701 | 0.084 | 16.786 | |
| plot_corr_matrix | 0.049 | 0.004 | 0.054 | |
| plot_heatmap_diagnostic | 1.402 | 0.024 | 1.426 | |
| plot_heatmap_generic | 0.581 | 0.012 | 0.593 | |
| plot_hierarchical_clustering | 0.418 | 0.024 | 0.442 | |
| plot_peptide_corr_distribution | 2.135 | 0.056 | 2.191 | |