| Back to Multiple platform build/check report for BioC 3.17 |
|
This page was generated on 2023-04-12 10:55:40 -0400 (Wed, 12 Apr 2023).
| Hostname | OS | Arch (*) | R version | Installed pkgs |
|---|---|---|---|---|
| nebbiolo1 | Linux (Ubuntu 22.04.1 LTS) | x86_64 | 4.3.0 alpha (2023-04-03 r84154) | 4547 |
| nebbiolo2 | Linux (Ubuntu 20.04.5 LTS) | x86_64 | R Under development (unstable) (2023-02-14 r83833) -- "Unsuffered Consequences" | 4333 |
| Click on any hostname to see more info about the system (e.g. compilers) (*) as reported by 'uname -p', except on Windows and Mac OS X | ||||
|
To the developers/maintainers of the primirTSS package: - Allow up to 24 hours (and sometimes 48 hours) for your latest push to git@git.bioconductor.org:packages/primirTSS.git to reflect on this report. See Troubleshooting Build Report for more information. - Use the following Renviron settings to reproduce errors and warnings. Note: If "R CMD check" recently failed on the Linux builder over a missing dependency, add the missing dependency to "Suggests" in your DESCRIPTION file. See the Renviron.bioc for details. |
| Package 1539/2207 | Hostname | OS / Arch | INSTALL | BUILD | CHECK | BUILD BIN | ||||||||
| primirTSS 1.17.0 (landing page) Pumin Li
| nebbiolo1 | Linux (Ubuntu 22.04.1 LTS) / x86_64 | OK | OK | WARNINGS | |||||||||
| nebbiolo2 | Linux (Ubuntu 20.04.5 LTS) / x86_64 | OK | OK | WARNINGS | ||||||||||
| Package: primirTSS |
| Version: 1.17.0 |
| Command: /home/biocbuild/bbs-3.17-bioc/R/bin/R CMD check --install=check:primirTSS.install-out.txt --library=/home/biocbuild/bbs-3.17-bioc/R/site-library --timings primirTSS_1.17.0.tar.gz |
| StartedAt: 2023-04-12 08:27:50 -0400 (Wed, 12 Apr 2023) |
| EndedAt: 2023-04-12 08:33:45 -0400 (Wed, 12 Apr 2023) |
| EllapsedTime: 355.9 seconds |
| RetCode: 0 |
| Status: WARNINGS |
| CheckDir: primirTSS.Rcheck |
| Warnings: 1 |
##############################################################################
##############################################################################
###
### Running command:
###
### /home/biocbuild/bbs-3.17-bioc/R/bin/R CMD check --install=check:primirTSS.install-out.txt --library=/home/biocbuild/bbs-3.17-bioc/R/site-library --timings primirTSS_1.17.0.tar.gz
###
##############################################################################
##############################################################################
* using log directory ‘/home/biocbuild/bbs-3.17-bioc/meat/primirTSS.Rcheck’
* using R Under development (unstable) (2023-02-14 r83833)
* using platform: x86_64-pc-linux-gnu (64-bit)
* R was compiled by
gcc (Ubuntu 9.4.0-1ubuntu1~20.04.1) 9.4.0
GNU Fortran (Ubuntu 9.4.0-1ubuntu1~20.04.1) 9.4.0
* running under: Ubuntu 20.04.6 LTS
* using session charset: UTF-8
* checking for file ‘primirTSS/DESCRIPTION’ ... OK
* this is package ‘primirTSS’ version ‘1.17.0’
* package encoding: UTF-8
* checking package namespace information ... OK
* checking package dependencies ... OK
* checking if this is a source package ... OK
* checking if there is a namespace ... OK
* checking for hidden files and directories ... OK
* checking for portable file names ... OK
* checking for sufficient/correct file permissions ... OK
* checking whether package ‘primirTSS’ can be installed ... OK
* checking installed package size ... OK
* checking package directory ... OK
* checking ‘build’ directory ... OK
* checking DESCRIPTION meta-information ... OK
* checking top-level files ... OK
* checking for left-over files ... OK
* checking index information ... OK
* checking package subdirectories ... OK
* checking R files for non-ASCII characters ... OK
* checking R files for syntax errors ... OK
* checking whether the package can be loaded ... OK
* checking whether the package can be loaded with stated dependencies ... OK
* checking whether the package can be unloaded cleanly ... OK
* checking whether the namespace can be loaded with stated dependencies ... OK
* checking whether the namespace can be unloaded cleanly ... OK
* checking loading without being on the library search path ... OK
* checking dependencies in R code ... WARNING
'::' or ':::' import not declared from: 'magrittr'
* checking S3 generic/method consistency ... OK
* checking replacement functions ... OK
* checking foreign function calls ... OK
* checking R code for possible problems ... NOTE
check_DHS_df: no visible binding for global variable ‘can_tss’
check_DHS_df: no visible binding for global variable ‘new_info’
check_DHS_s: no visible binding for global variable ‘dhs_p1’
check_DHS_s: no visible binding for global variable ‘dhs_p2’
eponine_score: no visible binding for global variable ‘previous’
eponine_score: no visible binding for global variable
‘histone_p1_flank’
eponine_score: no visible binding for global variable
‘histone_p2_flank’
eponine_score: no visible binding for global variable ‘tss_p1’
eponine_score: no visible binding for global variable ‘tss_p2’
find_nearest_peak: no visible binding for global variable ‘mir_name’
find_nearest_peak: no visible binding for global variable ‘start1’
find_nearest_peak: no visible binding for global variable ‘end1’
mir_tf: no visible binding for global variable ‘arrow’
mir_tf: no visible binding for global variable ‘seqname’
mir_tf: no visible binding for global variable ‘TF’
mir_tf: no visible binding for global variable ‘TF_class’
phast_score: no visible binding for global variable ‘loci’
phast_score: no visible binding for global variable ‘eponine_rank’
phast_score: no visible binding for global variable ‘phast_rank’
phast_score: no visible binding for global variable ‘e_p_rank’
phast_score_plot: no visible binding for global variable ‘loci’
plot_primiRNA_track: no visible binding for global variable
‘predicted_tss’
plot_primiRNA_track: no visible binding for global variable
‘symbol_name’
plot_primiRNA_track: no visible binding for global variable
‘stem_loop_p1’
plot_primiRNA_track: no visible binding for global variable
‘stem_loop_p2’
plot_primiRNA_track: no visible binding for global variable ‘gene_id’
plot_primiRNA_track: no visible binding for global variable ‘gene_p1’
plot_primiRNA_track: no visible binding for global variable ‘gene_p2’
plot_primiRNA_track: no visible binding for global variable ‘tss_p1’
plot_primiRNA_track: no visible binding for global variable ‘tss_p2’
require_fa: no visible binding for global variable ‘arrow’
tss_filter: no visible binding for global variable ‘gene_id’
tss_filter: no visible binding for global variable ‘new_info’
tss_filter: no visible binding for global variable ‘predicted_tss’
tss_filter: no visible binding for global variable ‘tss_type’
Undefined global functions or variables:
TF TF_class arrow can_tss dhs_p1 dhs_p2 e_p_rank end1 eponine_rank
gene_id gene_p1 gene_p2 histone_p1_flank histone_p2_flank loci
mir_name new_info phast_rank predicted_tss previous seqname start1
stem_loop_p1 stem_loop_p2 symbol_name tss_p1 tss_p2 tss_type
* checking Rd files ... OK
* checking Rd metadata ... OK
* checking Rd cross-references ... OK
* checking for missing documentation entries ... OK
* checking for code/documentation mismatches ... OK
* checking Rd \usage sections ... OK
* checking Rd contents ... OK
* checking for unstated dependencies in examples ... OK
* checking R/sysdata.rda ... OK
* checking files in ‘vignettes’ ... OK
* checking examples ... OK
* checking for unstated dependencies in vignettes ... OK
* checking package vignettes in ‘inst/doc’ ... OK
* checking running R code from vignettes ...
‘primirTSS.Rmd’ using ‘UTF-8’... OK
NONE
* checking re-building of vignette outputs ... OK
* checking PDF version of manual ... OK
* DONE
Status: 1 WARNING, 1 NOTE
See
‘/home/biocbuild/bbs-3.17-bioc/meat/primirTSS.Rcheck/00check.log’
for details.
primirTSS.Rcheck/00install.out
############################################################################## ############################################################################## ### ### Running command: ### ### /home/biocbuild/bbs-3.17-bioc/R/bin/R CMD INSTALL primirTSS ### ############################################################################## ############################################################################## * installing to library ‘/home/biocbuild/bbs-3.17-bioc/R/site-library’ * installing *source* package ‘primirTSS’ ... ** using staged installation ** R ** inst ** byte-compile and prepare package for lazy loading ** help *** installing help indices ** building package indices ** installing vignettes ** testing if installed package can be loaded from temporary location ** testing if installed package can be loaded from final location ** testing if installed package keeps a record of temporary installation path * DONE (primirTSS)
primirTSS.Rcheck/primirTSS-Ex.timings
| name | user | system | elapsed | |
| find_tss | 0.065 | 0.007 | 0.073 | |
| peak_join | 0.603 | 0.004 | 0.607 | |
| peak_merge | 0.064 | 0.000 | 0.064 | |
| plot_primiRNA | 0.014 | 0.000 | 0.014 | |
| run_primirTSSapp | 0 | 0 | 0 | |
| trans_cor | 1.290 | 0.092 | 1.383 | |