| Back to Multiple platform build/check report for BioC 3.17 |
|
This page was generated on 2023-04-12 10:55:28 -0400 (Wed, 12 Apr 2023).
| Hostname | OS | Arch (*) | R version | Installed pkgs |
|---|---|---|---|---|
| nebbiolo1 | Linux (Ubuntu 22.04.1 LTS) | x86_64 | 4.3.0 alpha (2023-04-03 r84154) | 4547 |
| nebbiolo2 | Linux (Ubuntu 20.04.5 LTS) | x86_64 | R Under development (unstable) (2023-02-14 r83833) -- "Unsuffered Consequences" | 4333 |
| Click on any hostname to see more info about the system (e.g. compilers) (*) as reported by 'uname -p', except on Windows and Mac OS X | ||||
|
To the developers/maintainers of the plyranges package: - Allow up to 24 hours (and sometimes 48 hours) for your latest push to git@git.bioconductor.org:packages/plyranges.git to reflect on this report. See Troubleshooting Build Report for more information. - Use the following Renviron settings to reproduce errors and warnings. Note: If "R CMD check" recently failed on the Linux builder over a missing dependency, add the missing dependency to "Suggests" in your DESCRIPTION file. See the Renviron.bioc for details. |
| Package 1520/2207 | Hostname | OS / Arch | INSTALL | BUILD | CHECK | BUILD BIN | ||||||||
| plyranges 1.19.0 (landing page) Stuart Lee
| nebbiolo1 | Linux (Ubuntu 22.04.1 LTS) / x86_64 | OK | OK | WARNINGS | |||||||||
| nebbiolo2 | Linux (Ubuntu 20.04.5 LTS) / x86_64 | OK | OK | WARNINGS | ||||||||||
| Package: plyranges |
| Version: 1.19.0 |
| Command: /home/biocbuild/bbs-3.17-bioc/R/bin/R CMD check --install=check:plyranges.install-out.txt --library=/home/biocbuild/bbs-3.17-bioc/R/site-library --timings plyranges_1.19.0.tar.gz |
| StartedAt: 2023-04-11 22:33:50 -0400 (Tue, 11 Apr 2023) |
| EndedAt: 2023-04-11 22:38:50 -0400 (Tue, 11 Apr 2023) |
| EllapsedTime: 299.7 seconds |
| RetCode: 0 |
| Status: WARNINGS |
| CheckDir: plyranges.Rcheck |
| Warnings: 2 |
##############################################################################
##############################################################################
###
### Running command:
###
### /home/biocbuild/bbs-3.17-bioc/R/bin/R CMD check --install=check:plyranges.install-out.txt --library=/home/biocbuild/bbs-3.17-bioc/R/site-library --timings plyranges_1.19.0.tar.gz
###
##############################################################################
##############################################################################
* using log directory ‘/home/biocbuild/bbs-3.17-bioc/meat/plyranges.Rcheck’
* using R version 4.3.0 alpha (2023-04-03 r84154)
* using platform: x86_64-pc-linux-gnu (64-bit)
* R was compiled by
gcc (Ubuntu 11.3.0-1ubuntu1~22.04) 11.3.0
GNU Fortran (Ubuntu 11.3.0-1ubuntu1~22.04) 11.3.0
* running under: Ubuntu 22.04.2 LTS
* using session charset: UTF-8
* checking for file ‘plyranges/DESCRIPTION’ ... OK
* checking extension type ... Package
* this is package ‘plyranges’ version ‘1.19.0’
* package encoding: UTF-8
* checking package namespace information ... OK
* checking package dependencies ... OK
* checking if this is a source package ... OK
* checking if there is a namespace ... OK
* checking for hidden files and directories ... OK
* checking for portable file names ... OK
* checking for sufficient/correct file permissions ... OK
* checking whether package ‘plyranges’ can be installed ... OK
* checking installed package size ... OK
* checking package directory ... OK
* checking ‘build’ directory ... OK
* checking DESCRIPTION meta-information ... OK
* checking top-level files ... OK
* checking for left-over files ... OK
* checking index information ... OK
* checking package subdirectories ... OK
* checking R files for non-ASCII characters ... OK
* checking R files for syntax errors ... OK
* checking whether the package can be loaded ... OK
* checking whether the package can be loaded with stated dependencies ... OK
* checking whether the package can be unloaded cleanly ... OK
* checking whether the namespace can be loaded with stated dependencies ... OK
* checking whether the namespace can be unloaded cleanly ... OK
* checking loading without being on the library search path ... OK
* checking dependencies in R code ... OK
* checking S3 generic/method consistency ... WARNING
group_split:
function(.tbl, ..., .keep)
group_split.GroupedGenomicRanges:
function(.data, ..., keep)
group_split:
function(.tbl, ..., .keep)
group_split.GroupedIntegerRanges:
function(.data, ..., keep)
group_split:
function(.tbl, ..., .keep)
group_split.Ranges:
function(.data, ..., keep)
group_keys:
function(.tbl, ...)
group_keys.Ranges:
function(.data, ...)
group_keys:
function(.tbl, ...)
group_keys.GroupedGenomicRanges:
function(.data, ...)
group_keys:
function(.tbl, ...)
group_keys.GroupedIntegerRanges:
function(.data, ...)
See section ‘Generic functions and methods’ in the ‘Writing R
Extensions’ manual.
* checking replacement functions ... OK
* checking foreign function calls ... OK
* checking R code for possible problems ... OK
* checking Rd files ... OK
* checking Rd metadata ... OK
* checking Rd cross-references ... WARNING
Missing link or links in documentation object 'ranges-info.Rd':
‘[GenomeInfoDb:fetchExtendedChromInfoFromUCSC]{GenomeInfoDb::fetchExtendedChromInfoFromUCSC()}’
See section 'Cross-references' in the 'Writing R Extensions' manual.
* checking for missing documentation entries ... OK
* checking for code/documentation mismatches ... OK
* checking Rd \usage sections ... OK
* checking Rd contents ... OK
* checking for unstated dependencies in examples ... OK
* checking files in ‘vignettes’ ... OK
* checking examples ... OK
* checking for unstated dependencies in ‘tests’ ... OK
* checking tests ...
Running ‘testthat.R’
OK
* checking for unstated dependencies in vignettes ... OK
* checking package vignettes in ‘inst/doc’ ... OK
* checking running R code from vignettes ...
‘an-introduction.Rmd’ using ‘UTF-8’... OK
NONE
* checking re-building of vignette outputs ... OK
* checking PDF version of manual ... OK
* DONE
Status: 2 WARNINGs
See
‘/home/biocbuild/bbs-3.17-bioc/meat/plyranges.Rcheck/00check.log’
for details.
plyranges.Rcheck/00install.out
############################################################################## ############################################################################## ### ### Running command: ### ### /home/biocbuild/bbs-3.17-bioc/R/bin/R CMD INSTALL plyranges ### ############################################################################## ############################################################################## * installing to library ‘/home/biocbuild/bbs-3.17-bioc/R/site-library’ * installing *source* package ‘plyranges’ ... ** using staged installation ** R ** inst ** byte-compile and prepare package for lazy loading ** help *** installing help indices *** copying figures ** building package indices ** installing vignettes ** testing if installed package can be loaded from temporary location ** testing if installed package can be loaded from final location ** testing if installed package keeps a record of temporary installation path * DONE (plyranges)
plyranges.Rcheck/tests/testthat.Rout
R version 4.3.0 alpha (2023-04-03 r84154)
Copyright (C) 2023 The R Foundation for Statistical Computing
Platform: x86_64-pc-linux-gnu (64-bit)
R is free software and comes with ABSOLUTELY NO WARRANTY.
You are welcome to redistribute it under certain conditions.
Type 'license()' or 'licence()' for distribution details.
R is a collaborative project with many contributors.
Type 'contributors()' for more information and
'citation()' on how to cite R or R packages in publications.
Type 'demo()' for some demos, 'help()' for on-line help, or
'help.start()' for an HTML browser interface to help.
Type 'q()' to quit R.
> library(testthat)
> library(plyranges)
Loading required package: BiocGenerics
Attaching package: 'BiocGenerics'
The following objects are masked from 'package:stats':
IQR, mad, sd, var, xtabs
The following objects are masked from 'package:base':
Filter, Find, Map, Position, Reduce, anyDuplicated, aperm, append,
as.data.frame, basename, cbind, colnames, dirname, do.call,
duplicated, eval, evalq, get, grep, grepl, intersect, is.unsorted,
lapply, mapply, match, mget, order, paste, pmax, pmax.int, pmin,
pmin.int, rank, rbind, rownames, sapply, setdiff, sort, table,
tapply, union, unique, unsplit, which.max, which.min
Loading required package: IRanges
Loading required package: S4Vectors
Loading required package: stats4
Attaching package: 'S4Vectors'
The following objects are masked from 'package:base':
I, expand.grid, unname
Loading required package: GenomicRanges
Loading required package: GenomeInfoDb
Attaching package: 'plyranges'
The following object is masked from 'package:IRanges':
slice
The following object is masked from 'package:stats':
filter
>
> test_check("plyranges")
[ FAIL 0 | WARN 8 | SKIP 0 | PASS 390 ]
[ FAIL 0 | WARN 8 | SKIP 0 | PASS 390 ]
>
> proc.time()
user system elapsed
46.169 1.917 48.078
plyranges.Rcheck/plyranges-Ex.timings
| name | user | system | elapsed | |
| add-nearest-distance | 0.333 | 0.015 | 0.348 | |
| as_ranges | 0.092 | 0.008 | 0.101 | |
| compute_coverage | 0.013 | 0.004 | 0.017 | |
| element-setops | 0.102 | 0.020 | 0.122 | |
| filter-ranges | 0.524 | 0.036 | 0.560 | |
| group_by-ranges | 0.288 | 0.012 | 0.300 | |
| io-bam-read | 1.529 | 0.144 | 1.675 | |
| io-bed-read | 1.065 | 0.025 | 1.090 | |
| io-bed-write | 0 | 0 | 0 | |
| io-bigwig-read | 0.097 | 0.006 | 0.104 | |
| io-bigwig-write | 0.000 | 0.000 | 0.001 | |
| io-gff-read | 0.347 | 0.001 | 0.348 | |
| io-gff-write | 0 | 0 | 0 | |
| io-wig-read | 0.263 | 0.019 | 0.283 | |
| mutate-ranges | 0.671 | 0.057 | 0.727 | |
| n | 0.227 | 0.000 | 0.227 | |
| n_distinct | 0.027 | 0.000 | 0.027 | |
| overlap-joins | 0.167 | 0.003 | 0.171 | |
| ranges-anchor | 0.087 | 0.004 | 0.092 | |
| ranges-arrange | 0.049 | 0.001 | 0.049 | |
| ranges-bind | 0.165 | 0.007 | 0.173 | |
| ranges-chop | 0.325 | 0.012 | 0.338 | |
| ranges-construct | 0.098 | 0.003 | 0.101 | |
| ranges-count-overlaps | 0.060 | 0.004 | 0.063 | |
| ranges-disjoin | 0.701 | 0.004 | 0.705 | |
| ranges-expand | 0.510 | 0.003 | 0.515 | |
| ranges-filter-overlaps | 0.070 | 0.008 | 0.078 | |
| ranges-flank | 0.095 | 0.001 | 0.094 | |
| ranges-follow | 0.143 | 0.004 | 0.147 | |
| ranges-info | 0.066 | 0.003 | 0.069 | |
| ranges-interweave | 0.120 | 0.005 | 0.125 | |
| ranges-names | 0.116 | 0.000 | 0.116 | |
| ranges-nearest | 0.376 | 0.012 | 0.388 | |
| ranges-overlaps-self | 0.136 | 0.000 | 0.136 | |
| ranges-overlaps | 0.188 | 0.000 | 0.187 | |
| ranges-pairs | 0.339 | 0.024 | 0.363 | |
| ranges-precede | 0.144 | 0.011 | 0.156 | |
| ranges-reduce | 0.758 | 0.017 | 0.774 | |
| ranges-select | 0.088 | 0.003 | 0.092 | |
| ranges-setops | 0.741 | 0.020 | 0.761 | |
| ranges-shift | 0.150 | 0.008 | 0.158 | |
| ranges-summarise | 0.148 | 0.012 | 0.160 | |
| ranges-tile | 0.085 | 0.000 | 0.085 | |
| slice-ranges | 0.545 | 0.009 | 0.553 | |
| stretch | 0.216 | 0.000 | 0.216 | |