| Back to Multiple platform build/check report for BioC 3.17 |
|
This page was generated on 2023-04-12 10:55:28 -0400 (Wed, 12 Apr 2023).
| Hostname | OS | Arch (*) | R version | Installed pkgs |
|---|---|---|---|---|
| nebbiolo1 | Linux (Ubuntu 22.04.1 LTS) | x86_64 | 4.3.0 alpha (2023-04-03 r84154) | 4547 |
| nebbiolo2 | Linux (Ubuntu 20.04.5 LTS) | x86_64 | R Under development (unstable) (2023-02-14 r83833) -- "Unsuffered Consequences" | 4333 |
| Click on any hostname to see more info about the system (e.g. compilers) (*) as reported by 'uname -p', except on Windows and Mac OS X | ||||
|
To the developers/maintainers of the pickgene package: - Allow up to 24 hours (and sometimes 48 hours) for your latest push to git@git.bioconductor.org:packages/pickgene.git to reflect on this report. See Troubleshooting Build Report for more information. - Use the following Renviron settings to reproduce errors and warnings. Note: If "R CMD check" recently failed on the Linux builder over a missing dependency, add the missing dependency to "Suggests" in your DESCRIPTION file. See the Renviron.bioc for details. |
| Package 1504/2207 | Hostname | OS / Arch | INSTALL | BUILD | CHECK | BUILD BIN | ||||||||
| pickgene 1.71.0 (landing page) Brian S. Yandell
| nebbiolo1 | Linux (Ubuntu 22.04.1 LTS) / x86_64 | OK | OK | WARNINGS | |||||||||
| nebbiolo2 | Linux (Ubuntu 20.04.5 LTS) / x86_64 | OK | OK | WARNINGS | ||||||||||
| Package: pickgene |
| Version: 1.71.0 |
| Command: /home/biocbuild/bbs-3.17-bioc/R/bin/R CMD check --install=check:pickgene.install-out.txt --library=/home/biocbuild/bbs-3.17-bioc/R/site-library --timings pickgene_1.71.0.tar.gz |
| StartedAt: 2023-04-11 22:29:48 -0400 (Tue, 11 Apr 2023) |
| EndedAt: 2023-04-11 22:30:16 -0400 (Tue, 11 Apr 2023) |
| EllapsedTime: 28.4 seconds |
| RetCode: 0 |
| Status: WARNINGS |
| CheckDir: pickgene.Rcheck |
| Warnings: 1 |
##############################################################################
##############################################################################
###
### Running command:
###
### /home/biocbuild/bbs-3.17-bioc/R/bin/R CMD check --install=check:pickgene.install-out.txt --library=/home/biocbuild/bbs-3.17-bioc/R/site-library --timings pickgene_1.71.0.tar.gz
###
##############################################################################
##############################################################################
* using log directory ‘/home/biocbuild/bbs-3.17-bioc/meat/pickgene.Rcheck’
* using R version 4.3.0 alpha (2023-04-03 r84154)
* using platform: x86_64-pc-linux-gnu (64-bit)
* R was compiled by
gcc (Ubuntu 11.3.0-1ubuntu1~22.04) 11.3.0
GNU Fortran (Ubuntu 11.3.0-1ubuntu1~22.04) 11.3.0
* running under: Ubuntu 22.04.2 LTS
* using session charset: UTF-8
* checking for file ‘pickgene/DESCRIPTION’ ... OK
* this is package ‘pickgene’ version ‘1.71.0’
* checking package namespace information ... OK
* checking package dependencies ... OK
* checking if this is a source package ... OK
* checking if there is a namespace ... OK
* checking for hidden files and directories ... OK
* checking for portable file names ... OK
* checking for sufficient/correct file permissions ... OK
* checking whether package ‘pickgene’ can be installed ... WARNING
Found the following significant warnings:
Note: possible error in 'oddsplot(exp(data[[x]]), ': unused argument (chip = "")
See ‘/home/biocbuild/bbs-3.17-bioc/meat/pickgene.Rcheck/00install.out’ for details.
Information on the location(s) of code generating the ‘Note’s can be
obtained by re-running with environment variable R_KEEP_PKG_SOURCE set
to ‘yes’.
* checking installed package size ... OK
* checking package directory ... OK
* checking ‘build’ directory ... OK
* checking DESCRIPTION meta-information ... OK
* checking top-level files ... OK
* checking for left-over files ... OK
* checking index information ... OK
* checking package subdirectories ... OK
* checking R files for non-ASCII characters ... OK
* checking R files for syntax errors ... OK
* checking whether the package can be loaded ... OK
* checking whether the package can be loaded with stated dependencies ... OK
* checking whether the package can be unloaded cleanly ... OK
* checking whether the namespace can be loaded with stated dependencies ... OK
* checking whether the namespace can be unloaded cleanly ... OK
* checking loading without being on the library search path ... OK
* checking dependencies in R code ... OK
* checking S3 generic/method consistency ... OK
* checking replacement functions ... OK
* checking foreign function calls ... OK
* checking R code for possible problems ... NOTE
do.oddsplot: warning in em.ggb(data[[conditions[1]]],
data[[conditions[2]]], theta, theta[1:3], print = TRUE): partial
argument match of 'print' to 'printit'
pickgene.poly: warning in pickgene.two(y[, i], intensity, geneid =
geneID, singlelevel = singlelevel, npick = npickgene, ylab =
ylabs[i], ...): partial argument match of 'npick' to 'npickgene'
lod.plot: possible error in oddsplot(exp(data[[x]]), exp(data[[y]]),
theta, col = col, xlab = xlab, ylab = ylab, chip = ""): unused
argument (chip = "")
nloglik: no visible binding for global variable ‘.fit.xx’
nloglik: no visible binding for global variable ‘.fit.yy’
nploglik: no visible binding for global variable ‘.fit.xx’
nploglik: no visible binding for global variable ‘.fit.yy’
nploglik: no visible binding for global variable ‘.fit.zz’
s.check1: no visible global function definition for ‘lod’
s.marg: no visible binding for global variable ‘x’
shrinkplot: no visible global function definition for ‘s.fits’
shrinkplot: no visible binding for global variable ‘lims’
Undefined global functions or variables:
.fit.xx .fit.yy .fit.zz lims lod s.fits x
* checking Rd files ... NOTE
prepare_Rd: Simulation.pickgene.Rd:8: Dropping empty section \keyword
prepare_Rd: Simulation.pickgene.Rd:5-6: Dropping empty section \usage
prepare_Rd: Simulation.pickgene.Rd:7: Dropping empty section \details
* checking Rd metadata ... OK
* checking Rd cross-references ... OK
* checking for missing documentation entries ... OK
* checking for code/documentation mismatches ... OK
* checking Rd \usage sections ... OK
* checking Rd contents ... OK
* checking for unstated dependencies in examples ... OK
* checking files in ‘vignettes’ ... OK
* checking examples ... OK
* checking for unstated dependencies in vignettes ... OK
* checking package vignettes in ‘inst/doc’ ... OK
* checking running R code from vignettes ...
‘pickgene.Rnw’... OK
NONE
* checking re-building of vignette outputs ... OK
* checking PDF version of manual ... OK
* DONE
Status: 1 WARNING, 2 NOTEs
See
‘/home/biocbuild/bbs-3.17-bioc/meat/pickgene.Rcheck/00check.log’
for details.
pickgene.Rcheck/00install.out
############################################################################## ############################################################################## ### ### Running command: ### ### /home/biocbuild/bbs-3.17-bioc/R/bin/R CMD INSTALL pickgene ### ############################################################################## ############################################################################## * installing to library ‘/home/biocbuild/bbs-3.17-bioc/R/site-library’ * installing *source* package ‘pickgene’ ... ** using staged installation ** R ** byte-compile and prepare package for lazy loading Note: possible error in 'oddsplot(exp(data[[x]]), ': unused argument (chip = "") ** help *** installing help indices ** building package indices ** installing vignettes ** testing if installed package can be loaded from temporary location ** testing if installed package can be loaded from final location ** testing if installed package keeps a record of temporary installation path * DONE (pickgene)
pickgene.Rcheck/pickgene-Ex.timings
| name | user | system | elapsed | |
| Simulation.pickgene | 1.580 | 0.032 | 1.613 | |
| em.ggb | 0.001 | 0.000 | 0.001 | |
| model.pickgene | 0.012 | 0.000 | 0.012 | |
| oddsplot | 0 | 0 | 0 | |
| pickgene | 0.000 | 0.001 | 0.001 | |
| robustscale | 0.000 | 0.001 | 0.001 | |