| Back to Multiple platform build/check report for BioC 3.17 | 
 | 
This page was generated on 2023-04-10 10:55:26 -0400 (Mon, 10 Apr 2023).
| Hostname | OS | Arch (*) | R version | Installed pkgs | 
|---|---|---|---|---|
| nebbiolo1 | Linux (Ubuntu 22.04.1 LTS) | x86_64 | 4.3.0 alpha (2023-04-03 r84154) | 4536 | 
| nebbiolo2 | Linux (Ubuntu 20.04.5 LTS) | x86_64 | R Under development (unstable) (2023-02-14 r83833) -- "Unsuffered Consequences" | 4322 | 
| Click on any hostname to see more info about the system (e.g. compilers) (*) as reported by 'uname -p', except on Windows and Mac OS X | ||||
| To the developers/maintainers of the omicRexposome package: - Allow up to 24 hours (and sometimes 48 hours) for your latest push to git@git.bioconductor.org:packages/omicRexposome.git to reflect on this report. See Troubleshooting Build Report for more information. - Use the following Renviron settings to reproduce errors and warnings. Note: If "R CMD check" recently failed on the Linux builder over a missing dependency, add the missing dependency to "Suggests" in your DESCRIPTION file. See the Renviron.bioc for details. | 
| Package 1403/2200 | Hostname | OS / Arch | INSTALL | BUILD | CHECK | BUILD BIN | ||||||||
| omicRexposome 1.21.0  (landing page) Xavier Escribà Montagut 
 | nebbiolo1 | Linux (Ubuntu 22.04.1 LTS) / x86_64 | OK | OK | ERROR | |||||||||
| nebbiolo2 | Linux (Ubuntu 20.04.5 LTS) / x86_64 | OK | ERROR | skipped | ||||||||||
| Package: omicRexposome | 
| Version: 1.21.0 | 
| Command: /home/biocbuild/bbs-3.17-bioc/R/bin/R CMD check --install=check:omicRexposome.install-out.txt --library=/home/biocbuild/bbs-3.17-bioc/R/site-library --timings omicRexposome_1.21.0.tar.gz | 
| StartedAt: 2023-04-09 22:06:45 -0400 (Sun, 09 Apr 2023) | 
| EndedAt: 2023-04-09 22:21:04 -0400 (Sun, 09 Apr 2023) | 
| EllapsedTime: 858.9 seconds | 
| RetCode: 1 | 
| Status: ERROR | 
| CheckDir: omicRexposome.Rcheck | 
| Warnings: NA | 
##############################################################################
##############################################################################
###
### Running command:
###
###   /home/biocbuild/bbs-3.17-bioc/R/bin/R CMD check --install=check:omicRexposome.install-out.txt --library=/home/biocbuild/bbs-3.17-bioc/R/site-library --timings omicRexposome_1.21.0.tar.gz
###
##############################################################################
##############################################################################
* using log directory ‘/home/biocbuild/bbs-3.17-bioc/meat/omicRexposome.Rcheck’
* using R version 4.3.0 alpha (2023-04-03 r84154)
* using platform: x86_64-pc-linux-gnu (64-bit)
* R was compiled by
    gcc (Ubuntu 11.3.0-1ubuntu1~22.04) 11.3.0
    GNU Fortran (Ubuntu 11.3.0-1ubuntu1~22.04) 11.3.0
* running under: Ubuntu 22.04.2 LTS
* using session charset: UTF-8
* checking for file ‘omicRexposome/DESCRIPTION’ ... OK
* this is package ‘omicRexposome’ version ‘1.21.0’
* package encoding: UTF-8
* checking package namespace information ... OK
* checking package dependencies ... OK
* checking if this is a source package ... OK
* checking if there is a namespace ... OK
* checking for hidden files and directories ... OK
* checking for portable file names ... OK
* checking for sufficient/correct file permissions ... OK
* checking whether package ‘omicRexposome’ can be installed ... OK
* checking installed package size ... OK
* checking package directory ... OK
* checking ‘build’ directory ... OK
* checking DESCRIPTION meta-information ... OK
* checking top-level files ... OK
* checking for left-over files ... OK
* checking index information ... OK
* checking package subdirectories ... OK
* checking R files for non-ASCII characters ... OK
* checking R files for syntax errors ... OK
* checking whether the package can be loaded ... OK
* checking whether the package can be loaded with stated dependencies ... OK
* checking whether the package can be unloaded cleanly ... OK
* checking whether the namespace can be loaded with stated dependencies ... OK
* checking whether the namespace can be unloaded cleanly ... OK
* checking loading without being on the library search path ... OK
* checking dependencies in R code ... OK
* checking S3 generic/method consistency ... OK
* checking replacement functions ... OK
* checking foreign function calls ... OK
* checking R code for possible problems ... OK
* checking Rd files ... OK
* checking Rd metadata ... OK
* checking Rd cross-references ... OK
* checking for missing documentation entries ... OK
* checking for code/documentation mismatches ... OK
* checking Rd \usage sections ... OK
* checking Rd contents ... OK
* checking for unstated dependencies in examples ... OK
* checking contents of ‘data’ directory ... OK
* checking data for non-ASCII characters ... OK
* checking LazyData ... OK
* checking data for ASCII and uncompressed saves ... OK
* checking files in ‘vignettes’ ... OK
* checking examples ... OK
Examples with CPU (user + system) or elapsed time > 5s
                      user system elapsed
association-methods 12.223   0.24  12.464
* checking for unstated dependencies in vignettes ... OK
* checking package vignettes in ‘inst/doc’ ... OK
* checking running R code from vignettes ...
  ‘exposome_omic_integration.Rmd’ using ‘UTF-8’... OK
 NONE
* checking re-building of vignette outputs ... ERROR
Error(s) in re-building vignettes:
  ...
--- re-building ‘exposome_omic_integration.Rmd’ using rmarkdown
The magick package is required to crop "/home/biocbuild/bbs-3.17-bioc/meat/omicRexposome.Rcheck/vign_test/omicRexposome/vignettes/exposome_omic_integration_files/figure-html/gexp_plot_qq-1.png" but not available.
The magick package is required to crop "/home/biocbuild/bbs-3.17-bioc/meat/omicRexposome.Rcheck/vign_test/omicRexposome/vignettes/exposome_omic_integration_files/figure-html/gexp_plot_volcano-1.png" but not available.
The magick package is required to crop "/home/biocbuild/bbs-3.17-bioc/meat/omicRexposome.Rcheck/vign_test/omicRexposome/vignettes/exposome_omic_integration_files/figure-html/prot_plot_volcano-1.png" but not available.
The magick package is required to crop "/home/biocbuild/bbs-3.17-bioc/meat/omicRexposome.Rcheck/vign_test/omicRexposome/vignettes/exposome_omic_integration_files/figure-html/missing_exp-1.png" but not available.
Killed
* checking PDF version of manual ... OK
* DONE
Status: 1 ERROR
See
  ‘/home/biocbuild/bbs-3.17-bioc/meat/omicRexposome.Rcheck/00check.log’
for details.
omicRexposome.Rcheck/00install.out
############################################################################## ############################################################################## ### ### Running command: ### ### /home/biocbuild/bbs-3.17-bioc/R/bin/R CMD INSTALL omicRexposome ### ############################################################################## ############################################################################## * installing to library ‘/home/biocbuild/bbs-3.17-bioc/R/site-library’ * installing *source* package ‘omicRexposome’ ... ** using staged installation ** R ** data *** moving datasets to lazyload DB ** inst ** byte-compile and prepare package for lazy loading ** help *** installing help indices ** building package indices ** installing vignettes ** testing if installed package can be loaded from temporary location ** testing if installed package can be loaded from final location ** testing if installed package keeps a record of temporary installation path * DONE (omicRexposome)
omicRexposome.Rcheck/omicRexposome-Ex.timings
| name | user | system | elapsed | |
| add_cls-methods | 0.173 | 0.035 | 0.211 | |
| add_exp-methods | 0.070 | 0.000 | 0.072 | |
| asr | 0.018 | 0.000 | 0.018 | |
| association-methods | 12.223 | 0.240 | 12.464 | |
| crossomics-methods | 0.305 | 0.008 | 0.313 | |
| crs | 0.003 | 0.000 | 0.004 | |
| getIntegration-methods | 0.002 | 0.000 | 0.003 | |
| mds | 0.008 | 0.000 | 0.008 | |
| plotAssociation-methods | 0.365 | 0.028 | 0.393 | |
| plotHits-methods | 0.166 | 0.044 | 0.211 | |
| plotIntegration-methods | 0.691 | 0.072 | 0.763 | |
| plotLambda-methods | 0.176 | 0.008 | 0.184 | |
| tableHits-methods | 0.054 | 0.004 | 0.056 | |
| tableLambda-methods | 0.059 | 0.000 | 0.059 | |