| Back to Multiple platform build/check report for BioC 3.17 |
|
This page was generated on 2023-04-12 10:55:39 -0400 (Wed, 12 Apr 2023).
| Hostname | OS | Arch (*) | R version | Installed pkgs |
|---|---|---|---|---|
| nebbiolo1 | Linux (Ubuntu 22.04.1 LTS) | x86_64 | 4.3.0 alpha (2023-04-03 r84154) | 4547 |
| nebbiolo2 | Linux (Ubuntu 20.04.5 LTS) | x86_64 | R Under development (unstable) (2023-02-14 r83833) -- "Unsuffered Consequences" | 4333 |
| Click on any hostname to see more info about the system (e.g. compilers) (*) as reported by 'uname -p', except on Windows and Mac OS X | ||||
|
To the developers/maintainers of the multtest package: - Allow up to 24 hours (and sometimes 48 hours) for your latest push to git@git.bioconductor.org:packages/multtest.git to reflect on this report. See Troubleshooting Build Report for more information. - Use the following Renviron settings to reproduce errors and warnings. Note: If "R CMD check" recently failed on the Linux builder over a missing dependency, add the missing dependency to "Suggests" in your DESCRIPTION file. See the Renviron.bioc for details. |
| Package 1327/2207 | Hostname | OS / Arch | INSTALL | BUILD | CHECK | BUILD BIN | ||||||||
| multtest 2.55.0 (landing page) Katherine S. Pollard
| nebbiolo1 | Linux (Ubuntu 22.04.1 LTS) / x86_64 | OK | OK | WARNINGS | |||||||||
| nebbiolo2 | Linux (Ubuntu 20.04.5 LTS) / x86_64 | OK | OK | WARNINGS | ||||||||||
| Package: multtest |
| Version: 2.55.0 |
| Command: /home/biocbuild/bbs-3.17-bioc/R/bin/R CMD check --install=check:multtest.install-out.txt --library=/home/biocbuild/bbs-3.17-bioc/R/site-library --timings multtest_2.55.0.tar.gz |
| StartedAt: 2023-04-12 07:47:10 -0400 (Wed, 12 Apr 2023) |
| EndedAt: 2023-04-12 07:48:36 -0400 (Wed, 12 Apr 2023) |
| EllapsedTime: 85.2 seconds |
| RetCode: 0 |
| Status: WARNINGS |
| CheckDir: multtest.Rcheck |
| Warnings: 4 |
##############################################################################
##############################################################################
###
### Running command:
###
### /home/biocbuild/bbs-3.17-bioc/R/bin/R CMD check --install=check:multtest.install-out.txt --library=/home/biocbuild/bbs-3.17-bioc/R/site-library --timings multtest_2.55.0.tar.gz
###
##############################################################################
##############################################################################
* using log directory ‘/home/biocbuild/bbs-3.17-bioc/meat/multtest.Rcheck’
* using R Under development (unstable) (2023-02-14 r83833)
* using platform: x86_64-pc-linux-gnu (64-bit)
* R was compiled by
gcc (Ubuntu 9.4.0-1ubuntu1~20.04.1) 9.4.0
GNU Fortran (Ubuntu 9.4.0-1ubuntu1~20.04.1) 9.4.0
* running under: Ubuntu 20.04.6 LTS
* using session charset: UTF-8
* checking for file ‘multtest/DESCRIPTION’ ... OK
* this is package ‘multtest’ version ‘2.55.0’
* checking package namespace information ... OK
* checking package dependencies ... OK
* checking if this is a source package ... OK
* checking if there is a namespace ... OK
* checking for hidden files and directories ... OK
* checking for portable file names ... OK
* checking for sufficient/correct file permissions ... OK
* checking whether package ‘multtest’ can be installed ... WARNING
Found the following significant warnings:
stat_func.c:703:3: warning: ignoring return value of ‘fscanf’, declared with attribute warn_unused_result [-Wunused-result]
stat_func.c:705:5: warning: ignoring return value of ‘fscanf’, declared with attribute warn_unused_result [-Wunused-result]
stat_func.c:710:5: warning: ignoring return value of ‘fscanf’, declared with attribute warn_unused_result [-Wunused-result]
stat_func.c:714:7: warning: ignoring return value of ‘fscanf’, declared with attribute warn_unused_result [-Wunused-result]
See ‘/home/biocbuild/bbs-3.17-bioc/meat/multtest.Rcheck/00install.out’ for details.
* used C compiler: ‘gcc (Ubuntu 9.4.0-1ubuntu1~20.04.1) 9.4.0’
* checking installed package size ... OK
* checking package directory ... OK
* checking DESCRIPTION meta-information ... OK
* checking top-level files ... OK
* checking for left-over files ... OK
* checking index information ... OK
* checking package subdirectories ... OK
* checking R files for non-ASCII characters ... OK
* checking R files for syntax errors ... OK
* checking whether the package can be loaded ... OK
* checking whether the package can be loaded with stated dependencies ... OK
* checking whether the package can be unloaded cleanly ... OK
* checking whether the namespace can be loaded with stated dependencies ... OK
* checking whether the namespace can be unloaded cleanly ... OK
* checking loading without being on the library search path ... OK
* checking dependencies in R code ... NOTE
'library' or 'require' call to ‘methods’ which was already attached by Depends.
Please remove these calls from your code.
* checking S3 generic/method consistency ... OK
* checking replacement functions ... OK
* checking foreign function calls ... OK
* checking R code for possible problems ... NOTE
File ‘multtest/R/zzz.R’:
.onLoad calls:
require(methods)
Package startup functions should not change the search path.
See section ‘Good practice’ in '?.onAttach'.
EBMTP: no visible global function definition for ‘makeCluster’
EBMTP: no visible global function definition for ‘clusterEvalQ’
EBMTP: no visible global function definition for ‘stopCluster’
MTP: no visible global function definition for ‘makeCluster’
MTP: no visible global function definition for ‘clusterEvalQ’
MTP: no visible global function definition for ‘stopCluster’
boot.null: no visible global function definition for ‘clusterApply’
boot.null: no visible global function definition for ‘clusterApplyLB’
EBupdate,EBMTP: no visible binding for global variable ‘y’
update,MTP: no visible binding for global variable ‘y’
Undefined global functions or variables:
clusterApply clusterApplyLB clusterEvalQ makeCluster stopCluster y
* checking Rd files ... NOTE
checkRd: (-1) mt.maxT.Rd:88: Escaped LaTeX specials: \#
checkRd: (-1) mt.maxT.Rd:91: Escaped LaTeX specials: \&
checkRd: (-1) mt.plot.Rd:37: Escaped LaTeX specials: \#
* checking Rd metadata ... OK
* checking Rd cross-references ... OK
* checking for missing documentation entries ... WARNING
Undocumented S4 methods:
generic '[' and siglist 'EBMTP,ANY,ANY,ANY'
generic '[' and siglist 'MTP,ANY,ANY,ANY'
All user-level objects in a package (including S4 classes and methods)
should have documentation entries.
See chapter ‘Writing R documentation files’ in the ‘Writing R
Extensions’ manual.
* checking for code/documentation mismatches ... OK
* checking Rd \usage sections ... OK
* checking Rd contents ... OK
* checking for unstated dependencies in examples ... OK
* checking contents of ‘data’ directory ... OK
* checking data for non-ASCII characters ... OK
* checking data for ASCII and uncompressed saves ... OK
* checking line endings in C/C++/Fortran sources/headers ... OK
* checking line endings in Makefiles ... OK
* checking compilation flags in Makevars ... OK
* checking for GNU extensions in Makefiles ... OK
* checking for portable use of $(BLAS_LIBS) and $(LAPACK_LIBS) ... OK
* checking use of PKG_*FLAGS in Makefiles ... OK
* checking compiled code ... WARNING
Note: information on .o files is not available
File ‘/home/biocbuild/bbs-3.17-bioc/R/site-library/multtest/libs/multtest.so’:
Found ‘__sprintf_chk’, possibly from ‘sprintf’ (C)
Found ‘stderr’, possibly from ‘stderr’ (C)
Compiled code should not call entry points which might terminate R nor
write to stdout/stderr instead of to the console, nor use Fortran I/O
nor system RNGs nor [v]sprintf. The detected symbols are linked into
the code but might come from libraries and not actually be called.
See ‘Writing portable packages’ in the ‘Writing R Extensions’ manual.
* checking files in ‘vignettes’ ... WARNING
Files in the 'vignettes' directory but no files in 'inst/doc':
‘MTP.pdf’ ‘MTP.tex’ ‘MTPALL.pdf’ ‘golub.R’ ‘multtest.bib’
‘multtest.pdf’
Package has no Sweave vignette sources and no VignetteBuilder field.
* checking examples ... OK
* checking PDF version of manual ... OK
* DONE
Status: 4 WARNINGs, 3 NOTEs
See
‘/home/biocbuild/bbs-3.17-bioc/meat/multtest.Rcheck/00check.log’
for details.
multtest.Rcheck/00install.out
##############################################################################
##############################################################################
###
### Running command:
###
### /home/biocbuild/bbs-3.17-bioc/R/bin/R CMD INSTALL multtest
###
##############################################################################
##############################################################################
* installing to library ‘/home/biocbuild/bbs-3.17-bioc/R/site-library’
* installing *source* package ‘multtest’ ...
** using staged installation
** libs
using C compiler: ‘gcc (Ubuntu 9.4.0-1ubuntu1~20.04.1) 9.4.0’
gcc -I"/home/biocbuild/bbs-3.17-bioc/R/include" -DNDEBUG -I/usr/local/include -DUSEDOUBLE -fpic -g -O2 -Wall -c Rpack.c -o Rpack.o
gcc -I"/home/biocbuild/bbs-3.17-bioc/R/include" -DNDEBUG -I/usr/local/include -DUSEDOUBLE -fpic -g -O2 -Wall -c VScount.c -o VScount.o
gcc -I"/home/biocbuild/bbs-3.17-bioc/R/include" -DNDEBUG -I/usr/local/include -DUSEDOUBLE -fpic -g -O2 -Wall -c block_sampling_fixed.c -o block_sampling_fixed.o
gcc -I"/home/biocbuild/bbs-3.17-bioc/R/include" -DNDEBUG -I/usr/local/include -DUSEDOUBLE -fpic -g -O2 -Wall -c bootloop.c -o bootloop.o
gcc -I"/home/biocbuild/bbs-3.17-bioc/R/include" -DNDEBUG -I/usr/local/include -DUSEDOUBLE -fpic -g -O2 -Wall -c mt.c -o mt.o
gcc -I"/home/biocbuild/bbs-3.17-bioc/R/include" -DNDEBUG -I/usr/local/include -DUSEDOUBLE -fpic -g -O2 -Wall -c pairt_sampling.c -o pairt_sampling.o
gcc -I"/home/biocbuild/bbs-3.17-bioc/R/include" -DNDEBUG -I/usr/local/include -DUSEDOUBLE -fpic -g -O2 -Wall -c pairt_sampling_fixed.c -o pairt_sampling_fixed.o
gcc -I"/home/biocbuild/bbs-3.17-bioc/R/include" -DNDEBUG -I/usr/local/include -DUSEDOUBLE -fpic -g -O2 -Wall -c random.c -o random.o
gcc -I"/home/biocbuild/bbs-3.17-bioc/R/include" -DNDEBUG -I/usr/local/include -DUSEDOUBLE -fpic -g -O2 -Wall -c sampling.c -o sampling.o
gcc -I"/home/biocbuild/bbs-3.17-bioc/R/include" -DNDEBUG -I/usr/local/include -DUSEDOUBLE -fpic -g -O2 -Wall -c sampling_fixed.c -o sampling_fixed.o
gcc -I"/home/biocbuild/bbs-3.17-bioc/R/include" -DNDEBUG -I/usr/local/include -DUSEDOUBLE -fpic -g -O2 -Wall -c stat_func.c -o stat_func.o
stat_func.c: In function ‘read_infile’:
stat_func.c:703:3: warning: ignoring return value of ‘fscanf’, declared with attribute warn_unused_result [-Wunused-result]
703 | fscanf(fh, "%s", pdata->name);
| ^~~~~~~~~~~~~~~~~~~~~~~~~~~~~
stat_func.c:705:5: warning: ignoring return value of ‘fscanf’, declared with attribute warn_unused_result [-Wunused-result]
705 | fscanf(fh, "%d", pdata->L+j);
| ^~~~~~~~~~~~~~~~~~~~~~~~~~~~
stat_func.c:710:5: warning: ignoring return value of ‘fscanf’, declared with attribute warn_unused_result [-Wunused-result]
710 | fscanf(fh, "%s", pdata->id[i]);
| ^~~~~~~~~~~~~~~~~~~~~~~~~~~~~~
stat_func.c:714:7: warning: ignoring return value of ‘fscanf’, declared with attribute warn_unused_result [-Wunused-result]
714 | fscanf(fh, "%lg",&ftemp);
| ^~~~~~~~~~~~~~~~~~~~~~~~
gcc -I"/home/biocbuild/bbs-3.17-bioc/R/include" -DNDEBUG -I/usr/local/include -DUSEDOUBLE -fpic -g -O2 -Wall -c stat_order.c -o stat_order.o
gcc -shared -L/home/biocbuild/bbs-3.17-bioc/R/lib -L/usr/local/lib -o multtest.so Rpack.o VScount.o block_sampling_fixed.o bootloop.o mt.o pairt_sampling.o pairt_sampling_fixed.o random.o sampling.o sampling_fixed.o stat_func.o stat_order.o -lm -L/home/biocbuild/bbs-3.17-bioc/R/lib -lR
installing to /home/biocbuild/bbs-3.17-bioc/R/site-library/00LOCK-multtest/00new/multtest/libs
** R
** data
** inst
** byte-compile and prepare package for lazy loading
** help
*** installing help indices
** building package indices
** installing vignettes
** testing if installed package can be loaded from temporary location
** checking absolute paths in shared objects and dynamic libraries
** testing if installed package can be loaded from final location
** testing if installed package keeps a record of temporary installation path
* DONE (multtest)
multtest.Rcheck/multtest-Ex.timings
| name | user | system | elapsed | |
| EBMTP-class | 0 | 0 | 0 | |
| EBMTP | 0.144 | 0.000 | 0.144 | |
| Hsets | 0.157 | 0.000 | 0.158 | |
| MTP-class | 0 | 0 | 0 | |
| MTP | 0.439 | 0.000 | 0.439 | |
| boot.null | 0.023 | 0.000 | 0.023 | |
| corr.null | 0.016 | 0.000 | 0.016 | |
| fwer2gfwer | 3.066 | 0.008 | 3.074 | |
| get.index | 0.396 | 0.024 | 0.419 | |
| meanX | 0.012 | 0.000 | 0.013 | |
| mt.maxT | 4.097 | 0.024 | 4.121 | |
| mt.plot | 0.293 | 0.008 | 0.301 | |
| mt.rawp2adjp | 0.310 | 0.004 | 0.314 | |
| mt.reject | 0.339 | 0.000 | 0.339 | |
| mt.sample.teststat | 0.121 | 0.000 | 0.121 | |
| mt.teststat | 0.211 | 0.008 | 0.219 | |
| ss.maxT | 0 | 0 | 0 | |
| wapply | 0 | 0 | 0 | |