| Back to Multiple platform build/check report for BioC 3.17 |
|
This page was generated on 2023-04-12 10:55:27 -0400 (Wed, 12 Apr 2023).
| Hostname | OS | Arch (*) | R version | Installed pkgs |
|---|---|---|---|---|
| nebbiolo1 | Linux (Ubuntu 22.04.1 LTS) | x86_64 | 4.3.0 alpha (2023-04-03 r84154) | 4547 |
| nebbiolo2 | Linux (Ubuntu 20.04.5 LTS) | x86_64 | R Under development (unstable) (2023-02-14 r83833) -- "Unsuffered Consequences" | 4333 |
| Click on any hostname to see more info about the system (e.g. compilers) (*) as reported by 'uname -p', except on Windows and Mac OS X | ||||
|
To the developers/maintainers of the mina package: - Allow up to 24 hours (and sometimes 48 hours) for your latest push to git@git.bioconductor.org:packages/mina.git to reflect on this report. See Troubleshooting Build Report for more information. - Use the following Renviron settings to reproduce errors and warnings. Note: If "R CMD check" recently failed on the Linux builder over a missing dependency, add the missing dependency to "Suggests" in your DESCRIPTION file. See the Renviron.bioc for details. |
| Package 1222/2207 | Hostname | OS / Arch | INSTALL | BUILD | CHECK | BUILD BIN | ||||||||
| mina 1.7.0 (landing page) Rui Guan
| nebbiolo1 | Linux (Ubuntu 22.04.1 LTS) / x86_64 | OK | OK | WARNINGS | |||||||||
| nebbiolo2 | Linux (Ubuntu 20.04.5 LTS) / x86_64 | OK | OK | WARNINGS | ||||||||||
| Package: mina |
| Version: 1.7.0 |
| Command: /home/biocbuild/bbs-3.17-bioc/R/bin/R CMD check --install=check:mina.install-out.txt --library=/home/biocbuild/bbs-3.17-bioc/R/site-library --timings mina_1.7.0.tar.gz |
| StartedAt: 2023-04-11 21:35:22 -0400 (Tue, 11 Apr 2023) |
| EndedAt: 2023-04-11 21:40:14 -0400 (Tue, 11 Apr 2023) |
| EllapsedTime: 292.9 seconds |
| RetCode: 0 |
| Status: WARNINGS |
| CheckDir: mina.Rcheck |
| Warnings: 1 |
##############################################################################
##############################################################################
###
### Running command:
###
### /home/biocbuild/bbs-3.17-bioc/R/bin/R CMD check --install=check:mina.install-out.txt --library=/home/biocbuild/bbs-3.17-bioc/R/site-library --timings mina_1.7.0.tar.gz
###
##############################################################################
##############################################################################
* using log directory ‘/home/biocbuild/bbs-3.17-bioc/meat/mina.Rcheck’
* using R version 4.3.0 alpha (2023-04-03 r84154)
* using platform: x86_64-pc-linux-gnu (64-bit)
* R was compiled by
gcc (Ubuntu 11.3.0-1ubuntu1~22.04) 11.3.0
GNU Fortran (Ubuntu 11.3.0-1ubuntu1~22.04) 11.3.0
* running under: Ubuntu 22.04.2 LTS
* using session charset: UTF-8
* checking for file ‘mina/DESCRIPTION’ ... OK
* this is package ‘mina’ version ‘1.7.0’
* package encoding: UTF-8
* checking package namespace information ... OK
* checking package dependencies ... OK
* checking if this is a source package ... OK
* checking if there is a namespace ... OK
* checking for hidden files and directories ... OK
* checking for portable file names ... OK
* checking for sufficient/correct file permissions ... OK
* checking whether package ‘mina’ can be installed ... OK
* used C++ compiler: ‘g++ (Ubuntu 11.3.0-1ubuntu1~22.04) 11.3.0’
* checking installed package size ... NOTE
installed size is 8.5Mb
sub-directories of 1Mb or more:
data 7.4Mb
* checking package directory ... OK
* checking ‘build’ directory ... OK
* checking DESCRIPTION meta-information ... OK
* checking top-level files ... OK
* checking for left-over files ... OK
* checking index information ... OK
* checking package subdirectories ... OK
* checking R files for non-ASCII characters ... OK
* checking R files for syntax errors ... OK
* checking whether the package can be loaded ... OK
* checking whether the package can be loaded with stated dependencies ... OK
* checking whether the package can be unloaded cleanly ... OK
* checking whether the namespace can be loaded with stated dependencies ... OK
* checking whether the namespace can be unloaded cleanly ... OK
* checking loading without being on the library search path ... OK
* checking dependencies in R code ... OK
* checking S3 generic/method consistency ... OK
* checking replacement functions ... OK
* checking foreign function calls ... OK
* checking R code for possible problems ... NOTE
sparcc: no visible binding for global variable ‘i’
net_dis_pcoa,character: no visible binding for global variable ‘y’
net_dis_pcoa,character: no visible binding for global variable ‘Group’
net_dis_plot,mina: no visible binding for global variable ‘Group1’
net_dis_plot,mina: no visible binding for global variable ‘Group2’
net_dis_plot,mina: no visible binding for global variable ‘Distance’
net_dis_plot,mina: no visible binding for global variable ‘Sig’
Undefined global functions or variables:
Distance Group Group1 Group2 Sig i y
* checking Rd files ... OK
* checking Rd metadata ... OK
* checking Rd cross-references ... OK
* checking for missing documentation entries ... OK
* checking for code/documentation mismatches ... OK
* checking Rd \usage sections ... OK
* checking Rd contents ... OK
* checking for unstated dependencies in examples ... OK
* checking contents of ‘data’ directory ... OK
* checking data for non-ASCII characters ... OK
* checking LazyData ... WARNING
LazyData DB of 7.4 MB without LazyDataCompression set
See §1.1.6 of 'Writing R Extensions'
* checking data for ASCII and uncompressed saves ... OK
* checking line endings in C/C++/Fortran sources/headers ... OK
* checking compiled code ... NOTE
Note: information on .o files is not available
* checking files in ‘vignettes’ ... OK
* checking examples ... OK
Examples with CPU (user + system) or elapsed time > 5s
user system elapsed
net_dis_plot 44.607 4.023 33.504
net_dis-mina 22.625 2.181 16.524
dis_stat_accessor 17.566 1.611 12.851
com_plot-mina 14.938 0.191 1.581
bs_pm-mina 11.887 1.773 6.752
net_cls-mina 10.175 0.038 9.807
net_cls 6.727 0.085 6.352
net_cls-matrix 6.570 0.032 6.175
* checking for unstated dependencies in vignettes ... OK
* checking package vignettes in ‘inst/doc’ ... OK
* checking running R code from vignettes ...
‘mina.Rmd’ using ‘UTF-8’... OK
NONE
* checking re-building of vignette outputs ... OK
* checking PDF version of manual ... OK
* DONE
Status: 1 WARNING, 3 NOTEs
See
‘/home/biocbuild/bbs-3.17-bioc/meat/mina.Rcheck/00check.log’
for details.
mina.Rcheck/00install.out
############################################################################## ############################################################################## ### ### Running command: ### ### /home/biocbuild/bbs-3.17-bioc/R/bin/R CMD INSTALL mina ### ############################################################################## ############################################################################## * installing to library ‘/home/biocbuild/bbs-3.17-bioc/R/site-library’ * installing *source* package ‘mina’ ... ** using staged installation ** libs using C++ compiler: ‘g++ (Ubuntu 11.3.0-1ubuntu1~22.04) 11.3.0’ g++ -std=gnu++17 -I"/home/biocbuild/bbs-3.17-bioc/R/include" -DNDEBUG -I'/home/biocbuild/bbs-3.17-bioc/R/site-library/Rcpp/include' -I'/home/biocbuild/bbs-3.17-bioc/R/site-library/RcppParallel/include' -I'/home/biocbuild/bbs-3.17-bioc/R/site-library/RcppArmadillo/include' -I/usr/local/include -fpic -g -O2 -Wall -c RcppExports.cpp -o RcppExports.o g++ -std=gnu++17 -I"/home/biocbuild/bbs-3.17-bioc/R/include" -DNDEBUG -I'/home/biocbuild/bbs-3.17-bioc/R/site-library/Rcpp/include' -I'/home/biocbuild/bbs-3.17-bioc/R/site-library/RcppParallel/include' -I'/home/biocbuild/bbs-3.17-bioc/R/site-library/RcppArmadillo/include' -I/usr/local/include -fpic -g -O2 -Wall -c cp_cor.cpp -o cp_cor.o g++ -std=gnu++17 -shared -L/home/biocbuild/bbs-3.17-bioc/R/lib -L/usr/local/lib -o mina.so RcppExports.o cp_cor.o -L/home/biocbuild/bbs-3.17-bioc/R/lib -lR installing to /home/biocbuild/bbs-3.17-bioc/R/site-library/00LOCK-mina/00new/mina/libs ** R ** data *** moving datasets to lazyload DB ** byte-compile and prepare package for lazy loading Creating a new generic function for ‘norm’ in package ‘mina’ ** help *** installing help indices ** building package indices ** installing vignettes ** testing if installed package can be loaded from temporary location ** checking absolute paths in shared objects and dynamic libraries ** testing if installed package can be loaded from final location ** testing if installed package keeps a record of temporary installation path * DONE (mina)
mina.Rcheck/mina-Ex.timings
| name | user | system | elapsed | |
| adj-matrix | 0.781 | 0.157 | 0.336 | |
| adj-mina | 0.837 | 0.020 | 0.435 | |
| adj | 1.317 | 0.026 | 0.926 | |
| adj_method_list | 0.063 | 0.006 | 0.076 | |
| bs_pm-mina | 11.887 | 1.773 | 6.752 | |
| bs_pm | 3.752 | 0.486 | 2.099 | |
| check_mina | 0.075 | 0.004 | 0.079 | |
| check_mina_de | 0.073 | 0.000 | 0.073 | |
| check_mina_qu | 0.073 | 0.012 | 0.084 | |
| cls_tab | 0.089 | 0.000 | 0.089 | |
| com_dis-matrix | 0.604 | 0.030 | 0.272 | |
| com_dis-mina | 0.376 | 0.004 | 0.057 | |
| com_dis | 0.584 | 0.015 | 0.269 | |
| com_dis_list | 0.097 | 0.007 | 0.103 | |
| com_plot-mina | 14.938 | 0.191 | 1.581 | |
| com_plot | 0.189 | 0.001 | 0.171 | |
| com_r2-mina | 0.800 | 0.005 | 0.494 | |
| com_r2 | 1.306 | 0.046 | 0.937 | |
| data-hmp | 0.000 | 0.002 | 0.002 | |
| data-maize | 0.000 | 0.001 | 0.001 | |
| des_accessor | 0.000 | 0.003 | 0.003 | |
| dis_accessor | 0.381 | 0.008 | 0.048 | |
| dis_stat_accessor | 17.566 | 1.611 | 12.851 | |
| dmr-matrix | 0.690 | 0.009 | 0.351 | |
| dmr-mina | 0.655 | 0.000 | 0.329 | |
| dmr | 0.667 | 0.026 | 0.352 | |
| dmr_accessor | 0.662 | 0.004 | 0.335 | |
| fit_tabs-mina | 0.515 | 0.076 | 0.591 | |
| fit_tabs | 0.897 | 0.124 | 1.021 | |
| get_net_cls_tab-matrix-data.frame-method | 1.576 | 0.040 | 1.078 | |
| get_net_cls_tab | 1.564 | 0.011 | 1.159 | |
| get_r2-mat | 0.889 | 0.000 | 0.555 | |
| get_r2 | 0.788 | 0.000 | 0.468 | |
| get_rep-matrix | 0.328 | 0.004 | 0.332 | |
| get_rep-mima | 0.765 | 0.011 | 0.777 | |
| hmp_des | 0.001 | 0.001 | 0.001 | |
| hmp_otu | 0.000 | 0.001 | 0.001 | |
| maize_asv | 0.000 | 0.001 | 0.001 | |
| maize_asv2 | 0.000 | 0.001 | 0.000 | |
| maize_des | 0.000 | 0.001 | 0.001 | |
| maize_des2 | 0.000 | 0.001 | 0.000 | |
| mina-class | 0.001 | 0.000 | 0.001 | |
| net_cls-matrix | 6.570 | 0.032 | 6.175 | |
| net_cls-mina | 10.175 | 0.038 | 9.807 | |
| net_cls | 6.727 | 0.085 | 6.352 | |
| net_cls_tab-mina-method | 1.819 | 0.011 | 1.376 | |
| net_cls_tab | 1.455 | 0.005 | 1.036 | |
| net_dis-mina | 22.625 | 2.181 | 16.524 | |
| net_dis | 3.834 | 0.875 | 2.026 | |
| net_dis_indi | 0 | 0 | 0 | |
| net_dis_pcoa | 0 | 0 | 0 | |
| net_dis_plot | 44.607 | 4.023 | 33.504 | |
| net_grp_cmp | 0 | 0 | 0 | |
| net_node_cmp | 0 | 0 | 0 | |
| norm_accessor | 0.041 | 0.000 | 0.040 | |
| norm_tab-matrix | 0.799 | 0.012 | 0.810 | |
| norm_tab-mina | 0.802 | 0.000 | 0.802 | |
| norm_tab | 0.023 | 0.003 | 0.027 | |
| norm_tab_method_list | 0.058 | 0.005 | 0.064 | |
| pcoa_plot | 1.469 | 0.012 | 0.808 | |
| sim_par | 0 | 0 | 0 | |
| sparcc | 0.000 | 0.000 | 0.001 | |
| tab_accessor | 0.000 | 0.000 | 0.001 | |
| tina-matrix-method | 0 | 0 | 0 | |
| tina | 0.000 | 0.001 | 0.000 | |