| Back to Multiple platform build/check report for BioC 3.17 |
|
This page was generated on 2023-04-12 10:55:38 -0400 (Wed, 12 Apr 2023).
| Hostname | OS | Arch (*) | R version | Installed pkgs |
|---|---|---|---|---|
| nebbiolo1 | Linux (Ubuntu 22.04.1 LTS) | x86_64 | 4.3.0 alpha (2023-04-03 r84154) | 4547 |
| nebbiolo2 | Linux (Ubuntu 20.04.5 LTS) | x86_64 | R Under development (unstable) (2023-02-14 r83833) -- "Unsuffered Consequences" | 4333 |
| Click on any hostname to see more info about the system (e.g. compilers) (*) as reported by 'uname -p', except on Windows and Mac OS X | ||||
|
To the developers/maintainers of the maigesPack package: - Allow up to 24 hours (and sometimes 48 hours) for your latest push to git@git.bioconductor.org:packages/maigesPack.git to reflect on this report. See Troubleshooting Build Report for more information. - Use the following Renviron settings to reproduce errors and warnings. Note: If "R CMD check" recently failed on the Linux builder over a missing dependency, add the missing dependency to "Suggests" in your DESCRIPTION file. See the Renviron.bioc for details. |
| Package 1100/2207 | Hostname | OS / Arch | INSTALL | BUILD | CHECK | BUILD BIN | ||||||||
| maigesPack 1.63.0 (landing page) Gustavo H. Esteves
| nebbiolo1 | Linux (Ubuntu 22.04.1 LTS) / x86_64 | OK | OK | ERROR | |||||||||
| nebbiolo2 | Linux (Ubuntu 20.04.5 LTS) / x86_64 | OK | OK | ERROR | ||||||||||
| Package: maigesPack |
| Version: 1.63.0 |
| Command: /home/biocbuild/bbs-3.17-bioc/R/bin/R CMD check --install=check:maigesPack.install-out.txt --library=/home/biocbuild/bbs-3.17-bioc/R/site-library --timings maigesPack_1.63.0.tar.gz |
| StartedAt: 2023-04-12 07:11:30 -0400 (Wed, 12 Apr 2023) |
| EndedAt: 2023-04-12 07:13:30 -0400 (Wed, 12 Apr 2023) |
| EllapsedTime: 120.3 seconds |
| RetCode: 1 |
| Status: ERROR |
| CheckDir: maigesPack.Rcheck |
| Warnings: NA |
##############################################################################
##############################################################################
###
### Running command:
###
### /home/biocbuild/bbs-3.17-bioc/R/bin/R CMD check --install=check:maigesPack.install-out.txt --library=/home/biocbuild/bbs-3.17-bioc/R/site-library --timings maigesPack_1.63.0.tar.gz
###
##############################################################################
##############################################################################
* using log directory ‘/home/biocbuild/bbs-3.17-bioc/meat/maigesPack.Rcheck’
* using R Under development (unstable) (2023-02-14 r83833)
* using platform: x86_64-pc-linux-gnu (64-bit)
* R was compiled by
gcc (Ubuntu 9.4.0-1ubuntu1~20.04.1) 9.4.0
GNU Fortran (Ubuntu 9.4.0-1ubuntu1~20.04.1) 9.4.0
* running under: Ubuntu 20.04.6 LTS
* using session charset: UTF-8
* checking for file ‘maigesPack/DESCRIPTION’ ... OK
* this is package ‘maigesPack’ version ‘1.63.0’
* checking package namespace information ... OK
* checking package dependencies ... OK
* checking if this is a source package ... OK
* checking if there is a namespace ... OK
* checking for hidden files and directories ... NOTE
Found the following hidden files and directories:
.BBSoptions
These were most likely included in error. See section ‘Package
structure’ in the ‘Writing R Extensions’ manual.
* checking for portable file names ... OK
* checking for sufficient/correct file permissions ... OK
* checking whether package ‘maigesPack’ can be installed ... OK
* used C compiler: ‘gcc (Ubuntu 9.4.0-1ubuntu1~20.04.1) 9.4.0’
* checking installed package size ... OK
* checking package directory ... OK
* checking ‘build’ directory ... OK
* checking DESCRIPTION meta-information ... NOTE
Malformed Description field: should contain one or more complete sentences.
* checking top-level files ... OK
* checking for left-over files ... OK
* checking index information ... OK
* checking package subdirectories ... OK
* checking R files for non-ASCII characters ... OK
* checking R files for syntax errors ... OK
* checking whether the package can be loaded ... OK
* checking whether the package can be loaded with stated dependencies ... OK
* checking whether the package can be unloaded cleanly ... OK
* checking whether the namespace can be loaded with stated dependencies ... OK
* checking whether the namespace can be unloaded cleanly ... OK
* checking loading without being on the library search path ... OK
* checking dependencies in R code ... NOTE
'library' or 'require' calls in package code:
‘OLIN’ ‘annotate’ ‘rgl’
Please use :: or requireNamespace() instead.
See section 'Suggested packages' in the 'Writing R Extensions' manual.
* checking S3 generic/method consistency ... OK
* checking replacement functions ... OK
* checking foreign function calls ... OK
* checking R code for possible problems ... NOTE
activeMod: no visible global function definition for ‘sessionInfo’
activeModScoreHTML: no visible binding for global variable ‘data’
activeNet: no visible global function definition for ‘sessionInfo’
activeNetScoreHTML: no visible binding for global variable ‘data’
blackBlue: no visible global function definition for ‘col2rgb’
blackBlue: no visible global function definition for ‘rgb’
classifyKNN: no visible global function definition for ‘sessionInfo’
classifyKNNsc: no visible global function definition for ‘sessionInfo’
classifyLDA: no visible global function definition for ‘sessionInfo’
classifyLDAsc: no visible global function definition for ‘sessionInfo’
classifySVM: no visible global function definition for ‘sessionInfo’
classifySVMsc: no visible global function definition for ‘sessionInfo’
createMaigesRaw: no visible global function definition for
‘sessionInfo’
createTDMS: no visible global function definition for ‘write.table’
deGenes2by2BootT: no visible global function definition for
‘sessionInfo’
deGenes2by2Ttest: no visible global function definition for
‘sessionInfo’
deGenes2by2Wilcox: no visible global function definition for
‘sessionInfo’
deGenesANOVA: no visible global function definition for ‘sessionInfo’
designANOVA: no visible global function definition for ‘sessionInfo’
greenRed: no visible global function definition for ‘col2rgb’
greenRed: no visible global function definition for ‘rgb’
loadData: no visible global function definition for ‘read.table’
loadData: no visible global function definition for ‘sessionInfo’
normLoc: no visible global function definition for ‘sessionInfo’
normOLIN: no visible global function definition for ‘sessionInfo’
normRepLoess: no visible global function definition for ‘sessionInfo’
normScaleLimma: no visible global function definition for ‘sessionInfo’
normScaleMarray: no visible global function definition for
‘sessionInfo’
print.maiges: no visible global function definition for ‘str’
print.maigesANOVA: no visible global function definition for ‘str’
print.maigesPreRaw: no visible global function definition for ‘str’
print.maigesRaw: no visible global function definition for ‘str’
relNet2TGF.maigesRelNetB: no visible global function definition for
‘write.table’
relNet2TGF.maigesRelNetM: no visible global function definition for
‘write.table’
relNetworkB: no visible global function definition for ‘sessionInfo’
relNetworkM: no visible global function definition for ‘sessionInfo’
selSpots: no visible global function definition for ‘sessionInfo’
summarizeReplicates: no visible global function definition for
‘sessionInfo’
tableClass: no visible global function definition for ‘write.table’
tablesDE: no visible global function definition for ‘setRepository’
tablesDE: no visible global function definition for ‘write.table’
Undefined global functions or variables:
col2rgb data read.table rgb sessionInfo setRepository str write.table
Consider adding
importFrom("grDevices", "col2rgb", "rgb")
importFrom("utils", "data", "read.table", "sessionInfo", "str",
"write.table")
to your NAMESPACE file.
* checking Rd files ... NOTE
checkRd: (-1) addPaths.Rd:11: Escaped LaTeX specials: \#
checkRd: (-1) loadData.Rd:51: Escaped LaTeX specials: \_
* checking Rd metadata ... OK
* checking Rd cross-references ... OK
* checking for missing documentation entries ... OK
* checking for code/documentation mismatches ... OK
* checking Rd \usage sections ... OK
* checking Rd contents ... OK
* checking for unstated dependencies in examples ... OK
* checking contents of ‘data’ directory ... OK
* checking data for non-ASCII characters ... OK
* checking data for ASCII and uncompressed saves ... OK
* checking line endings in C/C++/Fortran sources/headers ... OK
* checking compiled code ... NOTE
Note: information on .o files is not available
* checking files in ‘vignettes’ ... OK
* checking examples ... ERROR
Running examples in ‘maigesPack-Ex.R’ failed
The error most likely occurred in:
> base::assign(".ptime", proc.time(), pos = "CheckExEnv")
> ### Name: normScaleLimma
> ### Title: Scale adjust a cDNA Microarray Object
> ### Aliases: normScaleLimma
> ### Keywords: classes
>
> ### ** Examples
>
> ## Loading the dataset
> data(gastro)
>
> ## Doing the scale adjustment from median-absolute-value method (from
> ## limma)
> gastro.norm = normScaleLimma(gastro.norm, method="scale")
> boxplot(gastro.norm) ## To see the efect of adjustment
>
> ## To do VSN scale adjustment (from vsn package) use the command. Be
> ## carefull that this method adjust the variance along A values and not
> ## between chips!!
> gastro.norm = normScaleLimma(gastro.raw2, method="vsn")
Error in normalizeVSN(toNorm) :
vsn package required but is not installed (or can't be loaded)
Calls: normScaleLimma -> normalizeVSN
Execution halted
* checking for unstated dependencies in vignettes ... OK
* checking package vignettes in ‘inst/doc’ ... OK
* checking running R code from vignettes ...
‘maigesPack_tutorial.Rnw’... OK
OK
* checking re-building of vignette outputs ... OK
* checking PDF version of manual ... OK
* DONE
Status: 1 ERROR, 6 NOTEs
See
‘/home/biocbuild/bbs-3.17-bioc/meat/maigesPack.Rcheck/00check.log’
for details.
maigesPack.Rcheck/00install.out
############################################################################## ############################################################################## ### ### Running command: ### ### /home/biocbuild/bbs-3.17-bioc/R/bin/R CMD INSTALL maigesPack ### ############################################################################## ############################################################################## * installing to library ‘/home/biocbuild/bbs-3.17-bioc/R/site-library’ * installing *source* package ‘maigesPack’ ... ** using staged installation ** libs using C compiler: ‘gcc (Ubuntu 9.4.0-1ubuntu1~20.04.1) 9.4.0’ gcc -I"/home/biocbuild/bbs-3.17-bioc/R/include" -DNDEBUG -I/usr/local/include -fpic -g -O2 -Wall -c Minfo.c -o Minfo.o gcc -I"/home/biocbuild/bbs-3.17-bioc/R/include" -DNDEBUG -I/usr/local/include -fpic -g -O2 -Wall -c bootstrapT.c -o bootstrapT.o gcc -I"/home/biocbuild/bbs-3.17-bioc/R/include" -DNDEBUG -I/usr/local/include -fpic -g -O2 -Wall -c register.c -o register.o gcc -I"/home/biocbuild/bbs-3.17-bioc/R/include" -DNDEBUG -I/usr/local/include -fpic -g -O2 -Wall -c robustCorr.c -o robustCorr.o gcc -I"/home/biocbuild/bbs-3.17-bioc/R/include" -DNDEBUG -I/usr/local/include -fpic -g -O2 -Wall -c stats.c -o stats.o gcc -shared -L/home/biocbuild/bbs-3.17-bioc/R/lib -L/usr/local/lib -o maigesPack.so Minfo.o bootstrapT.o register.o robustCorr.o stats.o -L/home/biocbuild/bbs-3.17-bioc/R/lib -lR installing to /home/biocbuild/bbs-3.17-bioc/R/site-library/00LOCK-maigesPack/00new/maigesPack/libs ** R ** data ** byte-compile and prepare package for lazy loading ** help *** installing help indices ** building package indices ** installing vignettes ** testing if installed package can be loaded from temporary location ** checking absolute paths in shared objects and dynamic libraries ** testing if installed package can be loaded from final location ** testing if installed package keeps a record of temporary installation path * DONE (maigesPack)
maigesPack.Rcheck/maigesPack-Ex.timings
| name | user | system | elapsed | |
| MI | 0.003 | 0.000 | 0.002 | |
| activeMod | 1.664 | 0.112 | 1.785 | |
| activeModScoreHTML | 0.558 | 0.004 | 0.563 | |
| activeNet | 2.751 | 0.040 | 2.791 | |
| activeNetScoreHTML | 2.742 | 0.056 | 2.797 | |
| addGeneGrps | 0 | 0 | 0 | |
| addPaths | 0 | 0 | 0 | |
| bootstrapCor | 0.028 | 0.000 | 0.028 | |
| bootstrapMI | 0.146 | 0.000 | 0.146 | |
| bootstrapT | 0.002 | 0.000 | 0.003 | |
| boxplot-methods | 2.684 | 0.296 | 2.980 | |
| bracketMethods | 0.127 | 0.008 | 0.136 | |
| calcA | 0.121 | 0.048 | 0.169 | |
| calcW | 0.113 | 0.056 | 0.169 | |
| classifyKNN | 0.171 | 0.000 | 0.171 | |
| classifyKNNsc | 0.225 | 0.007 | 0.233 | |
| classifyLDA | 0.541 | 0.005 | 0.545 | |
| classifyLDAsc | 0.951 | 0.003 | 0.955 | |
| classifySVM | 0.434 | 0.000 | 0.435 | |
| classifySVMsc | 0.569 | 0.000 | 0.569 | |
| coerce-methods | 0.092 | 0.004 | 0.095 | |
| compCorr | 0.001 | 0.000 | 0.000 | |
| createMaigesRaw | 0.158 | 0.000 | 0.158 | |
| deGenes2by2BootT | 0.292 | 0.008 | 0.300 | |
| deGenes2by2Ttest | 0.192 | 0.000 | 0.192 | |
| deGenes2by2Wilcox | 0.157 | 0.008 | 0.165 | |
| deGenesANOVA | 0.122 | 0.007 | 0.130 | |
| designANOVA | 0.102 | 0.001 | 0.102 | |
| dim-methods | 0.063 | 0.004 | 0.067 | |
| getLabels | 0.063 | 0.008 | 0.071 | |
| hierM | 0.933 | 0.007 | 0.845 | |
| hierMde | 1.709 | 0.028 | 1.736 | |
| image-methods | 0.953 | 0.032 | 0.985 | |
| kmeansM | 0.871 | 0.020 | 0.867 | |
| kmeansMde | 0.584 | 0.004 | 0.587 | |
| loadData | 0.000 | 0.000 | 0.001 | |
| normLoc | 0.870 | 0.015 | 0.885 | |
| normOLIN | 0.069 | 0.000 | 0.069 | |
| normRepLoess | 0.060 | 0.008 | 0.068 | |