| Back to Multiple platform build/check report for BioC 3.17 |
|
This page was generated on 2023-03-16 10:55:31 -0400 (Thu, 16 Mar 2023).
| Hostname | OS | Arch (*) | R version | Installed pkgs |
|---|---|---|---|---|
| nebbiolo1 | Linux (Ubuntu 22.04.1 LTS) | x86_64 | R Under development (unstable) (2023-01-10 r83596) -- "Unsuffered Consequences" | 4540 |
| nebbiolo2 | Linux (Ubuntu 20.04.5 LTS) | x86_64 | R Under development (unstable) (2023-02-14 r83833) -- "Unsuffered Consequences" | 4290 |
| Click on any hostname to see more info about the system (e.g. compilers) (*) as reported by 'uname -p', except on Windows and Mac OS X | ||||
|
To the developers/maintainers of the gespeR package: - Please allow up to 24 hours (and sometimes 48 hours) for your latest push to git@git.bioconductor.org:packages/gespeR.git to reflect on this report. See How and When does the builder pull? When will my changes propagate? for more information. - Make sure to use the following settings in order to reproduce any error or warning you see on this page. |
| Package 811/2189 | Hostname | OS / Arch | INSTALL | BUILD | CHECK | BUILD BIN | ||||||||
| gespeR 1.31.0 (landing page) Fabian Schmich
| nebbiolo1 | Linux (Ubuntu 22.04.1 LTS) / x86_64 | OK | OK | WARNINGS | |||||||||
| nebbiolo2 | Linux (Ubuntu 20.04.5 LTS) / x86_64 | OK | OK | WARNINGS | ||||||||||
| Package: gespeR |
| Version: 1.31.0 |
| Command: /home/biocbuild/bbs-3.17-bioc/R/bin/R CMD check --install=check:gespeR.install-out.txt --library=/home/biocbuild/bbs-3.17-bioc/R/library --timings gespeR_1.31.0.tar.gz |
| StartedAt: 2023-03-15 20:38:21 -0400 (Wed, 15 Mar 2023) |
| EndedAt: 2023-03-15 20:43:19 -0400 (Wed, 15 Mar 2023) |
| EllapsedTime: 297.7 seconds |
| RetCode: 0 |
| Status: WARNINGS |
| CheckDir: gespeR.Rcheck |
| Warnings: 1 |
##############################################################################
##############################################################################
###
### Running command:
###
### /home/biocbuild/bbs-3.17-bioc/R/bin/R CMD check --install=check:gespeR.install-out.txt --library=/home/biocbuild/bbs-3.17-bioc/R/library --timings gespeR_1.31.0.tar.gz
###
##############################################################################
##############################################################################
* using log directory ‘/home/biocbuild/bbs-3.17-bioc/meat/gespeR.Rcheck’
* using R Under development (unstable) (2023-01-10 r83596)
* using platform: x86_64-pc-linux-gnu (64-bit)
* R was compiled by
gcc (Ubuntu 11.3.0-1ubuntu1~22.04) 11.3.0
GNU Fortran (Ubuntu 11.3.0-1ubuntu1~22.04) 11.3.0
* running under: Ubuntu 22.04.2 LTS
* using session charset: UTF-8
* checking for file ‘gespeR/DESCRIPTION’ ... OK
* checking extension type ... Package
* this is package ‘gespeR’ version ‘1.31.0’
* checking package namespace information ... OK
* checking package dependencies ... OK
* checking if this is a source package ... OK
* checking if there is a namespace ... OK
* checking for hidden files and directories ... OK
* checking for portable file names ... OK
* checking for sufficient/correct file permissions ... OK
* checking whether package ‘gespeR’ can be installed ... OK
* checking installed package size ... OK
* checking package directory ... OK
* checking ‘build’ directory ... OK
* checking DESCRIPTION meta-information ... OK
* checking top-level files ... OK
* checking for left-over files ... OK
* checking index information ... OK
* checking package subdirectories ... OK
* checking R files for non-ASCII characters ... OK
* checking R files for syntax errors ... OK
* checking whether the package can be loaded ... OK
* checking whether the package can be loaded with stated dependencies ... OK
* checking whether the package can be unloaded cleanly ... OK
* checking whether the namespace can be loaded with stated dependencies ... OK
* checking whether the namespace can be unloaded cleanly ... OK
* checking dependencies in R code ... OK
* checking S3 generic/method consistency ... OK
* checking replacement functions ... OK
* checking foreign function calls ... OK
* checking R code for possible problems ... NOTE
.gespeR.cv: no visible global function definition for ‘coef’
.select.model: no visible global function definition for ‘predict’
concordance: no visible global function definition for ‘cor’
lasso.rand: no visible global function definition for ‘runif’
plot.gespeR: no visible global function definition for ‘hist’
stability.selection: no visible global function definition for ‘lm’
Phenotypes,character: no visible global function definition for
‘read.delim’
Undefined global functions or variables:
coef cor hist lm predict read.delim runif
Consider adding
importFrom("graphics", "hist")
importFrom("stats", "coef", "cor", "lm", "predict", "runif")
importFrom("utils", "read.delim")
to your NAMESPACE file.
* checking Rd files ... OK
* checking Rd metadata ... OK
* checking Rd cross-references ... OK
* checking for missing documentation entries ... OK
* checking for code/documentation mismatches ... WARNING
Codoc mismatches from documentation object 'c,Phenotypes-method':
\S4method{c}{Phenotypes}
Code: function(x, ...)
Docs: function(x, ..., recursive = FALSE)
Argument names in docs not in code:
recursive
* checking Rd \usage sections ... OK
* checking Rd contents ... OK
* checking for unstated dependencies in examples ... OK
* checking contents of ‘data’ directory ... OK
* checking data for non-ASCII characters ... OK
* checking data for ASCII and uncompressed saves ... OK
* checking files in ‘vignettes’ ... OK
* checking examples ... OK
Examples with CPU (user + system) or elapsed time > 5s
user system elapsed
gespeR-package 5.539 0.434 68.283
gespeR-class 0.306 0.030 14.795
stability-methods 0.128 0.014 15.342
* checking for unstated dependencies in vignettes ... OK
* checking package vignettes in ‘inst/doc’ ... OK
* checking running R code from vignettes ...
‘gespeR.Rnw’... OK
NONE
* checking re-building of vignette outputs ... OK
* checking PDF version of manual ... OK
* DONE
Status: 1 WARNING, 1 NOTE
See
‘/home/biocbuild/bbs-3.17-bioc/meat/gespeR.Rcheck/00check.log’
for details.
gespeR.Rcheck/00install.out
############################################################################## ############################################################################## ### ### Running command: ### ### /home/biocbuild/bbs-3.17-bioc/R/bin/R CMD INSTALL gespeR ### ############################################################################## ############################################################################## * installing to library ‘/home/biocbuild/bbs-3.17-bioc/R/library’ * installing *source* package ‘gespeR’ ... ** using staged installation ** R ** data ** inst ** byte-compile and prepare package for lazy loading ** help *** installing help indices ** building package indices ** installing vignettes ** testing if installed package can be loaded from temporary location ** testing if installed package can be loaded from final location ** testing if installed package keeps a record of temporary installation path * DONE (gespeR)
gespeR.Rcheck/gespeR-Ex.timings
| name | user | system | elapsed | |
| Phenotypes-class | 0.008 | 0.000 | 0.008 | |
| TargetRelations-class | 0.008 | 0.000 | 0.009 | |
| annotate.gsp-methods | 0.648 | 0.056 | 0.704 | |
| as.data.frame-Phenotypes-method | 0.135 | 0.000 | 0.136 | |
| c-Phenotypes-method | 0.048 | 0.004 | 0.052 | |
| concordance | 0.584 | 0.036 | 0.619 | |
| gespeR-class | 0.306 | 0.030 | 14.795 | |
| gespeR-package | 5.539 | 0.434 | 68.283 | |
| gspssp-methods | 0.191 | 0.016 | 0.207 | |
| join-methods | 0.012 | 0.000 | 0.012 | |
| lasso.rand | 0.008 | 0.000 | 0.008 | |
| na.rem-methods | 0.051 | 0.004 | 0.055 | |
| path-methods | 0.005 | 0.000 | 0.006 | |
| rbo | 0.001 | 0.000 | 0.001 | |
| scores-methods | 0.179 | 0.004 | 0.183 | |
| simData | 0.008 | 0.000 | 0.009 | |
| stability-methods | 0.128 | 0.014 | 15.342 | |
| stabilityfits | 0.119 | 0.000 | 0.118 | |
| target-relations-methods | 0.111 | 0.007 | 0.117 | |
| trmatrix-methods | 0.109 | 0.004 | 0.114 | |
| values-methods | 0.016 | 0.008 | 0.025 | |