| Back to Multiple platform build/check report for BioC 3.17 |
|
This page was generated on 2023-04-12 10:55:36 -0400 (Wed, 12 Apr 2023).
| Hostname | OS | Arch (*) | R version | Installed pkgs |
|---|---|---|---|---|
| nebbiolo1 | Linux (Ubuntu 22.04.1 LTS) | x86_64 | 4.3.0 alpha (2023-04-03 r84154) | 4547 |
| nebbiolo2 | Linux (Ubuntu 20.04.5 LTS) | x86_64 | R Under development (unstable) (2023-02-14 r83833) -- "Unsuffered Consequences" | 4333 |
| Click on any hostname to see more info about the system (e.g. compilers) (*) as reported by 'uname -p', except on Windows and Mac OS X | ||||
|
To the developers/maintainers of the flowCore package: - Allow up to 24 hours (and sometimes 48 hours) for your latest push to git@git.bioconductor.org:packages/flowCore.git to reflect on this report. See Troubleshooting Build Report for more information. - Use the following Renviron settings to reproduce errors and warnings. Note: If "R CMD check" recently failed on the Linux builder over a missing dependency, add the missing dependency to "Suggests" in your DESCRIPTION file. See the Renviron.bioc for details. |
| Package 705/2207 | Hostname | OS / Arch | INSTALL | BUILD | CHECK | BUILD BIN | ||||||||
| flowCore 2.11.0 (landing page) Mike Jiang
| nebbiolo1 | Linux (Ubuntu 22.04.1 LTS) / x86_64 | OK | OK | WARNINGS | |||||||||
| nebbiolo2 | Linux (Ubuntu 20.04.5 LTS) / x86_64 | OK | OK | WARNINGS | ||||||||||
| Package: flowCore |
| Version: 2.11.0 |
| Command: /home/biocbuild/bbs-3.17-bioc/R/bin/R CMD check --install=check:flowCore.install-out.txt --library=/home/biocbuild/bbs-3.17-bioc/R/site-library --timings flowCore_2.11.0.tar.gz |
| StartedAt: 2023-04-12 06:18:44 -0400 (Wed, 12 Apr 2023) |
| EndedAt: 2023-04-12 06:21:38 -0400 (Wed, 12 Apr 2023) |
| EllapsedTime: 173.6 seconds |
| RetCode: 0 |
| Status: WARNINGS |
| CheckDir: flowCore.Rcheck |
| Warnings: 2 |
##############################################################################
##############################################################################
###
### Running command:
###
### /home/biocbuild/bbs-3.17-bioc/R/bin/R CMD check --install=check:flowCore.install-out.txt --library=/home/biocbuild/bbs-3.17-bioc/R/site-library --timings flowCore_2.11.0.tar.gz
###
##############################################################################
##############################################################################
* using log directory ‘/home/biocbuild/bbs-3.17-bioc/meat/flowCore.Rcheck’
* using R Under development (unstable) (2023-02-14 r83833)
* using platform: x86_64-pc-linux-gnu (64-bit)
* R was compiled by
gcc (Ubuntu 9.4.0-1ubuntu1~20.04.1) 9.4.0
GNU Fortran (Ubuntu 9.4.0-1ubuntu1~20.04.1) 9.4.0
* running under: Ubuntu 20.04.6 LTS
* using session charset: UTF-8
* checking for file ‘flowCore/DESCRIPTION’ ... OK
* this is package ‘flowCore’ version ‘2.11.0’
* package encoding: UTF-8
* checking package namespace information ... OK
* checking package dependencies ... OK
* checking if this is a source package ... OK
* checking if there is a namespace ... OK
* checking for hidden files and directories ... OK
* checking for portable file names ... OK
* checking for sufficient/correct file permissions ... OK
* checking whether package ‘flowCore’ can be installed ... WARNING
Found the following significant warnings:
Hyperlog.cpp:47:47: warning: ‘Illegal argument value ’ directive output truncated writing 23 bytes into a region of size 8 [-Wformat-truncation=]
Hyperlog.cpp:53:47: warning: ‘Illegal argument value ’ directive output truncated writing 23 bytes into a region of size 8 [-Wformat-truncation=]
See ‘/home/biocbuild/bbs-3.17-bioc/meat/flowCore.Rcheck/00install.out’ for details.
* used C++ compiler: ‘g++ (Ubuntu 9.4.0-1ubuntu1~20.04.1) 9.4.0’
* checking C++ specification ... NOTE
Specified C++11: please drop specification unless essential
* checking installed package size ... NOTE
installed size is 19.0Mb
sub-directories of 1Mb or more:
R 1.1Mb
data 5.4Mb
extdata 1.1Mb
libs 10.5Mb
* checking package directory ... OK
* checking ‘build’ directory ... OK
* checking DESCRIPTION meta-information ... OK
* checking top-level files ... OK
* checking for left-over files ... OK
* checking index information ... OK
* checking package subdirectories ... OK
* checking R files for non-ASCII characters ... OK
* checking R files for syntax errors ... OK
* checking whether the package can be loaded ... OK
* checking whether the package can be loaded with stated dependencies ... OK
* checking whether the package can be unloaded cleanly ... OK
* checking whether the namespace can be loaded with stated dependencies ... OK
* checking whether the namespace can be unloaded cleanly ... OK
* checking loading without being on the library search path ... OK
* checking dependencies in R code ... OK
* checking S3 generic/method consistency ... OK
* checking replacement functions ... OK
* checking foreign function calls ... OK
* checking R code for possible problems ... NOTE
eval,compensatedParameter-missing : <anonymous>: no visible binding for
global variable ‘mat’
eval,compensatedParameter-missing : <anonymous>: no visible binding for
global variable ‘msv’
show,flowFrame: no visible global function definition for
‘capture.output’
Undefined global functions or variables:
capture.output mat msv
Consider adding
importFrom("utils", "capture.output")
to your NAMESPACE file.
* checking Rd files ... NOTE
checkRd: (-1) identifier-methods.Rd:36: Escaped LaTeX specials: \^
checkRd: (-1) quadraticTransform.Rd:26: Escaped LaTeX specials: \^
checkRd: (-1) read.FCS.Rd:26: Escaped LaTeX specials: \$
* checking Rd metadata ... OK
* checking Rd cross-references ... OK
* checking for missing documentation entries ... OK
* checking for code/documentation mismatches ... OK
* checking Rd \usage sections ... OK
* checking Rd contents ... OK
* checking for unstated dependencies in examples ... OK
* checking contents of ‘data’ directory ... OK
* checking data for non-ASCII characters ... OK
* checking data for ASCII and uncompressed saves ... OK
* checking line endings in C/C++/Fortran sources/headers ... OK
* checking line endings in Makefiles ... OK
* checking compilation flags in Makevars ... OK
* checking for GNU extensions in Makefiles ... OK
* checking for portable use of $(BLAS_LIBS) and $(LAPACK_LIBS) ... OK
* checking use of PKG_*FLAGS in Makefiles ... OK
* checking compiled code ... WARNING
Note: information on .o files is not available
File ‘/home/biocbuild/bbs-3.17-bioc/R/site-library/flowCore/libs/flowCore.so’:
Found ‘_ZSt4cerr’, possibly from ‘std::cerr’ (C++)
Found ‘__sprintf_chk’, possibly from ‘sprintf’ (C)
Found ‘rand’, possibly from ‘rand’ (C)
Found ‘srand’, possibly from ‘srand’ (C)
Compiled code should not call entry points which might terminate R nor
write to stdout/stderr instead of to the console, nor use Fortran I/O
nor system RNGs nor [v]sprintf. The detected symbols are linked into
the code but might come from libraries and not actually be called.
See ‘Writing portable packages’ in the ‘Writing R Extensions’ manual.
* checking installed files from ‘inst/doc’ ... OK
* checking files in ‘vignettes’ ... OK
* checking examples ... OK
Examples with CPU (user + system) or elapsed time > 5s
user system elapsed
filterResultList-class 5.429 0.167 5.598
* checking for unstated dependencies in ‘tests’ ... OK
* checking tests ...
Running ‘testthat.R’
OK
* checking for unstated dependencies in vignettes ... OK
* checking package vignettes in ‘inst/doc’ ... OK
* checking running R code from vignettes ...
‘HowTo-flowCore.Rnw’ using ‘UTF-8’... OK
NONE
* checking re-building of vignette outputs ... OK
* checking PDF version of manual ... OK
* DONE
Status: 2 WARNINGs, 4 NOTEs
See
‘/home/biocbuild/bbs-3.17-bioc/meat/flowCore.Rcheck/00check.log’
for details.
flowCore.Rcheck/00install.out
##############################################################################
##############################################################################
###
### Running command:
###
### /home/biocbuild/bbs-3.17-bioc/R/bin/R CMD INSTALL flowCore
###
##############################################################################
##############################################################################
* installing to library ‘/home/biocbuild/bbs-3.17-bioc/R/site-library’
* installing *source* package ‘flowCore’ ...
** using staged installation
** libs
using C++ compiler: ‘g++ (Ubuntu 9.4.0-1ubuntu1~20.04.1) 9.4.0’
using C++11
g++ -std=gnu++11 -I"/home/biocbuild/bbs-3.17-bioc/R/include" -DNDEBUG -I'/home/biocbuild/bbs-3.17-bioc/R/site-library/cpp11/include' -I'/home/biocbuild/bbs-3.17-bioc/R/site-library/BH/include' -I'/home/biocbuild/bbs-3.17-bioc/R/site-library/cytolib/include' -I'/home/biocbuild/bbs-3.17-bioc/R/site-library/RProtoBufLib/include' -I/usr/local/include -fpic -g -O2 -Wall -c FastLogicle.cpp -o FastLogicle.o
g++ -std=gnu++11 -I"/home/biocbuild/bbs-3.17-bioc/R/include" -DNDEBUG -I'/home/biocbuild/bbs-3.17-bioc/R/site-library/cpp11/include' -I'/home/biocbuild/bbs-3.17-bioc/R/site-library/BH/include' -I'/home/biocbuild/bbs-3.17-bioc/R/site-library/cytolib/include' -I'/home/biocbuild/bbs-3.17-bioc/R/site-library/RProtoBufLib/include' -I/usr/local/include -fpic -g -O2 -Wall -c Hyperlog.cpp -o Hyperlog.o
Hyperlog.cpp: In constructor ‘Hyperlog::IllegalArgument::IllegalArgument(double)’:
Hyperlog.cpp:47:47: warning: ‘Illegal argument value ’ directive output truncated writing 23 bytes into a region of size 8 [-Wformat-truncation=]
47 | snprintf(buffer, sizeof(buffer), "Illegal argument value %.17g", value);
| ~~~~~~~~^~~~~~~~~~~~~~~
Hyperlog.cpp:47:38: note: assuming directive output of 23 bytes
47 | snprintf(buffer, sizeof(buffer), "Illegal argument value %.17g", value);
| ^~~~~~~~~~~~~~~~~~~~~~~~~~~~~~
In file included from /usr/include/stdio.h:867,
from /usr/include/c++/9/cstdio:42,
from /home/biocbuild/bbs-3.17-bioc/R/include/R.h:40,
from zeroin.h:14,
from Hyperlog.cpp:4:
/usr/include/x86_64-linux-gnu/bits/stdio2.h:67:35: note: ‘__builtin___snprintf_chk’ output between 25 and 48 bytes into a destination of size 8
67 | return __builtin___snprintf_chk (__s, __n, __USE_FORTIFY_LEVEL - 1,
| ~~~~~~~~~~~~~~~~~~~~~~~~~^~~~~~~~~~~~~~~~~~~~~~~~~~~~~~~~~~~
68 | __bos (__s), __fmt, __va_arg_pack ());
| ~~~~~~~~~~~~~~~~~~~~~~~~~~~~~~~~~~~~~
Hyperlog.cpp: In constructor ‘Hyperlog::IllegalArgument::IllegalArgument(int)’:
Hyperlog.cpp:53:47: warning: ‘Illegal argument value ’ directive output truncated writing 23 bytes into a region of size 8 [-Wformat-truncation=]
53 | snprintf(buffer, sizeof(buffer), "Illegal argument value %d", value);
| ~~~~~~~~^~~~~~~~~~~~~~~
In file included from /usr/include/stdio.h:867,
from /usr/include/c++/9/cstdio:42,
from /home/biocbuild/bbs-3.17-bioc/R/include/R.h:40,
from zeroin.h:14,
from Hyperlog.cpp:4:
/usr/include/x86_64-linux-gnu/bits/stdio2.h:67:35: note: ‘__builtin___snprintf_chk’ output between 25 and 35 bytes into a destination of size 8
67 | return __builtin___snprintf_chk (__s, __n, __USE_FORTIFY_LEVEL - 1,
| ~~~~~~~~~~~~~~~~~~~~~~~~~^~~~~~~~~~~~~~~~~~~~~~~~~~~~~~~~~~~
68 | __bos (__s), __fmt, __va_arg_pack ());
| ~~~~~~~~~~~~~~~~~~~~~~~~~~~~~~~~~~~~~
g++ -std=gnu++11 -I"/home/biocbuild/bbs-3.17-bioc/R/include" -DNDEBUG -I'/home/biocbuild/bbs-3.17-bioc/R/site-library/cpp11/include' -I'/home/biocbuild/bbs-3.17-bioc/R/site-library/BH/include' -I'/home/biocbuild/bbs-3.17-bioc/R/site-library/cytolib/include' -I'/home/biocbuild/bbs-3.17-bioc/R/site-library/RProtoBufLib/include' -I/usr/local/include -fpic -g -O2 -Wall -c Logicle.cpp -o Logicle.o
g++ -std=gnu++11 -I"/home/biocbuild/bbs-3.17-bioc/R/include" -DNDEBUG -I'/home/biocbuild/bbs-3.17-bioc/R/site-library/cpp11/include' -I'/home/biocbuild/bbs-3.17-bioc/R/site-library/BH/include' -I'/home/biocbuild/bbs-3.17-bioc/R/site-library/cytolib/include' -I'/home/biocbuild/bbs-3.17-bioc/R/site-library/RProtoBufLib/include' -I/usr/local/include -fpic -g -O2 -Wall -c biexponential.cpp -o biexponential.o
g++ -std=gnu++11 -I"/home/biocbuild/bbs-3.17-bioc/R/include" -DNDEBUG -I'/home/biocbuild/bbs-3.17-bioc/R/site-library/cpp11/include' -I'/home/biocbuild/bbs-3.17-bioc/R/site-library/BH/include' -I'/home/biocbuild/bbs-3.17-bioc/R/site-library/cytolib/include' -I'/home/biocbuild/bbs-3.17-bioc/R/site-library/RProtoBufLib/include' -I/usr/local/include -fpic -g -O2 -Wall -c convertRawBytes.cpp -o convertRawBytes.o
g++ -std=gnu++11 -I"/home/biocbuild/bbs-3.17-bioc/R/include" -DNDEBUG -I'/home/biocbuild/bbs-3.17-bioc/R/site-library/cpp11/include' -I'/home/biocbuild/bbs-3.17-bioc/R/site-library/BH/include' -I'/home/biocbuild/bbs-3.17-bioc/R/site-library/cytolib/include' -I'/home/biocbuild/bbs-3.17-bioc/R/site-library/RProtoBufLib/include' -I/usr/local/include -fpic -g -O2 -Wall -c cpp11.cpp -o cpp11.o
g++ -std=gnu++11 -I"/home/biocbuild/bbs-3.17-bioc/R/include" -DNDEBUG -I'/home/biocbuild/bbs-3.17-bioc/R/site-library/cpp11/include' -I'/home/biocbuild/bbs-3.17-bioc/R/site-library/BH/include' -I'/home/biocbuild/bbs-3.17-bioc/R/site-library/cytolib/include' -I'/home/biocbuild/bbs-3.17-bioc/R/site-library/RProtoBufLib/include' -I/usr/local/include -fpic -g -O2 -Wall -c fcsTextParse.cpp -o fcsTextParse.o
In file included from /home/biocbuild/bbs-3.17-bioc/R/site-library/BH/include/boost/mpl/aux_/na_assert.hpp:23,
from /home/biocbuild/bbs-3.17-bioc/R/site-library/BH/include/boost/mpl/arg.hpp:25,
from /home/biocbuild/bbs-3.17-bioc/R/site-library/BH/include/boost/mpl/placeholders.hpp:24,
from /home/biocbuild/bbs-3.17-bioc/R/site-library/BH/include/boost/iterator/iterator_categories.hpp:16,
from /home/biocbuild/bbs-3.17-bioc/R/site-library/BH/include/boost/iterator/iterator_facade.hpp:13,
from /home/biocbuild/bbs-3.17-bioc/R/site-library/BH/include/boost/range/iterator_range_core.hpp:27,
from /home/biocbuild/bbs-3.17-bioc/R/site-library/BH/include/boost/range/iterator_range.hpp:13,
from /home/biocbuild/bbs-3.17-bioc/R/site-library/BH/include/boost/range/as_literal.hpp:18,
from /home/biocbuild/bbs-3.17-bioc/R/site-library/BH/include/boost/algorithm/string/trim.hpp:19,
from /home/biocbuild/bbs-3.17-bioc/R/site-library/BH/include/boost/algorithm/string.hpp:19,
from fcsTextParse.cpp:9:
/home/biocbuild/bbs-3.17-bioc/R/site-library/BH/include/boost/mpl/assert.hpp:194:21: warning: unnecessary parentheses in declaration of ‘assert_arg’ [-Wparentheses]
194 | failed ************ (Pred::************
| ^
/home/biocbuild/bbs-3.17-bioc/R/site-library/BH/include/boost/mpl/assert.hpp:199:21: warning: unnecessary parentheses in declaration of ‘assert_not_arg’ [-Wparentheses]
199 | failed ************ (boost::mpl::not_<Pred>::************
| ^
In file included from /home/biocbuild/bbs-3.17-bioc/R/site-library/BH/include/boost/bind/mem_fn.hpp:25,
from /home/biocbuild/bbs-3.17-bioc/R/site-library/BH/include/boost/mem_fn.hpp:22,
from /home/biocbuild/bbs-3.17-bioc/R/site-library/BH/include/boost/function/detail/prologue.hpp:18,
from /home/biocbuild/bbs-3.17-bioc/R/site-library/BH/include/boost/function.hpp:30,
from /home/biocbuild/bbs-3.17-bioc/R/site-library/BH/include/boost/algorithm/string/detail/find_iterator.hpp:18,
from /home/biocbuild/bbs-3.17-bioc/R/site-library/BH/include/boost/algorithm/string/find_iterator.hpp:24,
from /home/biocbuild/bbs-3.17-bioc/R/site-library/BH/include/boost/algorithm/string/iter_find.hpp:27,
from /home/biocbuild/bbs-3.17-bioc/R/site-library/BH/include/boost/algorithm/string/split.hpp:16,
from /home/biocbuild/bbs-3.17-bioc/R/site-library/BH/include/boost/algorithm/string.hpp:23,
from fcsTextParse.cpp:9:
/home/biocbuild/bbs-3.17-bioc/R/site-library/BH/include/boost/get_pointer.hpp:48:40: warning: ‘template<class> class std::auto_ptr’ is deprecated [-Wdeprecated-declarations]
48 | template<class T> T * get_pointer(std::auto_ptr<T> const& p)
| ^~~~~~~~
In file included from /usr/include/c++/9/bits/locale_conv.h:41,
from /usr/include/c++/9/locale:43,
from /home/biocbuild/bbs-3.17-bioc/R/site-library/BH/include/boost/algorithm/string/classification.hpp:15,
from /home/biocbuild/bbs-3.17-bioc/R/site-library/BH/include/boost/algorithm/string/trim.hpp:23,
from /home/biocbuild/bbs-3.17-bioc/R/site-library/BH/include/boost/algorithm/string.hpp:19,
from fcsTextParse.cpp:9:
/usr/include/c++/9/bits/unique_ptr.h:53:28: note: declared here
53 | template<typename> class auto_ptr;
| ^~~~~~~~
In file included from fcsTextParse.cpp:13:
/home/biocbuild/bbs-3.17-bioc/R/site-library/cytolib/include/cytolib/compensation.hpp: In constructor ‘cytolib::compensation::compensation(const string&)’:
/home/biocbuild/bbs-3.17-bioc/R/site-library/cytolib/include/cytolib/compensation.hpp:58:20: warning: comparison of integer expressions of different signedness: ‘std::vector<std::__cxx11::basic_string<char>, std::allocator<std::__cxx11::basic_string<char> > >::size_type’ {aka ‘long unsigned int’} and ‘int’ [-Wsign-compare]
58 | if(valVec.size() != 1+n+n*n){
| ~~~~~~~~~~~~~~^~~~~~~~~~
/home/biocbuild/bbs-3.17-bioc/R/site-library/cytolib/include/cytolib/compensation.hpp:62:21: warning: comparison of integer expressions of different signedness: ‘std::vector<std::__cxx11::basic_string<char>, std::allocator<std::__cxx11::basic_string<char> > >::size_type’ {aka ‘long unsigned int’} and ‘int’ [-Wsign-compare]
62 | if(valVec.size() == 1+n+2*n*n){
| ~~~~~~~~~~~~~~^~~~~~~~~~~~
/home/biocbuild/bbs-3.17-bioc/R/site-library/cytolib/include/cytolib/compensation.hpp:68:33: warning: comparison of integer expressions of different signedness: ‘int’ and ‘std::vector<std::__cxx11::basic_string<char>, std::allocator<std::__cxx11::basic_string<char> > >::size_type’ {aka ‘long unsigned int’} [-Wsign-compare]
68 | for(int i = 1+n, j = 1+n; i < valVec_fixed.size(); i++, j+=2)
| ~~^~~~~~~~~~~~~~~~~~~~~
fcsTextParse.cpp: In function ‘cpp11::writable::doubles_matrix<> string_to_spill(std::string)’:
fcsTextParse.cpp:21:22: warning: comparison of integer expressions of different signedness: ‘int’ and ‘const uword’ {aka ‘const long long unsigned int’} [-Wsign-compare]
21 | for (auto j = 0; j < spillover.n_cols; j++) {
| ~~^~~~~~~~~~~~~~~~~~
fcsTextParse.cpp:22:24: warning: comparison of integer expressions of different signedness: ‘int’ and ‘const uword’ {aka ‘const long long unsigned int’} [-Wsign-compare]
22 | for (auto i = 0; i < spillover.n_rows; i++) {
| ~~^~~~~~~~~~~~~~~~~~
fcsTextParse.cpp: In function ‘cpp11::sexp fcsTextParse(std::string, bool)’:
fcsTextParse.cpp:142:23: warning: comparison of integer expressions of different signedness: ‘int’ and ‘std::vector<std::pair<std::__cxx11::basic_string<char>, std::__cxx11::basic_string<char> > >::size_type’ {aka ‘long unsigned int’} [-Wsign-compare]
142 | for (int i = 0; i < pairs.size(); i++) {
| ~~^~~~~~~~~~~~~~
g++ -std=gnu++11 -I"/home/biocbuild/bbs-3.17-bioc/R/include" -DNDEBUG -I'/home/biocbuild/bbs-3.17-bioc/R/site-library/cpp11/include' -I'/home/biocbuild/bbs-3.17-bioc/R/site-library/BH/include' -I'/home/biocbuild/bbs-3.17-bioc/R/site-library/cytolib/include' -I'/home/biocbuild/bbs-3.17-bioc/R/site-library/RProtoBufLib/include' -I/usr/local/include -fpic -g -O2 -Wall -c hyperlogTransform.cpp -o hyperlogTransform.o
g++ -std=gnu++11 -I"/home/biocbuild/bbs-3.17-bioc/R/include" -DNDEBUG -I'/home/biocbuild/bbs-3.17-bioc/R/site-library/cpp11/include' -I'/home/biocbuild/bbs-3.17-bioc/R/site-library/BH/include' -I'/home/biocbuild/bbs-3.17-bioc/R/site-library/cytolib/include' -I'/home/biocbuild/bbs-3.17-bioc/R/site-library/RProtoBufLib/include' -I/usr/local/include -fpic -g -O2 -Wall -c inPolygon.cpp -o inPolygon.o
g++ -std=gnu++11 -I"/home/biocbuild/bbs-3.17-bioc/R/include" -DNDEBUG -I'/home/biocbuild/bbs-3.17-bioc/R/site-library/cpp11/include' -I'/home/biocbuild/bbs-3.17-bioc/R/site-library/BH/include' -I'/home/biocbuild/bbs-3.17-bioc/R/site-library/cytolib/include' -I'/home/biocbuild/bbs-3.17-bioc/R/site-library/RProtoBufLib/include' -I/usr/local/include -fpic -g -O2 -Wall -c inPolytope.cpp -o inPolytope.o
g++ -std=gnu++11 -I"/home/biocbuild/bbs-3.17-bioc/R/include" -DNDEBUG -I'/home/biocbuild/bbs-3.17-bioc/R/site-library/cpp11/include' -I'/home/biocbuild/bbs-3.17-bioc/R/site-library/BH/include' -I'/home/biocbuild/bbs-3.17-bioc/R/site-library/cytolib/include' -I'/home/biocbuild/bbs-3.17-bioc/R/site-library/RProtoBufLib/include' -I/usr/local/include -fpic -g -O2 -Wall -c logicleTransform.cpp -o logicleTransform.o
g++ -std=gnu++11 -I"/home/biocbuild/bbs-3.17-bioc/R/include" -DNDEBUG -I'/home/biocbuild/bbs-3.17-bioc/R/site-library/cpp11/include' -I'/home/biocbuild/bbs-3.17-bioc/R/site-library/BH/include' -I'/home/biocbuild/bbs-3.17-bioc/R/site-library/cytolib/include' -I'/home/biocbuild/bbs-3.17-bioc/R/site-library/RProtoBufLib/include' -I/usr/local/include -fpic -g -O2 -Wall -c poly_centroid.cpp -o poly_centroid.o
g++ -std=gnu++11 -I"/home/biocbuild/bbs-3.17-bioc/R/include" -DNDEBUG -I'/home/biocbuild/bbs-3.17-bioc/R/site-library/cpp11/include' -I'/home/biocbuild/bbs-3.17-bioc/R/site-library/BH/include' -I'/home/biocbuild/bbs-3.17-bioc/R/site-library/cytolib/include' -I'/home/biocbuild/bbs-3.17-bioc/R/site-library/RProtoBufLib/include' -I/usr/local/include -fpic -g -O2 -Wall -c sortBytes.cpp -o sortBytes.o
g++ -std=gnu++11 -I"/home/biocbuild/bbs-3.17-bioc/R/include" -DNDEBUG -I'/home/biocbuild/bbs-3.17-bioc/R/site-library/cpp11/include' -I'/home/biocbuild/bbs-3.17-bioc/R/site-library/BH/include' -I'/home/biocbuild/bbs-3.17-bioc/R/site-library/cytolib/include' -I'/home/biocbuild/bbs-3.17-bioc/R/site-library/RProtoBufLib/include' -I/usr/local/include -fpic -g -O2 -Wall -c uint2double.cpp -o uint2double.o
g++ -std=gnu++11 -I"/home/biocbuild/bbs-3.17-bioc/R/include" -DNDEBUG -I'/home/biocbuild/bbs-3.17-bioc/R/site-library/cpp11/include' -I'/home/biocbuild/bbs-3.17-bioc/R/site-library/BH/include' -I'/home/biocbuild/bbs-3.17-bioc/R/site-library/cytolib/include' -I'/home/biocbuild/bbs-3.17-bioc/R/site-library/RProtoBufLib/include' -I/usr/local/include -fpic -g -O2 -Wall -c zeroin.cpp -o zeroin.o
g++ -std=gnu++11 -shared -L/home/biocbuild/bbs-3.17-bioc/R/lib -L/usr/local/lib -o flowCore.so FastLogicle.o Hyperlog.o Logicle.o biexponential.o convertRawBytes.o cpp11.o fcsTextParse.o hyperlogTransform.o inPolygon.o inPolytope.o logicleTransform.o poly_centroid.o sortBytes.o uint2double.o zeroin.o /home/biocbuild/bbs-3.17-bioc/R/site-library/cytolib/lib/libcytolib.a -L/home/biocbuild/bbs-3.17-bioc/R/lib -lR
if [ `uname -s` = 'Darwin' ]; then install_name_tool -change /usr/local/clang4/lib/libc++.1.dylib /usr/lib/libc++.1.dylib flowCore.so; fi
installing to /home/biocbuild/bbs-3.17-bioc/R/site-library/00LOCK-flowCore/00new/flowCore/libs
** R
** data
** inst
** byte-compile and prepare package for lazy loading
** help
*** installing help indices
** building package indices
** installing vignettes
** testing if installed package can be loaded from temporary location
** checking absolute paths in shared objects and dynamic libraries
** testing if installed package can be loaded from final location
** testing if installed package keeps a record of temporary installation path
* DONE (flowCore)
flowCore.Rcheck/tests/testthat.Rout
R Under development (unstable) (2023-02-14 r83833) -- "Unsuffered Consequences"
Copyright (C) 2023 The R Foundation for Statistical Computing
Platform: x86_64-pc-linux-gnu (64-bit)
R is free software and comes with ABSOLUTELY NO WARRANTY.
You are welcome to redistribute it under certain conditions.
Type 'license()' or 'licence()' for distribution details.
R is a collaborative project with many contributors.
Type 'contributors()' for more information and
'citation()' on how to cite R or R packages in publications.
Type 'demo()' for some demos, 'help()' for on-line help, or
'help.start()' for an HTML browser interface to help.
Type 'q()' to quit R.
> library(testthat)
> library(flowCore)
> library(flowStats)
Warning message:
replacing previous import 'flowViz::contour' by 'graphics::contour' when loading 'flowStats'
>
>
> test_check("flowCore")
Loading required package: BiocGenerics
Attaching package: 'BiocGenerics'
The following object is masked from 'package:flowStats':
normalize
The following object is masked from 'package:flowCore':
normalize
The following objects are masked from 'package:stats':
IQR, mad, sd, var, xtabs
The following objects are masked from 'package:base':
Filter, Find, Map, Position, Reduce, anyDuplicated, aperm, append,
as.data.frame, basename, cbind, colnames, dirname, do.call,
duplicated, eval, evalq, get, grep, grepl, intersect, is.unsorted,
lapply, mapply, match, mget, order, paste, pmax, pmax.int, pmin,
pmin.int, rank, rbind, rownames, sapply, setdiff, sort, table,
tapply, union, unique, unsplit, which.max, which.min
Welcome to Bioconductor
Vignettes contain introductory material; view with
'browseVignettes()'. To cite Bioconductor, see
'citation("Biobase")', and for packages 'citation("pkgname")'.
[ FAIL 0 | WARN 2 | SKIP 3 | PASS 334 ]
══ Skipped tests ═══════════════════════════════════════════════════════════════
• dir.exists(dataPath) is not TRUE (1)
• file.exists(filename) is not TRUE (2)
[ FAIL 0 | WARN 2 | SKIP 3 | PASS 334 ]
>
> #devtools::test("~/rglab/workspace/flowCore")
>
> proc.time()
user system elapsed
22.579 1.033 23.628
flowCore.Rcheck/flowCore-Ex.timings
| name | user | system | elapsed | |
| EHtrans-class | 0.038 | 0.009 | 0.046 | |
| FCSTransTransform | 1.465 | 0.032 | 1.498 | |
| Subset-methods | 0.204 | 0.000 | 0.204 | |
| arcsinhTransform | 0.043 | 0.000 | 0.043 | |
| asinht-class | 0.019 | 0.000 | 0.019 | |
| asinhtGml2-class | 0.025 | 0.000 | 0.024 | |
| biexponentialTransform | 3.393 | 0.032 | 3.426 | |
| boundaryFilter-class | 0.063 | 0.000 | 0.062 | |
| characterOrNumeric-class | 0.001 | 0.000 | 0.000 | |
| characterOrParameters-class | 0.001 | 0.000 | 0.000 | |
| characterOrTransformation-class | 0.001 | 0.000 | 0.001 | |
| coerce | 0.039 | 0.000 | 0.039 | |
| collapse_desc | 1.554 | 0.023 | 1.578 | |
| compensatedParameter-class | 0.097 | 0.004 | 0.102 | |
| compensation-class | 0.247 | 0.007 | 0.256 | |
| decompensate | 0.039 | 0.000 | 0.040 | |
| dg1polynomial-class | 0.017 | 0.000 | 0.017 | |
| each_col | 0.021 | 0.000 | 0.020 | |
| ellipsoidGate-class | 0.057 | 0.000 | 0.058 | |
| exponential-class | 0.018 | 0.000 | 0.018 | |
| expressionFilter-class | 0.068 | 0.000 | 0.069 | |
| filter-methods | 1.456 | 0.004 | 1.460 | |
| filter-on-methods | 0.065 | 0.000 | 0.064 | |
| filterList-class | 0.004 | 0.000 | 0.004 | |
| filterResult-class | 0.000 | 0.000 | 0.001 | |
| filterResultList-class | 5.429 | 0.167 | 5.598 | |
| filterSummary-class | 0.075 | 0.009 | 0.083 | |
| filterSummaryList-class | 1.524 | 0.019 | 1.544 | |
| flowFrame-class | 4.745 | 0.095 | 4.841 | |
| flowSet-class | 2.960 | 0.136 | 3.096 | |
| fr_append_cols | 1.390 | 0.032 | 1.422 | |
| fsApply | 0.102 | 0.012 | 0.115 | |
| getIndexSort | 0.015 | 0.004 | 0.019 | |
| hyperlog-class | 0.731 | 0.024 | 0.754 | |
| hyperlogtGml2-class | 0.022 | 0.000 | 0.022 | |
| identifier-methods | 0.017 | 0.000 | 0.016 | |
| inverseLogicleTransform | 1.378 | 0.000 | 1.378 | |
| invsplitscale-class | 0.016 | 0.004 | 0.020 | |
| keyword-methods | 1.303 | 0.016 | 1.319 | |
| kmeansFilter-class | 0.1 | 0.0 | 0.1 | |
| linearTransform | 0.023 | 0.000 | 0.023 | |
| lintGml2-class | 0.02 | 0.00 | 0.02 | |
| lnTransform | 1.600 | 0.036 | 1.636 | |
| logTransform | 0.024 | 0.000 | 0.024 | |
| logarithm-class | 0.019 | 0.000 | 0.019 | |
| logicalFilterResult-class | 0.000 | 0.000 | 0.001 | |
| logicleTransform | 1.463 | 0.020 | 1.483 | |
| logicletGml2-class | 0.03 | 0.00 | 0.03 | |
| logtGml2-class | 0.020 | 0.000 | 0.021 | |
| manyFilterResult-class | 0.000 | 0.000 | 0.001 | |
| markernames | 1.758 | 0.048 | 1.806 | |
| multipleFilterResult-class | 0.001 | 0.000 | 0.000 | |
| parameters-methods | 0.019 | 0.000 | 0.019 | |
| polygonGate-class | 0.048 | 0.004 | 0.053 | |
| quadGate-class | 0.131 | 0.008 | 0.139 | |
| quadratic-class | 0.017 | 0.004 | 0.020 | |
| quadraticTransform | 0.025 | 0.000 | 0.026 | |
| ratio-class | 0.020 | 0.004 | 0.024 | |
| ratiotGml2-class | 0.019 | 0.000 | 0.018 | |
| read.FCS | 0.065 | 0.000 | 0.065 | |
| read.FCSheader | 0.005 | 0.000 | 0.005 | |
| read.flowSet | 0.068 | 0.004 | 0.072 | |
| rectangleGate-class | 0.068 | 0.004 | 0.073 | |
| rotate_gate | 0 | 0 | 0 | |
| sampleFilter-class | 0.038 | 0.004 | 0.041 | |
| scaleTransform | 0.024 | 0.000 | 0.024 | |
| scale_gate | 0 | 0 | 0 | |
| shift_gate | 0 | 0 | 0 | |
| singleParameterTransform-class | 0.001 | 0.000 | 0.001 | |
| sinht-class | 0.019 | 0.000 | 0.020 | |
| split-methods | 1.573 | 0.012 | 1.585 | |
| splitScaleTransform | 1.921 | 0.032 | 1.953 | |
| splitscale-class | 0.018 | 0.000 | 0.019 | |
| squareroot-class | 0.017 | 0.000 | 0.018 | |
| timeFilter-class | 1.753 | 0.012 | 1.765 | |
| transform-class | 0.001 | 0.000 | 0.000 | |
| transform | 1.630 | 0.044 | 1.674 | |
| transformFilter-class | 0.119 | 0.000 | 0.119 | |
| transformList-class | 1.873 | 0.032 | 1.905 | |
| transformMap-class | 0.000 | 0.000 | 0.001 | |
| transform_gate | 0.001 | 0.000 | 0.000 | |
| truncateTransform | 0.025 | 0.000 | 0.025 | |
| unitytransform-class | 0.016 | 0.000 | 0.016 | |
| write.FCS | 0.034 | 0.000 | 0.035 | |
| write.flowSet | 1.474 | 0.020 | 1.494 | |