| Back to Multiple platform build/check report for BioC 3.17 |
|
This page was generated on 2023-04-12 10:55:36 -0400 (Wed, 12 Apr 2023).
| Hostname | OS | Arch (*) | R version | Installed pkgs |
|---|---|---|---|---|
| nebbiolo1 | Linux (Ubuntu 22.04.1 LTS) | x86_64 | 4.3.0 alpha (2023-04-03 r84154) | 4547 |
| nebbiolo2 | Linux (Ubuntu 20.04.5 LTS) | x86_64 | R Under development (unstable) (2023-02-14 r83833) -- "Unsuffered Consequences" | 4333 |
| Click on any hostname to see more info about the system (e.g. compilers) (*) as reported by 'uname -p', except on Windows and Mac OS X | ||||
|
To the developers/maintainers of the flagme package: - Allow up to 24 hours (and sometimes 48 hours) for your latest push to git@git.bioconductor.org:packages/flagme.git to reflect on this report. See Troubleshooting Build Report for more information. - Use the following Renviron settings to reproduce errors and warnings. Note: If "R CMD check" recently failed on the Linux builder over a missing dependency, add the missing dependency to "Suggests" in your DESCRIPTION file. See the Renviron.bioc for details. |
| Package 696/2207 | Hostname | OS / Arch | INSTALL | BUILD | CHECK | BUILD BIN | ||||||||
| flagme 1.55.1 (landing page) Mark Robinson
| nebbiolo1 | Linux (Ubuntu 22.04.1 LTS) / x86_64 | OK | OK | WARNINGS | |||||||||
| nebbiolo2 | Linux (Ubuntu 20.04.5 LTS) / x86_64 | OK | OK | WARNINGS | ||||||||||
| Package: flagme |
| Version: 1.55.1 |
| Command: /home/biocbuild/bbs-3.17-bioc/R/bin/R CMD check --install=check:flagme.install-out.txt --library=/home/biocbuild/bbs-3.17-bioc/R/site-library --timings flagme_1.55.1.tar.gz |
| StartedAt: 2023-04-12 06:16:37 -0400 (Wed, 12 Apr 2023) |
| EndedAt: 2023-04-12 06:33:50 -0400 (Wed, 12 Apr 2023) |
| EllapsedTime: 1033.1 seconds |
| RetCode: 0 |
| Status: WARNINGS |
| CheckDir: flagme.Rcheck |
| Warnings: 2 |
##############################################################################
##############################################################################
###
### Running command:
###
### /home/biocbuild/bbs-3.17-bioc/R/bin/R CMD check --install=check:flagme.install-out.txt --library=/home/biocbuild/bbs-3.17-bioc/R/site-library --timings flagme_1.55.1.tar.gz
###
##############################################################################
##############################################################################
* using log directory ‘/home/biocbuild/bbs-3.17-bioc/meat/flagme.Rcheck’
* using R Under development (unstable) (2023-02-14 r83833)
* using platform: x86_64-pc-linux-gnu (64-bit)
* R was compiled by
gcc (Ubuntu 9.4.0-1ubuntu1~20.04.1) 9.4.0
GNU Fortran (Ubuntu 9.4.0-1ubuntu1~20.04.1) 9.4.0
* running under: Ubuntu 20.04.6 LTS
* using session charset: UTF-8
* checking for file ‘flagme/DESCRIPTION’ ... OK
* this is package ‘flagme’ version ‘1.55.1’
* package encoding: UTF-8
* checking package namespace information ... OK
* checking package dependencies ... OK
* checking if this is a source package ... OK
* checking if there is a namespace ... OK
* checking for hidden files and directories ... OK
* checking for portable file names ... OK
* checking for sufficient/correct file permissions ... OK
* checking whether package ‘flagme’ can be installed ... OK
* used C compiler: ‘gcc (Ubuntu 9.4.0-1ubuntu1~20.04.1) 9.4.0’
* checking installed package size ... OK
* checking package directory ... OK
* checking ‘build’ directory ... OK
* checking DESCRIPTION meta-information ... OK
* checking top-level files ... OK
* checking for left-over files ... OK
* checking index information ... OK
* checking package subdirectories ... OK
* checking R files for non-ASCII characters ... OK
* checking R files for syntax errors ... OK
* checking whether the package can be loaded ... OK
* checking whether the package can be loaded with stated dependencies ... OK
* checking whether the package can be unloaded cleanly ... OK
* checking whether the namespace can be loaded with stated dependencies ... OK
* checking whether the namespace can be unloaded cleanly ... OK
* checking loading without being on the library search path ... OK
* checking dependencies in R code ... NOTE
Unexported object imported by a ':::' call: ‘xcms:::rectUnique’
See the note in ?`:::` about the use of this operator.
* checking S3 generic/method consistency ... OK
* checking replacement functions ... OK
* checking foreign function calls ... OK
* checking R code for possible problems ... NOTE
addXCMSPeaks: no visible global function definition for ‘bpparam’
addXCMSPeaks: no visible global function definition for ‘sampnames’
addXCMSPeaks : <anonymous> : <anonymous>: no visible global function
definition for ‘setNames’
importSpec : <anonymous>: no visible global function definition for
‘setNames’
Undefined global functions or variables:
bpparam sampnames setNames
Consider adding
importFrom("stats", "setNames")
to your NAMESPACE file.
* checking Rd files ... OK
* checking Rd metadata ... OK
* checking Rd cross-references ... WARNING
Missing link or links in documentation object 'addXCMSPeaks.Rd':
‘[xcms]{findPeaks-matchedFilter}’ ‘[xcms]{findPeaks-centWave}’
‘[xcms]{peaksDataset}’
Missing link or links in documentation object 'plotAlignment-peaksAlignment-method.Rd':
‘plotAlignment’
Missing link or links in documentation object 'plotClustAlignment-clusterAlignment-method.Rd':
‘plotAlignment’
See section 'Cross-references' in the 'Writing R Extensions' manual.
* checking for missing documentation entries ... WARNING
Undocumented code objects:
‘plotAlignment’ ‘plotChrom’ ‘plotClustAlignment’
Undocumented S4 methods:
generic 'show' and siglist 'betweenAlignment'
All user-level objects in a package (including S4 classes and methods)
should have documentation entries.
See chapter ‘Writing R documentation files’ in the ‘Writing R
Extensions’ manual.
* checking for code/documentation mismatches ... OK
* checking Rd \usage sections ... OK
* checking Rd contents ... OK
* checking for unstated dependencies in examples ... OK
* checking line endings in C/C++/Fortran sources/headers ... OK
* checking compiled code ... NOTE
Note: information on .o files is not available
* checking files in ‘vignettes’ ... OK
* checking examples ... OK
Examples with CPU (user + system) or elapsed time > 5s
user system elapsed
plotAlignedFrags 85.926 10.849 47.147
ndpRT 43.968 6.228 33.415
addXCMSPeaks 44.561 5.589 35.702
peaksAlignment-class 43.835 6.126 33.444
dynRT 42.869 6.278 33.222
plotFrags 42.770 5.358 33.065
plotAlignment-peaksAlignment-method 42.048 5.996 32.496
progressiveAlignment-class 40.681 5.443 31.190
corPrt 39.630 5.507 30.228
retFatMatrix 38.569 5.329 29.785
imputePeaks 9.412 0.120 9.532
plotChrom-peaksDataset-method 8.258 0.092 8.351
gatherInfo 6.510 0.148 6.659
multipleAlignment-class 6.405 0.120 6.524
calcTimeDiffs 5.775 0.068 5.843
plotClustAlignment-clusterAlignment-method 5.146 0.072 5.219
dp 4.930 0.172 5.102
rmaFitUnit 5.030 0.060 5.090
addAMDISPeaks 4.865 0.204 5.071
clusterAlignment 4.963 0.104 5.068
normDotProduct 4.937 0.084 5.020
* checking for unstated dependencies in vignettes ... OK
* checking package vignettes in ‘inst/doc’ ... OK
* checking running R code from vignettes ...
‘flagme-knitr.Rnw’ using ‘UTF-8’... OK
‘flagme.Rnw’ using ‘UTF-8’... OK
OK
* checking re-building of vignette outputs ... OK
* checking PDF version of manual ... OK
* DONE
Status: 2 WARNINGs, 3 NOTEs
See
‘/home/biocbuild/bbs-3.17-bioc/meat/flagme.Rcheck/00check.log’
for details.
flagme.Rcheck/00install.out
##############################################################################
##############################################################################
###
### Running command:
###
### /home/biocbuild/bbs-3.17-bioc/R/bin/R CMD INSTALL flagme
###
##############################################################################
##############################################################################
* installing to library ‘/home/biocbuild/bbs-3.17-bioc/R/site-library’
* installing *source* package ‘flagme’ ...
** using staged installation
** libs
using C compiler: ‘gcc (Ubuntu 9.4.0-1ubuntu1~20.04.1) 9.4.0’
gcc -I"/home/biocbuild/bbs-3.17-bioc/R/include" -DNDEBUG -I/usr/local/include -fpic -g -O2 -Wall -c dp.c -o dp.o
dp.c: In function ‘dp’:
dp.c:263:26: warning: ‘cur_min’ may be used uninitialized in this function [-Wmaybe-uninitialized]
263 | D[(i+1)+(j+1)*(nr+1)] = cur_min;
| ~~~~~~~~~~~~~~~~~~~~~~^~~~~~~~~
dp.c:264:28: warning: ‘tb’ may be used uninitialized in this function [-Wmaybe-uninitialized]
264 | phi[(i+1)+(j+1)*(nr+1)] = tb;
| ~~~~~~~~~~~~~~~~~~~~~~~~^~~~
gcc -I"/home/biocbuild/bbs-3.17-bioc/R/include" -DNDEBUG -I/usr/local/include -fpic -g -O2 -Wall -c init.c -o init.o
gcc -I"/home/biocbuild/bbs-3.17-bioc/R/include" -DNDEBUG -I/usr/local/include -fpic -g -O2 -Wall -c pearson.c -o pearson.o
gcc -shared -L/home/biocbuild/bbs-3.17-bioc/R/lib -L/usr/local/lib -o flagme.so dp.o init.o pearson.o -L/home/biocbuild/bbs-3.17-bioc/R/lib -lR
installing to /home/biocbuild/bbs-3.17-bioc/R/site-library/00LOCK-flagme/00new/flagme/libs
** R
** inst
** byte-compile and prepare package for lazy loading
** help
*** installing help indices
** building package indices
** installing vignettes
** testing if installed package can be loaded from temporary location
** checking absolute paths in shared objects and dynamic libraries
** testing if installed package can be loaded from final location
** testing if installed package keeps a record of temporary installation path
* DONE (flagme)
flagme.Rcheck/flagme-Ex.timings
| name | user | system | elapsed | |
| addAMDISPeaks | 4.865 | 0.204 | 5.071 | |
| addChromaTOFPeaks | 2.874 | 0.084 | 2.958 | |
| addXCMSPeaks | 44.561 | 5.589 | 35.702 | |
| betweenAlignment | 0 | 0 | 0 | |
| calcTimeDiffs | 5.775 | 0.068 | 5.843 | |
| clusterAlignment | 4.963 | 0.104 | 5.068 | |
| corPrt | 39.630 | 5.507 | 30.228 | |
| dp | 4.930 | 0.172 | 5.102 | |
| dynRT | 42.869 | 6.278 | 33.222 | |
| gatherInfo | 6.510 | 0.148 | 6.659 | |
| imputePeaks | 9.412 | 0.120 | 9.532 | |
| multipleAlignment-class | 6.405 | 0.120 | 6.524 | |
| ndpRT | 43.968 | 6.228 | 33.415 | |
| normDotProduct | 4.937 | 0.084 | 5.020 | |
| parseChromaTOF | 1.896 | 0.012 | 1.907 | |
| parseELU | 1.725 | 0.000 | 1.726 | |
| peaksAlignment-class | 43.835 | 6.126 | 33.444 | |
| peaksDataset | 4.289 | 0.028 | 4.316 | |
| plotAlignedFrags | 85.926 | 10.849 | 47.147 | |
| plotAlignment-peaksAlignment-method | 42.048 | 5.996 | 32.496 | |
| plotChrom-peaksDataset-method | 8.258 | 0.092 | 8.351 | |
| plotClustAlignment-clusterAlignment-method | 5.146 | 0.072 | 5.219 | |
| plotFrags | 42.770 | 5.358 | 33.065 | |
| plotImage | 3.280 | 0.008 | 3.288 | |
| progressiveAlignment-class | 40.681 | 5.443 | 31.190 | |
| retFatMatrix | 38.569 | 5.329 | 29.785 | |
| rmaFitUnit | 5.03 | 0.06 | 5.09 | |